{"id":978,"date":"2015-06-01T09:58:14","date_gmt":"2015-06-01T09:58:14","guid":{"rendered":"http:\/\/www.szikorarendezoiroda.hu\/szikora\/?page_id=978"},"modified":"2018-08-05T05:28:36","modified_gmt":"2018-08-05T05:28:36","slug":"kalapacs-jozsef","status":"publish","type":"page","link":"http:\/\/www.szikorarendezoiroda.hu\/szikora\/musical\/kalapacs-jozsef\/","title":{"rendered":"KALAP\u00c1CS J\u00d3ZSEF"},"content":{"rendered":"<p>&nbsp;<\/p>\n<p><span style=\"font-family: Georgia,Palatino; font-size: 12pt;\">1990-ig a Pokolg\u00e9p, majd az Omen zenekar \u00e9nekese volt. Igazi \u201erocker\u201d, aki a musical m\u0171faj\u00e1ba is kir\u00e1ndult, Pet\u0151fi S\u00e1ndor \u201eNemzeti dal\u201d-\u00e1nak megzen\u00e9s\u00edtett v\u00e1ltozat\u00e1t a k\u00f6z\u00f6ns\u00e9g fel\u00e1llva hallgatja v\u00e9gig minden fell\u00e9p\u00e9s\u00e9n<\/span><\/p>\n<p><iframe loading=\"lazy\" width=\"800\" height=\"600\" src=\"https:\/\/www.youtube.com\/embed\/SU1hUFaTdMY?feature=oembed\" frameborder=\"0\" allowfullscreen><\/iframe><\/p>\n","protected":false},"excerpt":{"rendered":"<p>&nbsp; 1990-ig a Pokolg\u00e9p, majd az Omen zenekar \u00e9nekese volt. Igazi \u201erocker\u201d, aki a musical m\u0171faj\u00e1ba is kir\u00e1ndult, Pet\u0151fi S\u00e1ndor \u201eNemzeti dal\u201d-\u00e1nak megzen\u00e9s\u00edtett v\u00e1ltozat\u00e1t a k\u00f6z\u00f6ns\u00e9g fel\u00e1llva hallgatja v\u00e9gig minden <a class=\"more-link\" href=\"http:\/\/www.szikorarendezoiroda.hu\/szikora\/musical\/kalapacs-jozsef\/\">A folytat&aacute;s olvas&aacute;sa &rarr;<\/a><\/p>\n","protected":false},"author":1,"featured_media":979,"parent":26,"menu_order":0,"comment_status":"open","ping_status":"open","template":"","meta":{"footnotes":""},"aioseo_notices":[],"_links":{"self":[{"href":"http:\/\/www.szikorarendezoiroda.hu\/szikora\/wp-json\/wp\/v2\/pages\/978"}],"collection":[{"href":"http:\/\/www.szikorarendezoiroda.hu\/szikora\/wp-json\/wp\/v2\/pages"}],"about":[{"href":"http:\/\/www.szikorarendezoiroda.hu\/szikora\/wp-json\/wp\/v2\/types\/page"}],"author":[{"embeddable":true,"href":"http:\/\/www.szikorarendezoiroda.hu\/szikora\/wp-json\/wp\/v2\/users\/1"}],"replies":[{"embeddable":true,"href":"http:\/\/www.szikorarendezoiroda.hu\/szikora\/wp-json\/wp\/v2\/comments?post=978"}],"version-history":[{"count":3,"href":"http:\/\/www.szikorarendezoiroda.hu\/szikora\/wp-json\/wp\/v2\/pages\/978\/revisions"}],"predecessor-version":[{"id":3028,"href":"http:\/\/www.szikorarendezoiroda.hu\/szikora\/wp-json\/wp\/v2\/pages\/978\/revisions\/3028"}],"up":[{"embeddable":true,"href":"http:\/\/www.szikorarendezoiroda.hu\/szikora\/wp-json\/wp\/v2\/pages\/26"}],"wp:featuredmedia":[{"embeddable":true,"href":"http:\/\/www.szikorarendezoiroda.hu\/szikora\/wp-json\/wp\/v2\/media\/979"}],"wp:attachment":[{"href":"http:\/\/www.szikorarendezoiroda.hu\/szikora\/wp-json\/wp\/v2\/media?parent=978"}],"curies":[{"name":"wp","href":"https:\/\/api.w.org\/{rel}","templated":true}]}}

KALAPÁCS JÓZSEF

<p>&nbsp;</p>
<p><span style="font-family: Georgia,Palatino; font-size: 12pt;">1990-ig a Pokolgép, majd az Omen zenekar énekese volt. Igazi „rocker”, aki a musical műfajába is kirándult, Petőfi Sándor „Nemzeti dal”-ának megzenésített változatát a közönség felállva hallgatja végig minden fellépésén</span></p>
<p><iframe loading="lazy" width="800" height="600" src="https://www.youtube.com/embed/SU1hUFaTdMY?feature=oembed" frameborder="0" allowfullscreen></iframe></p>

<p>&nbsp; 1990-ig a Pokolgép, majd az Omen zenekar énekese volt. Igazi „rocker”, aki a musical műfajába is kirándult, Petőfi Sándor „Nemzeti dal”-ának megzenésített változatát a közönség felállva hallgatja végig minden <a class="more-link" href="http://www.szikorarendezoiroda.hu/szikora/musical/kalapacs-jozsef/">A folytat&aacute;s olvas&aacute;sa &rarr;</a></p>
