{"id":844,"date":"2015-06-01T08:39:55","date_gmt":"2015-06-01T08:39:55","guid":{"rendered":"http:\/\/www.szikorarendezoiroda.hu\/szikora\/?page_id=844"},"modified":"2018-08-04T04:21:50","modified_gmt":"2018-08-04T04:21:50","slug":"tatrai-tibor","status":"publish","type":"page","link":"http:\/\/www.szikorarendezoiroda.hu\/szikora\/zenekarok\/tatrai-tibor\/","title":{"rendered":"T\u00c1TRAI TIBOR"},"content":{"rendered":"<p>&nbsp;<\/p>\n<p>Az orsz\u00e1g egyik legismertebb \u00e9s muzsikusa \u00e9s egyben a legismertebb git\u00e1rosa is.\u00a0 Liszt Ferenc d\u00edjas zen\u00e9sz aki 2016 \u2013 ban \u00c9rdemes M\u0171v\u00e9sz lett. Sokf\u00e9le form\u00e1ci\u00f3val l\u00e9p sz\u00ednpadra ami azt is jelenti , hogy st\u00edlusa is ilyen soksz\u00edn\u0171\u00a0 \u00e9s ez lehet\u0151v\u00e9 teszi azt is\u00a0 , hogy fell\u00e9p\u00e9st tudjon v\u00e1llalni a legnagyobb fesztiv\u00e1lokon vagy v\u00e1rosi rendezv\u00e9nyeken de a legkisebb pub is megtal\u00e1lja a lehet\u0151s\u00e9get a felk\u00e9r\u00e9sre.<\/p>\n<p>Jelenlegi form\u00e1ci\u00f3i :<\/p>\n<p><strong>T\u00e1trai Band<\/strong> &#8211;\u00a0 1989-t\u0151l m\u0171k\u00f6d\u0151 nagyzenekar, 2009 \u2013 ben a BS-ben \u00fcnnepelt\u00e9k fenn\u00e1ll\u00e1suk 20-ik \u00e9vfordul\u00f3j\u00e1t frenetikus nagy sikerrel.<\/p>\n<p><strong>P\u00f3ka \u2013 T\u00e1trai reGener\u00e1ci\u00f3<\/strong>:\u00a0 A p\u00e1ros az elm\u00falt 40 \u00e9vben \u00edrt sl\u00e1gereit\u00a0 j\u00e1tsza kieg\u00e9sz\u00fclve\u00a0 Baricz Gerg\u0151 \u00e9nek\u00e9vel , Torn\u00f3czky Ferenc git\u00e1rj\u00e1val \u00e9s Szakad\u00e1ti M\u00e1ty\u00e1s dobjaival.<\/p>\n<p><strong>Latin Du\u00f3\u00a0 :\u00a0\u00a0 <\/strong>T\u00e1trai Tibor \u00e9s Sz\u0171cs Antal G\u00e1bor p\u00e1ros.\u00a0 2000 \u00f3ta t\u00f6bb mint 1000 fell\u00e9p\u00e9sen vannak t\u00fal. Estj\u00fckre a k\u00f6nnyed latinos hangv\u00e9tel a jellemz\u0151.<\/p>\n<p><em><strong>B\u00e1rmelyik produkci\u00f3 megrendel\u00e9s\u00e9vel egyetlen nagy nyertes van \u00e9s ez a K\u00d6Z\u00d6NS\u00c9G!<\/strong><\/em><\/p>\n<p><span style=\"font-family: Georgia,Palatino; font-size: 12pt;\">\u00a0<\/span><\/p>\n<p><iframe loading=\"lazy\" width=\"800\" height=\"450\" src=\"https:\/\/www.youtube.com\/embed\/GHqS5zM55r0?feature=oembed\" frameborder=\"0\" allowfullscreen><\/iframe><\/p>\n<p>&nbsp;<\/p>\n","protected":false},"excerpt":{"rendered":"<p>&nbsp; Az orsz\u00e1g egyik legismertebb \u00e9s muzsikusa \u00e9s egyben a legismertebb git\u00e1rosa is.\u00a0 Liszt Ferenc d\u00edjas zen\u00e9sz aki 2016 \u2013 ban \u00c9rdemes M\u0171v\u00e9sz lett. Sokf\u00e9le form\u00e1ci\u00f3val l\u00e9p sz\u00ednpadra ami azt <a class=\"more-link\" href=\"http:\/\/www.szikorarendezoiroda.hu\/szikora\/zenekarok\/tatrai-tibor\/\">A folytat&aacute;s olvas&aacute;sa &rarr;<\/a><\/p>\n","protected":false},"author":1,"featured_media":845,"parent":22,"menu_order":0,"comment_status":"open","ping_status":"open","template":"","meta":{"footnotes":""},"aioseo_notices":[],"_links":{"self":[{"href":"http:\/\/www.szikorarendezoiroda.hu\/szikora\/wp-json\/wp\/v2\/pages\/844"}],"collection":[{"href":"http:\/\/www.szikorarendezoiroda.hu\/szikora\/wp-json\/wp\/v2\/pages"}],"about":[{"href":"http:\/\/www.szikorarendezoiroda.hu\/szikora\/wp-json\/wp\/v2\/types\/page"}],"author":[{"embeddable":true,"href":"http:\/\/www.szikorarendezoiroda.hu\/szikora\/wp-json\/wp\/v2\/users\/1"}],"replies":[{"embeddable":true,"href":"http:\/\/www.szikorarendezoiroda.hu\/szikora\/wp-json\/wp\/v2\/comments?post=844"}],"version-history":[{"count":5,"href":"http:\/\/www.szikorarendezoiroda.hu\/szikora\/wp-json\/wp\/v2\/pages\/844\/revisions"}],"predecessor-version":[{"id":2940,"href":"http:\/\/www.szikorarendezoiroda.hu\/szikora\/wp-json\/wp\/v2\/pages\/844\/revisions\/2940"}],"up":[{"embeddable":true,"href":"http:\/\/www.szikorarendezoiroda.hu\/szikora\/wp-json\/wp\/v2\/pages\/22"}],"wp:featuredmedia":[{"embeddable":true,"href":"http:\/\/www.szikorarendezoiroda.hu\/szikora\/wp-json\/wp\/v2\/media\/845"}],"wp:attachment":[{"href":"http:\/\/www.szikorarendezoiroda.hu\/szikora\/wp-json\/wp\/v2\/media?parent=844"}],"curies":[{"name":"wp","href":"https:\/\/api.w.org\/{rel}","templated":true}]}}