{"id":811,"date":"2015-06-01T08:25:18","date_gmt":"2015-06-01T08:25:18","guid":{"rendered":"http:\/\/www.szikorarendezoiroda.hu\/szikora\/?page_id=811"},"modified":"2018-08-05T05:14:02","modified_gmt":"2018-08-05T05:14:02","slug":"makam-zenekar","status":"publish","type":"page","link":"http:\/\/www.szikorarendezoiroda.hu\/szikora\/zenekarok\/makam-zenekar\/","title":{"rendered":"MAK\u00c1M ZENEKAR"},"content":{"rendered":"<p>&nbsp;<\/p>\n<p><span style=\"font-family: Georgia,Palatino; font-size: 12pt;\">\u00c9vek \u00f3ta a legjelent\u0151sebb fesztiv\u00e1lok \u00e1lland\u00f3 megh\u00edvottjai. 1984-ben alakultak \u00e9s a vil\u00e1gzene nemzetk\u00f6zileg is elismert k\u00f6vet\u0151i. T\u00f6bb, mint k\u00e9t \u00e9vtizedes p\u00e1lyafut\u00e1suk jellemz\u0151i a trad\u00edci\u00f3 \u00e9s moderns\u00e9g, Kelet \u00e9s Nyugat, az \u0151si egys\u00e9g \u00e9s harm\u00f3nia. Feln\u0151tt \u00e9s gyermek programjaikkal egyar\u00e1nt sikeresen koncerteznek. &#8222;Anzix&#8221; c\u00edm\u0171 m\u0171sorukban az archaikus dalok meg\u0151r\u00edzt\u00e9k sz\u00e1munkra a r\u00e9gi katonadalokat \u00e9s h\u0151s\u00e9nekekeket, a Colinda \u00c9nekek pedig az Adventet \u00e9s a Kar\u00e1csonyt.<\/span><\/p>\n<p><iframe loading=\"lazy\" width=\"800\" height=\"600\" src=\"https:\/\/www.youtube.com\/embed\/UrjE7_GYbQU?feature=oembed\" frameborder=\"0\" allowfullscreen><\/iframe><\/p>\n","protected":false},"excerpt":{"rendered":"<p>&nbsp; \u00c9vek \u00f3ta a legjelent\u0151sebb fesztiv\u00e1lok \u00e1lland\u00f3 megh\u00edvottjai. 1984-ben alakultak \u00e9s a vil\u00e1gzene nemzetk\u00f6zileg is elismert k\u00f6vet\u0151i. T\u00f6bb, mint k\u00e9t \u00e9vtizedes p\u00e1lyafut\u00e1suk jellemz\u0151i a trad\u00edci\u00f3 \u00e9s moderns\u00e9g, Kelet \u00e9s Nyugat, <a class=\"more-link\" href=\"http:\/\/www.szikorarendezoiroda.hu\/szikora\/zenekarok\/makam-zenekar\/\">A folytat&aacute;s olvas&aacute;sa &rarr;<\/a><\/p>\n","protected":false},"author":1,"featured_media":3011,"parent":22,"menu_order":0,"comment_status":"open","ping_status":"open","template":"","meta":{"footnotes":""},"aioseo_notices":[],"_links":{"self":[{"href":"http:\/\/www.szikorarendezoiroda.hu\/szikora\/wp-json\/wp\/v2\/pages\/811"}],"collection":[{"href":"http:\/\/www.szikorarendezoiroda.hu\/szikora\/wp-json\/wp\/v2\/pages"}],"about":[{"href":"http:\/\/www.szikorarendezoiroda.hu\/szikora\/wp-json\/wp\/v2\/types\/page"}],"author":[{"embeddable":true,"href":"http:\/\/www.szikorarendezoiroda.hu\/szikora\/wp-json\/wp\/v2\/users\/1"}],"replies":[{"embeddable":true,"href":"http:\/\/www.szikorarendezoiroda.hu\/szikora\/wp-json\/wp\/v2\/comments?post=811"}],"version-history":[{"count":3,"href":"http:\/\/www.szikorarendezoiroda.hu\/szikora\/wp-json\/wp\/v2\/pages\/811\/revisions"}],"predecessor-version":[{"id":2924,"href":"http:\/\/www.szikorarendezoiroda.hu\/szikora\/wp-json\/wp\/v2\/pages\/811\/revisions\/2924"}],"up":[{"embeddable":true,"href":"http:\/\/www.szikorarendezoiroda.hu\/szikora\/wp-json\/wp\/v2\/pages\/22"}],"wp:featuredmedia":[{"embeddable":true,"href":"http:\/\/www.szikorarendezoiroda.hu\/szikora\/wp-json\/wp\/v2\/media\/3011"}],"wp:attachment":[{"href":"http:\/\/www.szikorarendezoiroda.hu\/szikora\/wp-json\/wp\/v2\/media?parent=811"}],"curies":[{"name":"wp","href":"https:\/\/api.w.org\/{rel}","templated":true}]}}

MAKÁM ZENEKAR

<p>&nbsp;</p>
<p><span style="font-family: Georgia,Palatino; font-size: 12pt;">Évek óta a legjelentősebb fesztiválok állandó meghívottjai. 1984-ben alakultak és a világzene nemzetközileg is elismert követői. Több, mint két évtizedes pályafutásuk jellemzői a tradíció és modernség, Kelet és Nyugat, az ősi egység és harmónia. Felnőtt és gyermek programjaikkal egyaránt sikeresen koncerteznek. &#8222;Anzix&#8221; című műsorukban az archaikus dalok megőrízték számunkra a régi katonadalokat és hősénekekeket, a Colinda Énekek pedig az Adventet és a Karácsonyt.</span></p>
<p><iframe loading="lazy" width="800" height="600" src="https://www.youtube.com/embed/UrjE7_GYbQU?feature=oembed" frameborder="0" allowfullscreen></iframe></p>

<p>&nbsp; Évek óta a legjelentősebb fesztiválok állandó meghívottjai. 1984-ben alakultak és a világzene nemzetközileg is elismert követői. Több, mint két évtizedes pályafutásuk jellemzői a tradíció és modernség, Kelet és Nyugat, <a class="more-link" href="http://www.szikorarendezoiroda.hu/szikora/zenekarok/makam-zenekar/">A folytat&aacute;s olvas&aacute;sa &rarr;</a></p>
