{"id":805,"date":"2015-06-01T08:23:00","date_gmt":"2015-06-01T08:23:00","guid":{"rendered":"http:\/\/www.szikorarendezoiroda.hu\/szikora\/?page_id=805"},"modified":"2018-08-04T04:12:21","modified_gmt":"2018-08-04T04:12:21","slug":"magna-cum-laude","status":"publish","type":"page","link":"http:\/\/www.szikorarendezoiroda.hu\/szikora\/zenekarok\/magna-cum-laude\/","title":{"rendered":"MAGNA CUM LAUDE"},"content":{"rendered":"<p>&nbsp;<\/p>\n<p><span style=\"font-family: Georgia,Palatino; font-size: 12pt;\">2009-ben 10 \u00e9ves a zenekar. Gyul\u00e1r\u00f3l indultak \u00e9s bebizony\u00edtott\u00e1k, hogy tehets\u00e9ggel \u00e9s szorgalommal vid\u00e9kr\u0151l is befuthat, \u201eszt\u00e1r\u201d lehet egy zenekar. Ma m\u00e1r meghat\u00e1roz\u00f3k a koncertjeik.<\/span><\/p>\n<p><iframe loading=\"lazy\" width=\"800\" height=\"600\" src=\"https:\/\/www.youtube.com\/embed\/-CinPyf08a4?feature=oembed\" frameborder=\"0\" allowfullscreen><\/iframe><\/p>\n","protected":false},"excerpt":{"rendered":"<p>&nbsp; 2009-ben 10 \u00e9ves a zenekar. Gyul\u00e1r\u00f3l indultak \u00e9s bebizony\u00edtott\u00e1k, hogy tehets\u00e9ggel \u00e9s szorgalommal vid\u00e9kr\u0151l is befuthat, \u201eszt\u00e1r\u201d lehet egy zenekar. Ma m\u00e1r meghat\u00e1roz\u00f3k a koncertjeik.<\/p>\n","protected":false},"author":1,"featured_media":806,"parent":22,"menu_order":0,"comment_status":"open","ping_status":"open","template":"","meta":{"footnotes":""},"aioseo_notices":[],"_links":{"self":[{"href":"http:\/\/www.szikorarendezoiroda.hu\/szikora\/wp-json\/wp\/v2\/pages\/805"}],"collection":[{"href":"http:\/\/www.szikorarendezoiroda.hu\/szikora\/wp-json\/wp\/v2\/pages"}],"about":[{"href":"http:\/\/www.szikorarendezoiroda.hu\/szikora\/wp-json\/wp\/v2\/types\/page"}],"author":[{"embeddable":true,"href":"http:\/\/www.szikorarendezoiroda.hu\/szikora\/wp-json\/wp\/v2\/users\/1"}],"replies":[{"embeddable":true,"href":"http:\/\/www.szikorarendezoiroda.hu\/szikora\/wp-json\/wp\/v2\/comments?post=805"}],"version-history":[{"count":3,"href":"http:\/\/www.szikorarendezoiroda.hu\/szikora\/wp-json\/wp\/v2\/pages\/805\/revisions"}],"predecessor-version":[{"id":2923,"href":"http:\/\/www.szikorarendezoiroda.hu\/szikora\/wp-json\/wp\/v2\/pages\/805\/revisions\/2923"}],"up":[{"embeddable":true,"href":"http:\/\/www.szikorarendezoiroda.hu\/szikora\/wp-json\/wp\/v2\/pages\/22"}],"wp:featuredmedia":[{"embeddable":true,"href":"http:\/\/www.szikorarendezoiroda.hu\/szikora\/wp-json\/wp\/v2\/media\/806"}],"wp:attachment":[{"href":"http:\/\/www.szikorarendezoiroda.hu\/szikora\/wp-json\/wp\/v2\/media?parent=805"}],"curies":[{"name":"wp","href":"https:\/\/api.w.org\/{rel}","templated":true}]}}

<p>&nbsp;</p>
<p><span style="font-family: Georgia,Palatino; font-size: 12pt;">2009-ben 10 éves a zenekar. Gyuláról indultak és bebizonyították, hogy tehetséggel és szorgalommal vidékről is befuthat, „sztár” lehet egy zenekar. Ma már meghatározók a koncertjeik.</span></p>
<p><iframe loading="lazy" width="800" height="600" src="https://www.youtube.com/embed/-CinPyf08a4?feature=oembed" frameborder="0" allowfullscreen></iframe></p>

<p>&nbsp; 2009-ben 10 éves a zenekar. Gyuláról indultak és bebizonyították, hogy tehetséggel és szorgalommal vidékről is befuthat, „sztár” lehet egy zenekar. Ma már meghatározók a koncertjeik.</p>
