{"id":784,"date":"2015-06-01T08:15:30","date_gmt":"2015-06-01T08:15:30","guid":{"rendered":"http:\/\/www.szikorarendezoiroda.hu\/szikora\/?page_id=784"},"modified":"2018-08-05T05:09:19","modified_gmt":"2018-08-05T05:09:19","slug":"kolompos-egyuttes","status":"publish","type":"page","link":"http:\/\/www.szikorarendezoiroda.hu\/szikora\/zenekarok\/kolompos-egyuttes\/","title":{"rendered":"KOLOMPOS EGY\u00dcTTES"},"content":{"rendered":"<p>&nbsp;<\/p>\n<p><span style=\"font-family: Georgia,Palatino; font-size: 12pt;\">1988-ban alakultak \u00e9s autentikus magyar n\u00e9pzen\u00e9t j\u00e1tszottak. Hamar felismert\u00e9k, hogy a gyerek programok ebben a m\u0171fajban igen hi\u00e1nyosak, \u00e9s felv\u00e1llalt\u00e1k azt a nem kis feladatot, hogy m\u00e1r az \u00f3vod\u00e1s kor\u00faakat is megismertess\u00e9k a n\u00e9pzen\u00e9vel. \u00d3ri\u00e1si lett a siker. De nem feledkeztek meg a feln\u0151ttekr\u0151l sem, hiszen a rengeteg gyerekm\u0171sor mellett ugyanilyen sikerrel koncerteznek a feln\u0151tteknek is.<\/span><\/p>\n<p><iframe loading=\"lazy\" width=\"800\" height=\"450\" src=\"https:\/\/www.youtube.com\/embed\/am-qaXsdNrQ?feature=oembed\" frameborder=\"0\" allow=\"autoplay; encrypted-media\" allowfullscreen><\/iframe><\/p>\n","protected":false},"excerpt":{"rendered":"<p>&nbsp; 1988-ban alakultak \u00e9s autentikus magyar n\u00e9pzen\u00e9t j\u00e1tszottak. Hamar felismert\u00e9k, hogy a gyerek programok ebben a m\u0171fajban igen hi\u00e1nyosak, \u00e9s felv\u00e1llalt\u00e1k azt a nem kis feladatot, hogy m\u00e1r az \u00f3vod\u00e1s <a class=\"more-link\" href=\"http:\/\/www.szikorarendezoiroda.hu\/szikora\/zenekarok\/kolompos-egyuttes\/\">A folytat&aacute;s olvas&aacute;sa &rarr;<\/a><\/p>\n","protected":false},"author":1,"featured_media":3007,"parent":22,"menu_order":0,"comment_status":"open","ping_status":"open","template":"","meta":{"footnotes":""},"aioseo_notices":[],"_links":{"self":[{"href":"http:\/\/www.szikorarendezoiroda.hu\/szikora\/wp-json\/wp\/v2\/pages\/784"}],"collection":[{"href":"http:\/\/www.szikorarendezoiroda.hu\/szikora\/wp-json\/wp\/v2\/pages"}],"about":[{"href":"http:\/\/www.szikorarendezoiroda.hu\/szikora\/wp-json\/wp\/v2\/types\/page"}],"author":[{"embeddable":true,"href":"http:\/\/www.szikorarendezoiroda.hu\/szikora\/wp-json\/wp\/v2\/users\/1"}],"replies":[{"embeddable":true,"href":"http:\/\/www.szikorarendezoiroda.hu\/szikora\/wp-json\/wp\/v2\/comments?post=784"}],"version-history":[{"count":4,"href":"http:\/\/www.szikorarendezoiroda.hu\/szikora\/wp-json\/wp\/v2\/pages\/784\/revisions"}],"predecessor-version":[{"id":2917,"href":"http:\/\/www.szikorarendezoiroda.hu\/szikora\/wp-json\/wp\/v2\/pages\/784\/revisions\/2917"}],"up":[{"embeddable":true,"href":"http:\/\/www.szikorarendezoiroda.hu\/szikora\/wp-json\/wp\/v2\/pages\/22"}],"wp:featuredmedia":[{"embeddable":true,"href":"http:\/\/www.szikorarendezoiroda.hu\/szikora\/wp-json\/wp\/v2\/media\/3007"}],"wp:attachment":[{"href":"http:\/\/www.szikorarendezoiroda.hu\/szikora\/wp-json\/wp\/v2\/media?parent=784"}],"curies":[{"name":"wp","href":"https:\/\/api.w.org\/{rel}","templated":true}]}}