{"id":772,"date":"2015-06-01T08:11:12","date_gmt":"2015-06-01T08:11:12","guid":{"rendered":"http:\/\/www.szikorarendezoiroda.hu\/szikora\/?page_id=772"},"modified":"2018-08-04T04:06:45","modified_gmt":"2018-08-04T04:06:45","slug":"ismeros-arcok","status":"publish","type":"page","link":"http:\/\/www.szikorarendezoiroda.hu\/szikora\/zenekarok\/ismeros-arcok\/","title":{"rendered":"ISMER\u0150S ARCOK"},"content":{"rendered":"<p>&nbsp;<\/p>\n<p><span style=\"font-family: Georgia,Palatino; font-size: 12pt;\">Nemzeti rock zenekar. Kiemelt jelent\u0151s\u00e9get tulajdon\u00edt a hagyom\u00e1ny\u00f6rz\u0151, megeml\u00e9kez\u0151 \u00e9s \u00fcnnepi esem\u00e9nyeknek, mert fontosnak tartja a magyars\u00e1gtudatunk \u00e9bren tart\u00e1s\u00e1t, \u00e9rt\u00e9keink, hagyom\u00e1nyaink meg\u0151rz\u00e9s\u00e9t \u00e9s tov\u00e1bbad\u00e1s\u00e1t a k\u00f6vetkez\u0151 gener\u00e1ci\u00f3k sz\u00e1m\u00e1ra. M\u0171soraik: rockzenei \u00e9l\u0151koncert 90 percben, Wass Albert est Sim\u00f3 J\u00f3zsef el\u0151ad\u00f3 m\u0171v\u00e9sz k\u00f6zrem\u0171k\u00f6d\u00e9s\u00e9vel, sz\u00e9kely Hagyom\u00e1ny\u00f6rz\u0151 est &#8211; zen\u00e9s, irodalmi id\u0151utaz\u00e1s erd\u00e9lyi \u00edr\u00f3k remekm\u0171veib\u0151l, amib\u0151l nem hi\u00e1nyzik egy kis humor sem SIM\u00d3 J\u00d3ZSEF el\u0151ad\u00f3m\u0171v\u00e9sz tolm\u00e1csol\u00e1s\u00e1ban. Sz\u00ednes\u00edthet\u0151 egy erd\u00e9lyi \u00e9telekb\u0151l \u00f6ssze\u00e1ll\u00edtott gasztron\u00f3miai bemutat\u00f3val. N\u00e9gy \u00fcnnepi &#8211; tematikus &#8211; zen\u00e9s, irodalmi estek 90 percben m\u00e1rcius 15-e, okt\u00f3ber 23-a, illetve a Nemzeti \u00d6sszetartoz\u00e1s Napja alkalm\u00e1b\u00f3l.<\/span><\/p>\n<p><iframe loading=\"lazy\" width=\"800\" height=\"600\" src=\"https:\/\/www.youtube.com\/embed\/bWGCY4xxNDE?feature=oembed\" frameborder=\"0\" allowfullscreen><\/iframe><\/p>\n","protected":false},"excerpt":{"rendered":"<p>&nbsp; Nemzeti rock zenekar. Kiemelt jelent\u0151s\u00e9get tulajdon\u00edt a hagyom\u00e1ny\u00f6rz\u0151, megeml\u00e9kez\u0151 \u00e9s \u00fcnnepi esem\u00e9nyeknek, mert fontosnak tartja a magyars\u00e1gtudatunk \u00e9bren tart\u00e1s\u00e1t, \u00e9rt\u00e9keink, hagyom\u00e1nyaink meg\u0151rz\u00e9s\u00e9t \u00e9s tov\u00e1bbad\u00e1s\u00e1t a k\u00f6vetkez\u0151 gener\u00e1ci\u00f3k sz\u00e1m\u00e1ra. M\u0171soraik: <a class=\"more-link\" href=\"http:\/\/www.szikorarendezoiroda.hu\/szikora\/zenekarok\/ismeros-arcok\/\">A folytat&aacute;s olvas&aacute;sa &rarr;<\/a><\/p>\n","protected":false},"author":1,"featured_media":773,"parent":22,"menu_order":0,"comment_status":"open","ping_status":"open","template":"","meta":{"footnotes":""},"aioseo_notices":[],"_links":{"self":[{"href":"http:\/\/www.szikorarendezoiroda.hu\/szikora\/wp-json\/wp\/v2\/pages\/772"}],"collection":[{"href":"http:\/\/www.szikorarendezoiroda.hu\/szikora\/wp-json\/wp\/v2\/pages"}],"about":[{"href":"http:\/\/www.szikorarendezoiroda.hu\/szikora\/wp-json\/wp\/v2\/types\/page"}],"author":[{"embeddable":true,"href":"http:\/\/www.szikorarendezoiroda.hu\/szikora\/wp-json\/wp\/v2\/users\/1"}],"replies":[{"embeddable":true,"href":"http:\/\/www.szikorarendezoiroda.hu\/szikora\/wp-json\/wp\/v2\/comments?post=772"}],"version-history":[{"count":3,"href":"http:\/\/www.szikorarendezoiroda.hu\/szikora\/wp-json\/wp\/v2\/pages\/772\/revisions"}],"predecessor-version":[{"id":2909,"href":"http:\/\/www.szikorarendezoiroda.hu\/szikora\/wp-json\/wp\/v2\/pages\/772\/revisions\/2909"}],"up":[{"embeddable":true,"href":"http:\/\/www.szikorarendezoiroda.hu\/szikora\/wp-json\/wp\/v2\/pages\/22"}],"wp:featuredmedia":[{"embeddable":true,"href":"http:\/\/www.szikorarendezoiroda.hu\/szikora\/wp-json\/wp\/v2\/media\/773"}],"wp:attachment":[{"href":"http:\/\/www.szikorarendezoiroda.hu\/szikora\/wp-json\/wp\/v2\/media?parent=772"}],"curies":[{"name":"wp","href":"https:\/\/api.w.org\/{rel}","templated":true}]}}

ISMERŐS ARCOK

<p>&nbsp;</p>
<p><span style="font-family: Georgia,Palatino; font-size: 12pt;">Nemzeti rock zenekar. Kiemelt jelentőséget tulajdonít a hagyományörző, megemlékező és ünnepi eseményeknek, mert fontosnak tartja a magyarságtudatunk ébren tartását, értékeink, hagyományaink megőrzését és továbbadását a következő generációk számára. Műsoraik: rockzenei élőkoncert 90 percben, Wass Albert est Simó József előadó művész közreműködésével, székely Hagyományörző est &#8211; zenés, irodalmi időutazás erdélyi írók remekműveiből, amiből nem hiányzik egy kis humor sem SIMÓ JÓZSEF előadóművész tolmácsolásában. Színesíthető egy erdélyi ételekből összeállított gasztronómiai bemutatóval. Négy ünnepi &#8211; tematikus &#8211; zenés, irodalmi estek 90 percben március 15-e, október 23-a, illetve a Nemzeti Összetartozás Napja alkalmából.</span></p>
<p><iframe loading="lazy" width="800" height="600" src="https://www.youtube.com/embed/bWGCY4xxNDE?feature=oembed" frameborder="0" allowfullscreen></iframe></p>

<p>&nbsp; Nemzeti rock zenekar. Kiemelt jelentőséget tulajdonít a hagyományörző, megemlékező és ünnepi eseményeknek, mert fontosnak tartja a magyarságtudatunk ébren tartását, értékeink, hagyományaink megőrzését és továbbadását a következő generációk számára. Műsoraik: <a class="more-link" href="http://www.szikorarendezoiroda.hu/szikora/zenekarok/ismeros-arcok/">A folytat&aacute;s olvas&aacute;sa &rarr;</a></p>
