{"id":762,"date":"2015-06-01T08:03:49","date_gmt":"2015-06-01T08:03:49","guid":{"rendered":"http:\/\/www.szikorarendezoiroda.hu\/szikora\/?page_id=762"},"modified":"2018-08-04T04:05:53","modified_gmt":"2018-08-04T04:05:53","slug":"hooligans","status":"publish","type":"page","link":"http:\/\/www.szikorarendezoiroda.hu\/szikora\/zenekarok\/hooligans\/","title":{"rendered":"HOOLIGANS"},"content":{"rendered":"<p><strong>Kapcsol\u00f3djon ki a Hooligans csapat\u00e1val!<\/strong><\/p>\n<p style=\"text-align: justify;\">A Hooligans kezdetben m\u00e9g csak k\u00e9t f\u0151b\u0151l \u00e1llt. T\u00f3th Tibor \u00e9s Kiss Endre m\u00e1r iskolai \u00e9veik alatt is tartottak koncerteket, majd tin\u00e9dzser korukban tal\u00e1lkoztak \u00d6rd\u00f6g Tiborral, akivel egy\u00fctt nevet is adtak a zenekarnak &#8211; \u00edgy alakult meg a Ramses nev\u0171 egy\u00fcttes.<br \/>\nK\u00e9s\u0151bb a Dance nev\u0171 csapathoz csatlakoztak, \u00e9s sz\u00e1mos sikereket \u00e9rtek el, nem csak haz\u00e1nkban, hanem k\u00fclf\u00f6ld\u00f6n is.<br \/>\n1996-ban egy \u00fajabb taggal, M\u00f3ritz Norberttel b\u0151v\u00fclt a csapat, \u00edgy egy\u00fctt, k\u00f6z\u00f6sen megalap\u00edtott\u00e1k a <strong>Hooligans<\/strong> zenekart.<\/p>\n<p style=\"text-align: justify;\">A pop rock \u00e9s a fan rock szerelmeseinek is felejthetetlen \u00e9lm\u00e9nyt \u00e9s sz\u00f3rakoz\u00e1st ny\u00fajt a <strong>Hooligans<\/strong> zenekar, \u00edgy a r\u00e9sztvev\u0151k garant\u00e1ltan \u00e9lvezettel fogj\u00e1k hallgatni a nagyszab\u00e1s\u00fa koncertet, legyen az c\u00e9ges tal\u00e1lkoz\u00f3 vagy b\u00e1rmilyen m\u00e1s rendezv\u00e9ny.<\/p>\n<p style=\"text-align: justify;\">\u00d6n is a Hooliganst szeretn\u00e9 az este f\u00e9nypontjak\u00e9nt l\u00e1tni a sz\u00ednpadon? Mi seg\u00edt\u00fcnk \u00d6nnek a <strong>koncertszervez\u00e9s<\/strong> lebonyol\u00edt\u00e1s\u00e1ban! Csup\u00e1n annyit kell tennie, hogy felkeres minket el\u00e9rhet\u0151s\u00e9geinken, megbesz\u00e9lj\u00fck a r\u00e9szeteket, a t\u00f6bbit pedig elint\u00e9zz\u00fck Maga helyett!<\/p>\n<p>&nbsp;<\/p>\n<p><span style=\"font-family: Georgia,Palatino; font-size: 12pt;\">Els\u0151 lemez\u00fck 97\u2019-ben jelent meg, ezzel a csapat el is indult a siker \u00fatj\u00e1n. Ma m\u00e1r \u00f3ri\u00e1si a \u201ehulig\u00e1nok\u201d t\u00e1bora \u00e9s rem\u00e9lhet\u0151en m\u00e9g sok j\u00f3 koncerttel \u00e9s n\u00f3t\u00e1val \u00f6rvendeztetik meg rajong\u00f3ikat.<\/span><\/p>\n<p><iframe loading=\"lazy\" width=\"800\" height=\"450\" src=\"https:\/\/www.youtube.com\/embed\/YWt5oQCeGHw?feature=oembed\" frameborder=\"0\" allowfullscreen><\/iframe><\/p>\n<p>&nbsp;<\/p>\n","protected":false},"excerpt":{"rendered":"<p>Kapcsol\u00f3djon ki a Hooligans csapat\u00e1val! A Hooligans kezdetben m\u00e9g csak k\u00e9t f\u0151b\u0151l \u00e1llt. T\u00f3th Tibor \u00e9s Kiss Endre m\u00e1r iskolai \u00e9veik alatt is tartottak koncerteket, majd tin\u00e9dzser korukban tal\u00e1lkoztak \u00d6rd\u00f6g <a class=\"more-link\" href=\"http:\/\/www.szikorarendezoiroda.hu\/szikora\/zenekarok\/hooligans\/\">A folytat&aacute;s olvas&aacute;sa &rarr;<\/a><\/p>\n","protected":false},"author":1,"featured_media":2120,"parent":22,"menu_order":0,"comment_status":"open","ping_status":"open","template":"","meta":{"footnotes":""},"aioseo_notices":[],"_links":{"self":[{"href":"http:\/\/www.szikorarendezoiroda.hu\/szikora\/wp-json\/wp\/v2\/pages\/762"}],"collection":[{"href":"http:\/\/www.szikorarendezoiroda.hu\/szikora\/wp-json\/wp\/v2\/pages"}],"about":[{"href":"http:\/\/www.szikorarendezoiroda.hu\/szikora\/wp-json\/wp\/v2\/types\/page"}],"author":[{"embeddable":true,"href":"http:\/\/www.szikorarendezoiroda.hu\/szikora\/wp-json\/wp\/v2\/users\/1"}],"replies":[{"embeddable":true,"href":"http:\/\/www.szikorarendezoiroda.hu\/szikora\/wp-json\/wp\/v2\/comments?post=762"}],"version-history":[{"count":6,"href":"http:\/\/www.szikorarendezoiroda.hu\/szikora\/wp-json\/wp\/v2\/pages\/762\/revisions"}],"predecessor-version":[{"id":2906,"href":"http:\/\/www.szikorarendezoiroda.hu\/szikora\/wp-json\/wp\/v2\/pages\/762\/revisions\/2906"}],"up":[{"embeddable":true,"href":"http:\/\/www.szikorarendezoiroda.hu\/szikora\/wp-json\/wp\/v2\/pages\/22"}],"wp:featuredmedia":[{"embeddable":true,"href":"http:\/\/www.szikorarendezoiroda.hu\/szikora\/wp-json\/wp\/v2\/media\/2120"}],"wp:attachment":[{"href":"http:\/\/www.szikorarendezoiroda.hu\/szikora\/wp-json\/wp\/v2\/media?parent=762"}],"curies":[{"name":"wp","href":"https:\/\/api.w.org\/{rel}","templated":true}]}}

<p><strong>Kapcsolódjon ki a Hooligans csapatával!</strong></p>
<p style="text-align: justify;">A Hooligans kezdetben még csak két főből állt. Tóth Tibor és Kiss Endre már iskolai éveik alatt is tartottak koncerteket, majd tinédzser korukban találkoztak Ördög Tiborral, akivel együtt nevet is adtak a zenekarnak &#8211; így alakult meg a Ramses nevű együttes.<br />
Később a Dance nevű csapathoz csatlakoztak, és számos sikereket értek el, nem csak hazánkban, hanem külföldön is.<br />
1996-ban egy újabb taggal, Móritz Norberttel bővült a csapat, így együtt, közösen megalapították a <strong>Hooligans</strong> zenekart.</p>
<p style="text-align: justify;">A pop rock és a fan rock szerelmeseinek is felejthetetlen élményt és szórakozást nyújt a <strong>Hooligans</strong> zenekar, így a résztvevők garantáltan élvezettel fogják hallgatni a nagyszabású koncertet, legyen az céges találkozó vagy bármilyen más rendezvény.</p>
<p style="text-align: justify;">Ön is a Hooliganst szeretné az este fénypontjaként látni a színpadon? Mi segítünk Önnek a <strong>koncertszervezés</strong> lebonyolításában! Csupán annyit kell tennie, hogy felkeres minket elérhetőségeinken, megbeszéljük a részeteket, a többit pedig elintézzük Maga helyett!</p>
<p>&nbsp;</p>
<p><span style="font-family: Georgia,Palatino; font-size: 12pt;">Első lemezük 97’-ben jelent meg, ezzel a csapat el is indult a siker útján. Ma már óriási a „huligánok” tábora és remélhetően még sok jó koncerttel és nótával örvendeztetik meg rajongóikat.</span></p>
<p><iframe loading="lazy" width="800" height="450" src="https://www.youtube.com/embed/YWt5oQCeGHw?feature=oembed" frameborder="0" allowfullscreen></iframe></p>
<p>&nbsp;</p>

<p>Kapcsolódjon ki a Hooligans csapatával! A Hooligans kezdetben még csak két főből állt. Tóth Tibor és Kiss Endre már iskolai éveik alatt is tartottak koncerteket, majd tinédzser korukban találkoztak Ördög <a class="more-link" href="http://www.szikorarendezoiroda.hu/szikora/zenekarok/hooligans/">A folytat&aacute;s olvas&aacute;sa &rarr;</a></p>
