{"id":759,"date":"2015-06-01T08:02:29","date_gmt":"2015-06-01T08:02:29","guid":{"rendered":"http:\/\/www.szikorarendezoiroda.hu\/szikora\/?page_id=759"},"modified":"2018-08-04T04:05:15","modified_gmt":"2018-08-04T04:05:15","slug":"ghymes-zenekar","status":"publish","type":"page","link":"http:\/\/www.szikorarendezoiroda.hu\/szikora\/zenekarok\/ghymes-zenekar\/","title":{"rendered":"GHYMES Zenekar"},"content":{"rendered":"<p>&nbsp;<\/p>\n<p><span style=\"font-family: Georgia,Palatino; font-size: 12pt;\">Szarka Gyula vezet\u00e9s\u00e9vel szlov\u00e1kiai magyar zen\u00e9szekb\u0151l alakult az egy\u00fcttes. \u201eA zene egyetemes\u201d vallj\u00e1k \u00e9s ezt koncertjeik zenei anyaga is bizony\u00edtja. Sz\u00ednpadi \u00e9s filmzen\u00e9t is \u00edrtak, 9 platina lemez f\u00e9mjelzi munk\u00e1ss\u00e1gukat.<\/span><\/p>\n<p><iframe loading=\"lazy\" width=\"800\" height=\"600\" src=\"https:\/\/www.youtube.com\/embed\/me7xY6Lhbns?feature=oembed\" frameborder=\"0\" allowfullscreen><\/iframe><\/p>\n","protected":false},"excerpt":{"rendered":"<p>&nbsp; Szarka Gyula vezet\u00e9s\u00e9vel szlov\u00e1kiai magyar zen\u00e9szekb\u0151l alakult az egy\u00fcttes. \u201eA zene egyetemes\u201d vallj\u00e1k \u00e9s ezt koncertjeik zenei anyaga is bizony\u00edtja. Sz\u00ednpadi \u00e9s filmzen\u00e9t is \u00edrtak, 9 platina lemez f\u00e9mjelzi <a class=\"more-link\" href=\"http:\/\/www.szikorarendezoiroda.hu\/szikora\/zenekarok\/ghymes-zenekar\/\">A folytat&aacute;s olvas&aacute;sa &rarr;<\/a><\/p>\n","protected":false},"author":1,"featured_media":760,"parent":22,"menu_order":0,"comment_status":"open","ping_status":"open","template":"","meta":{"footnotes":""},"aioseo_notices":[],"_links":{"self":[{"href":"http:\/\/www.szikorarendezoiroda.hu\/szikora\/wp-json\/wp\/v2\/pages\/759"}],"collection":[{"href":"http:\/\/www.szikorarendezoiroda.hu\/szikora\/wp-json\/wp\/v2\/pages"}],"about":[{"href":"http:\/\/www.szikorarendezoiroda.hu\/szikora\/wp-json\/wp\/v2\/types\/page"}],"author":[{"embeddable":true,"href":"http:\/\/www.szikorarendezoiroda.hu\/szikora\/wp-json\/wp\/v2\/users\/1"}],"replies":[{"embeddable":true,"href":"http:\/\/www.szikorarendezoiroda.hu\/szikora\/wp-json\/wp\/v2\/comments?post=759"}],"version-history":[{"count":3,"href":"http:\/\/www.szikorarendezoiroda.hu\/szikora\/wp-json\/wp\/v2\/pages\/759\/revisions"}],"predecessor-version":[{"id":2904,"href":"http:\/\/www.szikorarendezoiroda.hu\/szikora\/wp-json\/wp\/v2\/pages\/759\/revisions\/2904"}],"up":[{"embeddable":true,"href":"http:\/\/www.szikorarendezoiroda.hu\/szikora\/wp-json\/wp\/v2\/pages\/22"}],"wp:featuredmedia":[{"embeddable":true,"href":"http:\/\/www.szikorarendezoiroda.hu\/szikora\/wp-json\/wp\/v2\/media\/760"}],"wp:attachment":[{"href":"http:\/\/www.szikorarendezoiroda.hu\/szikora\/wp-json\/wp\/v2\/media?parent=759"}],"curies":[{"name":"wp","href":"https:\/\/api.w.org\/{rel}","templated":true}]}}

<p>&nbsp;</p>
<p><span style="font-family: Georgia,Palatino; font-size: 12pt;">Szarka Gyula vezetésével szlovákiai magyar zenészekből alakult az együttes. „A zene egyetemes” vallják és ezt koncertjeik zenei anyaga is bizonyítja. Színpadi és filmzenét is írtak, 9 platina lemez fémjelzi munkásságukat.</span></p>
<p><iframe loading="lazy" width="800" height="600" src="https://www.youtube.com/embed/me7xY6Lhbns?feature=oembed" frameborder="0" allowfullscreen></iframe></p>

<p>&nbsp; Szarka Gyula vezetésével szlovákiai magyar zenészekből alakult az együttes. „A zene egyetemes” vallják és ezt koncertjeik zenei anyaga is bizonyítja. Színpadi és filmzenét is írtak, 9 platina lemez fémjelzi <a class="more-link" href="http://www.szikorarendezoiroda.hu/szikora/zenekarok/ghymes-zenekar/">A folytat&aacute;s olvas&aacute;sa &rarr;</a></p>
