{"id":750,"date":"2015-06-01T07:58:44","date_gmt":"2015-06-01T07:58:44","guid":{"rendered":"http:\/\/www.szikorarendezoiroda.hu\/szikora\/?page_id=750"},"modified":"2018-08-05T05:04:52","modified_gmt":"2018-08-05T05:04:52","slug":"ferenczi-gyorgy-es-a-rackajam","status":"publish","type":"page","link":"http:\/\/www.szikorarendezoiroda.hu\/szikora\/zenekarok\/ferenczi-gyorgy-es-a-rackajam\/","title":{"rendered":"FERENCZI GY\u00d6RGY \u00c9S A RACKAJAM"},"content":{"rendered":"<p>&nbsp;<\/p>\n<p><span style=\"font-family: Georgia,Palatino; font-size: 12pt;\">Az egy\u00fcttes k\u00fcl\u00f6nlegess\u00e9ge abban rejlik, hogy akkusztikus hangszereken adj\u00e1k el\u0151 a blues muzsik\u00e1t, s\u0151t \u00fajabb m\u0171soraikban Arany J\u00e1nos, V\u00f6r\u00f6smarty Mih\u00e1ly, We\u00f6res S\u00e1ndor, Kiss Anna \u00e9s G\u00e9recz Attila verseit \u00e9neklik.<\/span><\/p>\n<p><iframe loading=\"lazy\" width=\"800\" height=\"450\" src=\"https:\/\/www.youtube.com\/embed\/JZ0n7htB-BU?feature=oembed\" frameborder=\"0\" allow=\"autoplay; encrypted-media\" allowfullscreen><\/iframe><\/p>\n","protected":false},"excerpt":{"rendered":"<p>&nbsp; Az egy\u00fcttes k\u00fcl\u00f6nlegess\u00e9ge abban rejlik, hogy akkusztikus hangszereken adj\u00e1k el\u0151 a blues muzsik\u00e1t, s\u0151t \u00fajabb m\u0171soraikban Arany J\u00e1nos, V\u00f6r\u00f6smarty Mih\u00e1ly, We\u00f6res S\u00e1ndor, Kiss Anna \u00e9s G\u00e9recz Attila verseit \u00e9neklik.<\/p>\n","protected":false},"author":1,"featured_media":3004,"parent":22,"menu_order":0,"comment_status":"open","ping_status":"open","template":"","meta":{"footnotes":""},"aioseo_notices":[],"_links":{"self":[{"href":"http:\/\/www.szikorarendezoiroda.hu\/szikora\/wp-json\/wp\/v2\/pages\/750"}],"collection":[{"href":"http:\/\/www.szikorarendezoiroda.hu\/szikora\/wp-json\/wp\/v2\/pages"}],"about":[{"href":"http:\/\/www.szikorarendezoiroda.hu\/szikora\/wp-json\/wp\/v2\/types\/page"}],"author":[{"embeddable":true,"href":"http:\/\/www.szikorarendezoiroda.hu\/szikora\/wp-json\/wp\/v2\/users\/1"}],"replies":[{"embeddable":true,"href":"http:\/\/www.szikorarendezoiroda.hu\/szikora\/wp-json\/wp\/v2\/comments?post=750"}],"version-history":[{"count":5,"href":"http:\/\/www.szikorarendezoiroda.hu\/szikora\/wp-json\/wp\/v2\/pages\/750\/revisions"}],"predecessor-version":[{"id":2901,"href":"http:\/\/www.szikorarendezoiroda.hu\/szikora\/wp-json\/wp\/v2\/pages\/750\/revisions\/2901"}],"up":[{"embeddable":true,"href":"http:\/\/www.szikorarendezoiroda.hu\/szikora\/wp-json\/wp\/v2\/pages\/22"}],"wp:featuredmedia":[{"embeddable":true,"href":"http:\/\/www.szikorarendezoiroda.hu\/szikora\/wp-json\/wp\/v2\/media\/3004"}],"wp:attachment":[{"href":"http:\/\/www.szikorarendezoiroda.hu\/szikora\/wp-json\/wp\/v2\/media?parent=750"}],"curies":[{"name":"wp","href":"https:\/\/api.w.org\/{rel}","templated":true}]}}