{"id":720,"date":"2015-06-01T07:48:29","date_gmt":"2015-06-01T07:48:29","guid":{"rendered":"http:\/\/www.szikorarendezoiroda.hu\/szikora\/?page_id=720"},"modified":"2018-08-04T03:52:58","modified_gmt":"2018-08-04T03:52:58","slug":"broadway-band-bali-zenekar","status":"publish","type":"page","link":"http:\/\/www.szikorarendezoiroda.hu\/szikora\/zenekarok\/broadway-band-bali-zenekar\/","title":{"rendered":"BROADWAY BAND &#8211; b\u00e1li zenekar"},"content":{"rendered":"<p>&nbsp;<\/p>\n<p><span style=\"font-family: Georgia,Palatino; font-size: 12pt;\">Ism\u00e9t egy b\u00e1li zenekar. Megjelen\u00e9s\u00fckkel \u00e9s \u00f3ri\u00e1si reperto\u00e1rjukkal csak aj\u00e1nlani lehet \u0150ket.<\/span><\/p>\n<p><iframe loading=\"lazy\" width=\"800\" height=\"600\" src=\"https:\/\/www.youtube.com\/embed\/EzReMaZB9tw?feature=oembed\" frameborder=\"0\" allowfullscreen><\/iframe><\/p>\n","protected":false},"excerpt":{"rendered":"<p>&nbsp; Ism\u00e9t egy b\u00e1li zenekar. Megjelen\u00e9s\u00fckkel \u00e9s \u00f3ri\u00e1si reperto\u00e1rjukkal csak aj\u00e1nlani lehet \u0150ket.<\/p>\n","protected":false},"author":1,"featured_media":112,"parent":22,"menu_order":0,"comment_status":"open","ping_status":"open","template":"","meta":{"footnotes":""},"aioseo_notices":[],"_links":{"self":[{"href":"http:\/\/www.szikorarendezoiroda.hu\/szikora\/wp-json\/wp\/v2\/pages\/720"}],"collection":[{"href":"http:\/\/www.szikorarendezoiroda.hu\/szikora\/wp-json\/wp\/v2\/pages"}],"about":[{"href":"http:\/\/www.szikorarendezoiroda.hu\/szikora\/wp-json\/wp\/v2\/types\/page"}],"author":[{"embeddable":true,"href":"http:\/\/www.szikorarendezoiroda.hu\/szikora\/wp-json\/wp\/v2\/users\/1"}],"replies":[{"embeddable":true,"href":"http:\/\/www.szikorarendezoiroda.hu\/szikora\/wp-json\/wp\/v2\/comments?post=720"}],"version-history":[{"count":3,"href":"http:\/\/www.szikorarendezoiroda.hu\/szikora\/wp-json\/wp\/v2\/pages\/720\/revisions"}],"predecessor-version":[{"id":2883,"href":"http:\/\/www.szikorarendezoiroda.hu\/szikora\/wp-json\/wp\/v2\/pages\/720\/revisions\/2883"}],"up":[{"embeddable":true,"href":"http:\/\/www.szikorarendezoiroda.hu\/szikora\/wp-json\/wp\/v2\/pages\/22"}],"wp:featuredmedia":[{"embeddable":true,"href":"http:\/\/www.szikorarendezoiroda.hu\/szikora\/wp-json\/wp\/v2\/media\/112"}],"wp:attachment":[{"href":"http:\/\/www.szikorarendezoiroda.hu\/szikora\/wp-json\/wp\/v2\/media?parent=720"}],"curies":[{"name":"wp","href":"https:\/\/api.w.org\/{rel}","templated":true}]}}

BROADWAY BAND &#8211; báli zenekar

<p>&nbsp;</p>
<p><span style="font-family: Georgia,Palatino; font-size: 12pt;">Ismét egy báli zenekar. Megjelenésükkel és óriási repertoárjukkal csak ajánlani lehet Őket.</span></p>
<p><iframe loading="lazy" width="800" height="600" src="https://www.youtube.com/embed/EzReMaZB9tw?feature=oembed" frameborder="0" allowfullscreen></iframe></p>

<p>&nbsp; Ismét egy báli zenekar. Megjelenésükkel és óriási repertoárjukkal csak ajánlani lehet Őket.</p>
