{"id":709,"date":"2015-06-01T07:44:57","date_gmt":"2015-06-01T07:44:57","guid":{"rendered":"http:\/\/www.szikorarendezoiroda.hu\/szikora\/?page_id=709"},"modified":"2018-08-04T03:52:25","modified_gmt":"2018-08-04T03:52:25","slug":"budapest-jazz-orchestra","status":"publish","type":"page","link":"http:\/\/www.szikorarendezoiroda.hu\/szikora\/zenekarok\/budapest-jazz-orchestra\/","title":{"rendered":"BUDAPEST JAZZ ORCHESTRA"},"content":{"rendered":"<p>&nbsp;<\/p>\n<p><span style=\"font-size: 12pt;\"><strong>Budapest Jazz Orchestra :<\/strong>\u00a0 Magyarorsz\u00e1g egyik legn\u00e9pszer\u0171bb big band \u2013 je. Vezet\u0151je Kollman G\u00e1bor szaxofon m\u0171v\u00e9sz. Vil\u00e1gsz\u00ednvonalon mutatja be a jazz szinte \u00f6sszes v\u00e1lfaj\u00e1t, a\u00a0 korabeli swing zen\u00e9t illetve a korszak nagy vil\u00e1gsl\u00e1gereit is.\u00a0 A Queen Real Jazz c\u00edm\u0171 produkci\u00f3 f\u0151hajt\u00e1s a Queen zenekar \u00e9letm\u0171ve el\u0151tt.<\/span><\/p>\n<p><span style=\"font-size: 12pt;\">Wolf Kati , Csord\u00e1s Levente \u00e9s \u00e9s Kocsis Tibor lesznek a sz\u00f3list\u00e1k.\u00a0 Koncertjeiken fell\u00e9p T\u00f3th Vera, \u00a0 akinek saj\u00e1t dalai mellett\u00a0 felcsend\u00fclnek\u00a0 Cserh\u00e1ti Zsuzsa \u00a0sl\u00e1gerei is. \u00a0Malek Andre\u00e1val k\u00f6z\u00f6s produkci\u00f3juk a Brodway sl\u00e1gerek.\u00a0 Szul\u00e1k Andrea k\u00e9pviseli a k\u00f6nnyedebb hangv\u00e9tel\u0171 kompoz\u00edci\u00f3kat valamint a sz\u00e1m\u00e1ra a zenekar \u00e1ltal hangszerelt M\u00e1t\u00e9 P\u00e9ter \u00e9s Cserh\u00e1ti Zsuzsa dalokat.\u00a0 \u00c9s persze nem maradhat ki Charlie sem a maga jellegzetes blues \u2013 soul \u00e9s funky st\u00edlus\u00e1val sem.<\/span><\/p>\n<p><span style=\"font-size: 12pt;\">\u00a0<\/span><\/p>\n<p><span style=\"font-size: 12pt;\">A Big Band Mes\u00e9k m\u00e1r egy eg\u00e9szen m\u00e1s el\u0151ad\u00e1s , hiszen itt a gyerekeknek , fiataloknak szeretn\u00e9k megmu-\u00a0\u00a0\u00a0 tatni , hogy az ig\u00e9nyes zene \u00e9s a felh\u0151tlen sz\u00f3rakoz\u00e1s egy\u00e1ltal\u00e1n nem z\u00e1rja ki egym\u00e1st . Ebben nagy seg\u00edts\u00e9g\u00fckre van N\u00e1ray Erika sz\u00edn\u00e9sz \u00e9s \u00e9nekesn\u0151 aki a narr\u00e1tor szerep\u00e9t t\u00f6lti be .<\/span><\/p>\n<p><span style=\"font-size: 12pt;\">A Budapesti Jazz Orchestra 18 \u00e9vvel ezel\u0151tti megalakul\u00e1sa \u00f3ta \u00a0feladat\u00e1nak tartja a hazai \u00e9s nemzetk\u00f6zi\u00a0 zenekult\u00fara bemutat\u00e1s\u00e1t, \u00e9rt\u00e9keinek k\u00e9pviselet\u00e9t minden koroszt\u00e1ly sz\u00e1m\u00e1ra k\u00f6z\u00e9rthet\u0151 \u00e9s \u00e9lvezhet\u0151 m\u00f3don.<\/span><\/p>\n<p><span style=\"font-size: 12pt;\">A m\u0171sor megrendelhet\u0151 az <a href=\"mailto:info@szikorarendezoiroda.hu\">info@szikorarendezoiroda.hu<\/a>\u00a0 email c\u00edmen vagy a 06.30.250.68.58-as mobilon.<\/span><\/p>\n<p>&nbsp;<\/p>\n<p><span style=\"font-family: Georgia,Palatino; font-size: 12pt;\">\u00a0<\/span><\/p>\n<p><iframe loading=\"lazy\" width=\"800\" height=\"450\" src=\"https:\/\/www.youtube.com\/embed\/FQYuMc5uqoE?feature=oembed\" frameborder=\"0\" allowfullscreen><\/iframe><\/p>\n","protected":false},"excerpt":{"rendered":"<p>&nbsp; Budapest Jazz Orchestra :\u00a0 Magyarorsz\u00e1g egyik legn\u00e9pszer\u0171bb big band \u2013 je. Vezet\u0151je Kollman G\u00e1bor szaxofon m\u0171v\u00e9sz. Vil\u00e1gsz\u00ednvonalon mutatja be a jazz szinte \u00f6sszes v\u00e1lfaj\u00e1t, a\u00a0 korabeli swing zen\u00e9t illetve <a class=\"more-link\" href=\"http:\/\/www.szikorarendezoiroda.hu\/szikora\/zenekarok\/budapest-jazz-orchestra\/\">A folytat&aacute;s olvas&aacute;sa &rarr;<\/a><\/p>\n","protected":false},"author":1,"featured_media":712,"parent":22,"menu_order":0,"comment_status":"open","ping_status":"open","template":"","meta":{"footnotes":""},"aioseo_notices":[],"_links":{"self":[{"href":"http:\/\/www.szikorarendezoiroda.hu\/szikora\/wp-json\/wp\/v2\/pages\/709"}],"collection":[{"href":"http:\/\/www.szikorarendezoiroda.hu\/szikora\/wp-json\/wp\/v2\/pages"}],"about":[{"href":"http:\/\/www.szikorarendezoiroda.hu\/szikora\/wp-json\/wp\/v2\/types\/page"}],"author":[{"embeddable":true,"href":"http:\/\/www.szikorarendezoiroda.hu\/szikora\/wp-json\/wp\/v2\/users\/1"}],"replies":[{"embeddable":true,"href":"http:\/\/www.szikorarendezoiroda.hu\/szikora\/wp-json\/wp\/v2\/comments?post=709"}],"version-history":[{"count":5,"href":"http:\/\/www.szikorarendezoiroda.hu\/szikora\/wp-json\/wp\/v2\/pages\/709\/revisions"}],"predecessor-version":[{"id":2880,"href":"http:\/\/www.szikorarendezoiroda.hu\/szikora\/wp-json\/wp\/v2\/pages\/709\/revisions\/2880"}],"up":[{"embeddable":true,"href":"http:\/\/www.szikorarendezoiroda.hu\/szikora\/wp-json\/wp\/v2\/pages\/22"}],"wp:featuredmedia":[{"embeddable":true,"href":"http:\/\/www.szikorarendezoiroda.hu\/szikora\/wp-json\/wp\/v2\/media\/712"}],"wp:attachment":[{"href":"http:\/\/www.szikorarendezoiroda.hu\/szikora\/wp-json\/wp\/v2\/media?parent=709"}],"curies":[{"name":"wp","href":"https:\/\/api.w.org\/{rel}","templated":true}]}}

<p>&nbsp;</p>
<p><span style="font-size: 12pt;"><strong>Budapest Jazz Orchestra :</strong>  Magyarország egyik legnépszerűbb big band – je. Vezetője Kollman Gábor szaxofon művész. Világszínvonalon mutatja be a jazz szinte összes válfaját, a  korabeli swing zenét illetve a korszak nagy világslágereit is.  A Queen Real Jazz című produkció főhajtás a Queen zenekar életműve előtt.</span></p>
<p><span style="font-size: 12pt;">Wolf Kati , Csordás Levente és és Kocsis Tibor lesznek a szólisták.  Koncertjeiken fellép Tóth Vera,   akinek saját dalai mellett  felcsendülnek  Cserháti Zsuzsa  slágerei is.  Malek Andreával közös produkciójuk a Brodway slágerek.  Szulák Andrea képviseli a könnyedebb hangvételű kompozíciókat valamint a számára a zenekar által hangszerelt Máté Péter és Cserháti Zsuzsa dalokat.  És persze nem maradhat ki Charlie sem a maga jellegzetes blues – soul és funky stílusával sem.</span></p>
<p><span style="font-size: 12pt;"> </span></p>
<p><span style="font-size: 12pt;">A Big Band Mesék már egy egészen más előadás , hiszen itt a gyerekeknek , fiataloknak szeretnék megmu-    tatni , hogy az igényes zene és a felhőtlen szórakozás egyáltalán nem zárja ki egymást . Ebben nagy segítségükre van Náray Erika színész és énekesnő aki a narrátor szerepét tölti be .</span></p>
<p><span style="font-size: 12pt;">A Budapesti Jazz Orchestra 18 évvel ezelőtti megalakulása óta  feladatának tartja a hazai és nemzetközi  zenekultúra bemutatását, értékeinek képviseletét minden korosztály számára közérthető és élvezhető módon.</span></p>
<p><span style="font-size: 12pt;">A műsor megrendelhető az <a href="mailto:info@szikorarendezoiroda.hu">info@szikorarendezoiroda.hu</a>  email címen vagy a 06.30.250.68.58-as mobilon.</span></p>
<p>&nbsp;</p>
<p><span style="font-family: Georgia,Palatino; font-size: 12pt;"> </span></p>
<p><iframe loading="lazy" width="800" height="450" src="https://www.youtube.com/embed/FQYuMc5uqoE?feature=oembed" frameborder="0" allowfullscreen></iframe></p>

<p>&nbsp; Budapest Jazz Orchestra :  Magyarország egyik legnépszerűbb big band – je. Vezetője Kollman Gábor szaxofon művész. Világszínvonalon mutatja be a jazz szinte összes válfaját, a  korabeli swing zenét illetve <a class="more-link" href="http://www.szikorarendezoiroda.hu/szikora/zenekarok/budapest-jazz-orchestra/">A folytat&aacute;s olvas&aacute;sa &rarr;</a></p>
