{"id":700,"date":"2015-06-01T07:37:06","date_gmt":"2015-06-01T07:37:06","guid":{"rendered":"http:\/\/www.szikorarendezoiroda.hu\/szikora\/?page_id=700"},"modified":"2018-08-04T07:54:12","modified_gmt":"2018-08-04T07:54:12","slug":"bikini","status":"publish","type":"page","link":"http:\/\/www.szikorarendezoiroda.hu\/szikora\/zenekarok\/bikini\/","title":{"rendered":"BIKINI"},"content":{"rendered":"<p>&nbsp;<\/p>\n<p><span style=\"font-family: Georgia,Palatino; font-size: 12pt;\">1982-ben sz\u00fcletett a zenekar N\u00e9meth Alajos \u00e9s Nagy Fer\u00f3 b\u00e1b\u00e1skod\u00e1s\u00e1val. D.Nagy Lajos \u00e9nekesk\u00e9nt csatlakozott a zenekarhoz \u00e9s ez igazi nagy sikerhez vezetett. 10 \u00e9v m\u00falva abbahagyt\u00e1k a k\u00f6z\u00f6s zen\u00e9l\u00e9st, de hamar r\u00e1j\u00f6ttek, hogy a \u201ekisember\u201d \u00e9rz\u00e9seire, gondolataira nagyobb sz\u00fcks\u00e9g van, mint valaha, ez\u00e9rt 97\u2019-ben \u00fajj\u00e1alakultak \u00e9s az\u00f3ta koncertjeik sz\u00e1ma \u00e9vr\u0151l \u00e9vre n\u0151.<\/span><\/p>\n<p><iframe loading=\"lazy\" width=\"800\" height=\"600\" src=\"https:\/\/www.youtube.com\/embed\/ENgESAOyMh0?feature=oembed\" frameborder=\"0\" allowfullscreen><\/iframe><\/p>\n","protected":false},"excerpt":{"rendered":"<p>&nbsp; 1982-ben sz\u00fcletett a zenekar N\u00e9meth Alajos \u00e9s Nagy Fer\u00f3 b\u00e1b\u00e1skod\u00e1s\u00e1val. D.Nagy Lajos \u00e9nekesk\u00e9nt csatlakozott a zenekarhoz \u00e9s ez igazi nagy sikerhez vezetett. 10 \u00e9v m\u00falva abbahagyt\u00e1k a k\u00f6z\u00f6s zen\u00e9l\u00e9st, <a class=\"more-link\" href=\"http:\/\/www.szikorarendezoiroda.hu\/szikora\/zenekarok\/bikini\/\">A folytat&aacute;s olvas&aacute;sa &rarr;<\/a><\/p>\n","protected":false},"author":1,"featured_media":2973,"parent":22,"menu_order":0,"comment_status":"open","ping_status":"open","template":"","meta":{"footnotes":""},"aioseo_notices":[],"_links":{"self":[{"href":"http:\/\/www.szikorarendezoiroda.hu\/szikora\/wp-json\/wp\/v2\/pages\/700"}],"collection":[{"href":"http:\/\/www.szikorarendezoiroda.hu\/szikora\/wp-json\/wp\/v2\/pages"}],"about":[{"href":"http:\/\/www.szikorarendezoiroda.hu\/szikora\/wp-json\/wp\/v2\/types\/page"}],"author":[{"embeddable":true,"href":"http:\/\/www.szikorarendezoiroda.hu\/szikora\/wp-json\/wp\/v2\/users\/1"}],"replies":[{"embeddable":true,"href":"http:\/\/www.szikorarendezoiroda.hu\/szikora\/wp-json\/wp\/v2\/comments?post=700"}],"version-history":[{"count":3,"href":"http:\/\/www.szikorarendezoiroda.hu\/szikora\/wp-json\/wp\/v2\/pages\/700\/revisions"}],"predecessor-version":[{"id":2876,"href":"http:\/\/www.szikorarendezoiroda.hu\/szikora\/wp-json\/wp\/v2\/pages\/700\/revisions\/2876"}],"up":[{"embeddable":true,"href":"http:\/\/www.szikorarendezoiroda.hu\/szikora\/wp-json\/wp\/v2\/pages\/22"}],"wp:featuredmedia":[{"embeddable":true,"href":"http:\/\/www.szikorarendezoiroda.hu\/szikora\/wp-json\/wp\/v2\/media\/2973"}],"wp:attachment":[{"href":"http:\/\/www.szikorarendezoiroda.hu\/szikora\/wp-json\/wp\/v2\/media?parent=700"}],"curies":[{"name":"wp","href":"https:\/\/api.w.org\/{rel}","templated":true}]}}

<p>&nbsp;</p>
<p><span style="font-family: Georgia,Palatino; font-size: 12pt;">1982-ben született a zenekar Németh Alajos és Nagy Feró bábáskodásával. D.Nagy Lajos énekesként csatlakozott a zenekarhoz és ez igazi nagy sikerhez vezetett. 10 év múlva abbahagyták a közös zenélést, de hamar rájöttek, hogy a „kisember” érzéseire, gondolataira nagyobb szükség van, mint valaha, ezért 97’-ben újjáalakultak és azóta koncertjeik száma évről évre nő.</span></p>
<p><iframe loading="lazy" width="800" height="600" src="https://www.youtube.com/embed/ENgESAOyMh0?feature=oembed" frameborder="0" allowfullscreen></iframe></p>

<p>&nbsp; 1982-ben született a zenekar Németh Alajos és Nagy Feró bábáskodásával. D.Nagy Lajos énekesként csatlakozott a zenekarhoz és ez igazi nagy sikerhez vezetett. 10 év múlva abbahagyták a közös zenélést, <a class="more-link" href="http://www.szikorarendezoiroda.hu/szikora/zenekarok/bikini/">A folytat&aacute;s olvas&aacute;sa &rarr;</a></p>
