{"id":678,"date":"2015-06-01T07:23:51","date_gmt":"2015-06-01T07:23:51","guid":{"rendered":"http:\/\/www.szikorarendezoiroda.hu\/szikora\/?page_id=678"},"modified":"2018-08-04T07:48:05","modified_gmt":"2018-08-04T07:48:05","slug":"abrakazabra","status":"publish","type":"page","link":"http:\/\/www.szikorarendezoiroda.hu\/szikora\/zenekarok\/abrakazabra\/","title":{"rendered":"ABRAKAZABRA"},"content":{"rendered":"<p>&nbsp;<\/p>\n<p><span style=\"font-family: Georgia,Palatino; font-size: 12pt;\">A debreceni csapat 1999-ben alakult. Hogy mennyire a zene az \u00e9lt\u00fck, mi sem bizony\u00edtja jobban, mint hogy hazai szt\u00e1rjaink: T\u00f3th Vera, Charlie, Kov\u00e1cs Kati, de m\u00e9g a vil\u00e1gh\u00edr\u0171 Demis Roussos is elfogadta k\u00eds\u00e9r\u0151 zenekar\u00e1ul.<\/span><\/p>\n<p><iframe loading=\"lazy\" width=\"800\" height=\"450\" src=\"https:\/\/www.youtube.com\/embed\/bRY2bBYRthk?feature=oembed\" frameborder=\"0\" allowfullscreen><\/iframe><\/p>\n","protected":false},"excerpt":{"rendered":"<p>&nbsp; A debreceni csapat 1999-ben alakult. Hogy mennyire a zene az \u00e9lt\u00fck, mi sem bizony\u00edtja jobban, mint hogy hazai szt\u00e1rjaink: T\u00f3th Vera, Charlie, Kov\u00e1cs Kati, de m\u00e9g a vil\u00e1gh\u00edr\u0171 Demis <a class=\"more-link\" href=\"http:\/\/www.szikorarendezoiroda.hu\/szikora\/zenekarok\/abrakazabra\/\">A folytat&aacute;s olvas&aacute;sa &rarr;<\/a><\/p>\n","protected":false},"author":1,"featured_media":2968,"parent":22,"menu_order":0,"comment_status":"open","ping_status":"open","template":"","meta":{"footnotes":""},"aioseo_notices":[],"_links":{"self":[{"href":"http:\/\/www.szikorarendezoiroda.hu\/szikora\/wp-json\/wp\/v2\/pages\/678"}],"collection":[{"href":"http:\/\/www.szikorarendezoiroda.hu\/szikora\/wp-json\/wp\/v2\/pages"}],"about":[{"href":"http:\/\/www.szikorarendezoiroda.hu\/szikora\/wp-json\/wp\/v2\/types\/page"}],"author":[{"embeddable":true,"href":"http:\/\/www.szikorarendezoiroda.hu\/szikora\/wp-json\/wp\/v2\/users\/1"}],"replies":[{"embeddable":true,"href":"http:\/\/www.szikorarendezoiroda.hu\/szikora\/wp-json\/wp\/v2\/comments?post=678"}],"version-history":[{"count":3,"href":"http:\/\/www.szikorarendezoiroda.hu\/szikora\/wp-json\/wp\/v2\/pages\/678\/revisions"}],"predecessor-version":[{"id":2872,"href":"http:\/\/www.szikorarendezoiroda.hu\/szikora\/wp-json\/wp\/v2\/pages\/678\/revisions\/2872"}],"up":[{"embeddable":true,"href":"http:\/\/www.szikorarendezoiroda.hu\/szikora\/wp-json\/wp\/v2\/pages\/22"}],"wp:featuredmedia":[{"embeddable":true,"href":"http:\/\/www.szikorarendezoiroda.hu\/szikora\/wp-json\/wp\/v2\/media\/2968"}],"wp:attachment":[{"href":"http:\/\/www.szikorarendezoiroda.hu\/szikora\/wp-json\/wp\/v2\/media?parent=678"}],"curies":[{"name":"wp","href":"https:\/\/api.w.org\/{rel}","templated":true}]}}

<p>&nbsp;</p>
<p><span style="font-family: Georgia,Palatino; font-size: 12pt;">A debreceni csapat 1999-ben alakult. Hogy mennyire a zene az éltük, mi sem bizonyítja jobban, mint hogy hazai sztárjaink: Tóth Vera, Charlie, Kovács Kati, de még a világhírű Demis Roussos is elfogadta kísérő zenekarául.</span></p>
<p><iframe loading="lazy" width="800" height="450" src="https://www.youtube.com/embed/bRY2bBYRthk?feature=oembed" frameborder="0" allowfullscreen></iframe></p>

<p>&nbsp; A debreceni csapat 1999-ben alakult. Hogy mennyire a zene az éltük, mi sem bizonyítja jobban, mint hogy hazai sztárjaink: Tóth Vera, Charlie, Kovács Kati, de még a világhírű Demis <a class="more-link" href="http://www.szikorarendezoiroda.hu/szikora/zenekarok/abrakazabra/">A folytat&aacute;s olvas&aacute;sa &rarr;</a></p>
