{"id":557,"date":"2015-05-28T07:01:53","date_gmt":"2015-05-28T07:01:53","guid":{"rendered":"http:\/\/www.szikorarendezoiroda.hu\/szikora\/?page_id=557"},"modified":"2018-08-03T05:20:07","modified_gmt":"2018-08-03T05:20:07","slug":"anonymus","status":"publish","type":"page","link":"http:\/\/www.szikorarendezoiroda.hu\/szikora\/podium-vers-szinmuveszek\/anonymus\/","title":{"rendered":"ANONYMUS Szarka Tam\u00e1s"},"content":{"rendered":"<p>&nbsp;<\/p>\n<p><strong>Szarka Tam\u00e1s<\/strong>\u00a0\u00a0\u00a0\u00a0 Kossuth \u2013 d\u00edjas zeneszerz\u0151 , el\u0151ad\u00f3m\u0171v\u00e9sz , k\u00f6lt\u0151 , a Ghymes Egy\u00fcttes frontembere.\u00a0 Imm\u00e1r 38 esztendeje \u00e1ll sz\u00ednpadon , dalaira a m\u00e1r j\u00f3l ismert, saj\u00e1tos st\u00edlus jellemz\u0151 irodalmi \u00e9rt\u00e9k\u0171\u00a0 sz\u00f6veg-\u00a0 vil\u00e1ga mellett. Zen\u00e9je hat az \u00e9rzelmekre , m\u00e9lyr\u0151l j\u00f6n \u00e9s er\u0151t ad.\u00a0\u00a0 Leg\u00fajabb szerz\u0151i album\u00e1n 15 \u00faj dal hall \u2013 hat\u00f3.\u00a0 A heged\u0171 h\u00farjai szinte s\u00edrnak mikor j\u00e1tszani kezd , de nem csak a b\u00e1nat vagy a dr\u00e1ma sz\u00f3l bel\u0151l\u00fck , hanem az \u00f6r\u00f6m , a t\u0171z a f\u00e9ny is .\u00a0 Szarka Tam\u00e1s sok sz\u00ednh\u00e1zi felk\u00e9r\u00e9sre \u00edrt m\u00e1r zen\u00e9t , \u00e1m ezek a zen\u00e9k \u00e9l\u0151ben soha nem hangzottak el sz\u00ednpadon \u00e9s f\u0151leg nem a szerz\u0151 el\u0151ad\u00e1s\u00e1ban.\u00a0 Sz\u00f3l\u00f3koncertje ezt a hi\u00e1nyt p\u00f3tolja most megjelen\u0151 sz\u00f3l\u00f3album\u00e1nak bemutat\u00e1s\u00e1val\u00a0 de szerepel a reperto\u00e1rj\u00e1n egy k\u00e9t klasszikuss\u00e1 v\u00e1lt darabja is . S\u0151t olyan zen\u00e9ket is hallhatunk amik erre az alkalomra k\u00e9sz\u00fcltek .<\/p>\n<p>V\u00c1V\u00c1V\u00c1 c\u00edm\u0171 els\u0151 versesk\u00f6tete 2000 \u2013 ben jelent meg. Ezt k\u00f6vette az Anonymus utazik , majd az Anonymus k\u00e9rdez .\u00a0 Els\u0151 hangosk\u00f6nyve 2008 \u2013 ban k\u00e9sz\u00fclt el melyen verseit \u00e9s novell\u00e1it\u00a0 D\u00f6rner Gy\u00f6rgy ,\u00a0\u00a0\u00a0 Eperjes K\u00e1roly , Gesztesi K\u00e1roly , P\u00e1pai Erika , Rudolf P\u00e9ter , Stohl Andr\u00e1s \u00e9s v\u00e9g\u00fcl de nem utols\u00f3 sorban T\u00f6r\u0151csik Mari tolm\u00e1csolta .<\/p>\n<p>&nbsp;<\/p>\n<p><strong><span style=\"font-family: Georgia,Palatino; font-size: 12pt;\">SZARKA TAM\u00c1S (GHYMES) \u00c9S ZEN\u00c9SZBAR\u00c1TAI KONCERT &#8211; SZERZ\u0150I EST<\/span><\/strong><\/p>\n<p><span style=\"font-family: Georgia,Palatino; font-size: 12pt;\">&#8222;Aki m\u00e9g nem f\u00e1sult, akinek m\u00e9g csillog a szeme, az ezen a koncerten is tal\u00e1l m\u00e9g var\u00e1zslatot.&#8221; &#8211; vallja a koncertr\u0151l az el\u0151ad\u00f3m\u0171v\u00e9sz, zeneszerz\u0151, k\u00f6lt\u0151. Zen\u00e9je hat az \u00e9rtelemre, az \u00e9rzelmekre \u00e9s az \u00e9rz\u00e9kekre. M\u00e9lyr\u0151l j\u00f6n \u00e9s er\u0151t ad.<\/span><\/p>\n","protected":false},"excerpt":{"rendered":"<p>&nbsp; Szarka Tam\u00e1s\u00a0\u00a0\u00a0\u00a0 Kossuth \u2013 d\u00edjas zeneszerz\u0151 , el\u0151ad\u00f3m\u0171v\u00e9sz , k\u00f6lt\u0151 , a Ghymes Egy\u00fcttes frontembere.\u00a0 Imm\u00e1r 38 esztendeje \u00e1ll sz\u00ednpadon , dalaira a m\u00e1r j\u00f3l ismert, saj\u00e1tos st\u00edlus jellemz\u0151 <a class=\"more-link\" href=\"http:\/\/www.szikorarendezoiroda.hu\/szikora\/podium-vers-szinmuveszek\/anonymus\/\">A folytat&aacute;s olvas&aacute;sa &rarr;<\/a><\/p>\n","protected":false},"author":1,"featured_media":558,"parent":2,"menu_order":0,"comment_status":"open","ping_status":"open","template":"","meta":{"footnotes":""},"aioseo_notices":[],"_links":{"self":[{"href":"http:\/\/www.szikorarendezoiroda.hu\/szikora\/wp-json\/wp\/v2\/pages\/557"}],"collection":[{"href":"http:\/\/www.szikorarendezoiroda.hu\/szikora\/wp-json\/wp\/v2\/pages"}],"about":[{"href":"http:\/\/www.szikorarendezoiroda.hu\/szikora\/wp-json\/wp\/v2\/types\/page"}],"author":[{"embeddable":true,"href":"http:\/\/www.szikorarendezoiroda.hu\/szikora\/wp-json\/wp\/v2\/users\/1"}],"replies":[{"embeddable":true,"href":"http:\/\/www.szikorarendezoiroda.hu\/szikora\/wp-json\/wp\/v2\/comments?post=557"}],"version-history":[{"count":6,"href":"http:\/\/www.szikorarendezoiroda.hu\/szikora\/wp-json\/wp\/v2\/pages\/557\/revisions"}],"predecessor-version":[{"id":2782,"href":"http:\/\/www.szikorarendezoiroda.hu\/szikora\/wp-json\/wp\/v2\/pages\/557\/revisions\/2782"}],"up":[{"embeddable":true,"href":"http:\/\/www.szikorarendezoiroda.hu\/szikora\/wp-json\/wp\/v2\/pages\/2"}],"wp:featuredmedia":[{"embeddable":true,"href":"http:\/\/www.szikorarendezoiroda.hu\/szikora\/wp-json\/wp\/v2\/media\/558"}],"wp:attachment":[{"href":"http:\/\/www.szikorarendezoiroda.hu\/szikora\/wp-json\/wp\/v2\/media?parent=557"}],"curies":[{"name":"wp","href":"https:\/\/api.w.org\/{rel}","templated":true}]}}

ANONYMUS Szarka Tamás

<p>&nbsp;</p>
<p><strong>Szarka Tamás</strong>     Kossuth – díjas zeneszerző , előadóművész , költő , a Ghymes Együttes frontembere.  Immár 38 esztendeje áll színpadon , dalaira a már jól ismert, sajátos stílus jellemző irodalmi értékű  szöveg-  világa mellett. Zenéje hat az érzelmekre , mélyről jön és erőt ad.   Legújabb szerzői albumán 15 új dal hall – ható.  A hegedű húrjai szinte sírnak mikor játszani kezd , de nem csak a bánat vagy a dráma szól belőlük , hanem az öröm , a tűz a fény is .  Szarka Tamás sok színházi felkérésre írt már zenét , ám ezek a zenék élőben soha nem hangzottak el színpadon és főleg nem a szerző előadásában.  Szólókoncertje ezt a hiányt pótolja most megjelenő szólóalbumának bemutatásával  de szerepel a repertoárján egy két klasszikussá vált darabja is . Sőt olyan zenéket is hallhatunk amik erre az alkalomra készültek .</p>
<p>VÁVÁVÁ című első verseskötete 2000 – ben jelent meg. Ezt követte az Anonymus utazik , majd az Anonymus kérdez .  Első hangoskönyve 2008 – ban készült el melyen verseit és novelláit  Dörner György ,    Eperjes Károly , Gesztesi Károly , Pápai Erika , Rudolf Péter , Stohl András és végül de nem utolsó sorban Törőcsik Mari tolmácsolta .</p>
<p>&nbsp;</p>
<p><strong><span style="font-family: Georgia,Palatino; font-size: 12pt;">SZARKA TAMÁS (GHYMES) ÉS ZENÉSZBARÁTAI KONCERT &#8211; SZERZŐI EST</span></strong></p>
<p><span style="font-family: Georgia,Palatino; font-size: 12pt;">&#8222;Aki még nem fásult, akinek még csillog a szeme, az ezen a koncerten is talál még varázslatot.&#8221; &#8211; vallja a koncertről az előadóművész, zeneszerző, költő. Zenéje hat az értelemre, az érzelmekre és az érzékekre. Mélyről jön és erőt ad.</span></p>

<p>&nbsp; Szarka Tamás     Kossuth – díjas zeneszerző , előadóművész , költő , a Ghymes Együttes frontembere.  Immár 38 esztendeje áll színpadon , dalaira a már jól ismert, sajátos stílus jellemző <a class="more-link" href="http://www.szikorarendezoiroda.hu/szikora/podium-vers-szinmuveszek/anonymus/">A folytat&aacute;s olvas&aacute;sa &rarr;</a></p>
