{"id":554,"date":"2015-05-28T07:00:28","date_gmt":"2015-05-28T07:00:28","guid":{"rendered":"http:\/\/www.szikorarendezoiroda.hu\/szikora\/?page_id=554"},"modified":"2018-08-03T05:39:30","modified_gmt":"2018-08-03T05:39:30","slug":"szarka-gyula-ghymes-zenesz-zeneszerzo","status":"publish","type":"page","link":"http:\/\/www.szikorarendezoiroda.hu\/szikora\/podium-vers-szinmuveszek\/szarka-gyula-ghymes-zenesz-zeneszerzo\/","title":{"rendered":"SZARKA GYULA (GHYMES) ZEN\u00c9SZ, ZENESZERZ\u0150."},"content":{"rendered":"<p>&nbsp;<\/p>\n<p><span style=\"font-family: Georgia,Palatino; font-size: 12pt;\">Egyik szerz\u0151i estj\u00e9nek c\u00edme: &#8222;Bor \u00e9s l\u00e1nyka&#8221;. Pet\u0151fi, Balassi, Csokonai, G\u00e1rdonyi bordalai megzen\u00e9s\u00edtve azzal a sz\u00e1nd\u00e9kkal, hogy a kit\u0171n\u0151 magyar borhoz m\u00e9lt\u0151 irodalmi \u00e9rt\u00e9k p\u00e1rosuljon.<\/span><\/p>\n<p><span style=\"font-family: Georgia,Palatino; font-size: 12pt;\">A m\u00e1sik est &#8222;az Alku&#8221; c\u00edmet viseli. 16-17. sz\u00e1zadi magyar szerelmes levelek az ihlet\u0151i, melyeket p\u00e9ld\u00e1ulZr\u00ednyi Kata \u00edrt f\u00e9rj\u00e9hez Forg\u00e1ch Imr\u00e9hez, vagy I. R\u00e1k\u00f3czi Gy\u00f6rgy feles\u00e9g\u00e9hez L\u00f3r\u00e1ntffy Zsuzsann\u00e1hoz. Humor, s\u0151t f\u00e9lt\u00e9kenys\u00e9g is jellemzi e m\u00e1ra m\u00e1r sajnos kihaltnak tekinthet\u0151 m\u0171fajt. \u00c9rdemes legal\u00e1bb egy p\u00f3dium est erej\u00e9ig \u00fajra felid\u00e9zni \u0151ket.<\/span><\/p>\n<p><iframe loading=\"lazy\" width=\"800\" height=\"450\" src=\"https:\/\/www.youtube.com\/embed\/ivJCjOar8Ak?feature=oembed\" frameborder=\"0\" allowfullscreen><\/iframe><\/p>\n","protected":false},"excerpt":{"rendered":"<p>&nbsp; Egyik szerz\u0151i estj\u00e9nek c\u00edme: &#8222;Bor \u00e9s l\u00e1nyka&#8221;. Pet\u0151fi, Balassi, Csokonai, G\u00e1rdonyi bordalai megzen\u00e9s\u00edtve azzal a sz\u00e1nd\u00e9kkal, hogy a kit\u0171n\u0151 magyar borhoz m\u00e9lt\u0151 irodalmi \u00e9rt\u00e9k p\u00e1rosuljon. A m\u00e1sik est &#8222;az <a class=\"more-link\" href=\"http:\/\/www.szikorarendezoiroda.hu\/szikora\/podium-vers-szinmuveszek\/szarka-gyula-ghymes-zenesz-zeneszerzo\/\">A folytat&aacute;s olvas&aacute;sa &rarr;<\/a><\/p>\n","protected":false},"author":1,"featured_media":555,"parent":2,"menu_order":0,"comment_status":"open","ping_status":"open","template":"","meta":{"footnotes":""},"aioseo_notices":[],"_links":{"self":[{"href":"http:\/\/www.szikorarendezoiroda.hu\/szikora\/wp-json\/wp\/v2\/pages\/554"}],"collection":[{"href":"http:\/\/www.szikorarendezoiroda.hu\/szikora\/wp-json\/wp\/v2\/pages"}],"about":[{"href":"http:\/\/www.szikorarendezoiroda.hu\/szikora\/wp-json\/wp\/v2\/types\/page"}],"author":[{"embeddable":true,"href":"http:\/\/www.szikorarendezoiroda.hu\/szikora\/wp-json\/wp\/v2\/users\/1"}],"replies":[{"embeddable":true,"href":"http:\/\/www.szikorarendezoiroda.hu\/szikora\/wp-json\/wp\/v2\/comments?post=554"}],"version-history":[{"count":3,"href":"http:\/\/www.szikorarendezoiroda.hu\/szikora\/wp-json\/wp\/v2\/pages\/554\/revisions"}],"predecessor-version":[{"id":2829,"href":"http:\/\/www.szikorarendezoiroda.hu\/szikora\/wp-json\/wp\/v2\/pages\/554\/revisions\/2829"}],"up":[{"embeddable":true,"href":"http:\/\/www.szikorarendezoiroda.hu\/szikora\/wp-json\/wp\/v2\/pages\/2"}],"wp:featuredmedia":[{"embeddable":true,"href":"http:\/\/www.szikorarendezoiroda.hu\/szikora\/wp-json\/wp\/v2\/media\/555"}],"wp:attachment":[{"href":"http:\/\/www.szikorarendezoiroda.hu\/szikora\/wp-json\/wp\/v2\/media?parent=554"}],"curies":[{"name":"wp","href":"https:\/\/api.w.org\/{rel}","templated":true}]}}