{"id":551,"date":"2015-05-28T06:59:03","date_gmt":"2015-05-28T06:59:03","guid":{"rendered":"http:\/\/www.szikorarendezoiroda.hu\/szikora\/?page_id=551"},"modified":"2018-08-03T05:38:19","modified_gmt":"2018-08-03T05:38:19","slug":"safar-monika","status":"publish","type":"page","link":"http:\/\/www.szikorarendezoiroda.hu\/szikora\/podium-vers-szinmuveszek\/safar-monika\/","title":{"rendered":"S\u00c1F\u00c1R M\u00d3NIKA"},"content":{"rendered":"<p>&nbsp;<\/p>\n<p><span style=\"font-family: Georgia,Palatino; font-size: 12pt;\">V\u00e1logat\u00e1s a klasszikus zene gy\u00f6ngyszemeib\u0151l \u2013 \u00e9nekhangra, trombit\u00e1ra \u00e9s orgon\u00e1ra.<\/span><\/p>\n<p><iframe loading=\"lazy\" width=\"800\" height=\"600\" src=\"https:\/\/www.youtube.com\/embed\/_C2gacFQAYQ?feature=oembed\" frameborder=\"0\" allowfullscreen><\/iframe><\/p>\n","protected":false},"excerpt":{"rendered":"<p>&nbsp; V\u00e1logat\u00e1s a klasszikus zene gy\u00f6ngyszemeib\u0151l \u2013 \u00e9nekhangra, trombit\u00e1ra \u00e9s orgon\u00e1ra.<\/p>\n","protected":false},"author":1,"featured_media":552,"parent":2,"menu_order":0,"comment_status":"open","ping_status":"open","template":"","meta":{"footnotes":""},"aioseo_notices":[],"_links":{"self":[{"href":"http:\/\/www.szikorarendezoiroda.hu\/szikora\/wp-json\/wp\/v2\/pages\/551"}],"collection":[{"href":"http:\/\/www.szikorarendezoiroda.hu\/szikora\/wp-json\/wp\/v2\/pages"}],"about":[{"href":"http:\/\/www.szikorarendezoiroda.hu\/szikora\/wp-json\/wp\/v2\/types\/page"}],"author":[{"embeddable":true,"href":"http:\/\/www.szikorarendezoiroda.hu\/szikora\/wp-json\/wp\/v2\/users\/1"}],"replies":[{"embeddable":true,"href":"http:\/\/www.szikorarendezoiroda.hu\/szikora\/wp-json\/wp\/v2\/comments?post=551"}],"version-history":[{"count":3,"href":"http:\/\/www.szikorarendezoiroda.hu\/szikora\/wp-json\/wp\/v2\/pages\/551\/revisions"}],"predecessor-version":[{"id":2827,"href":"http:\/\/www.szikorarendezoiroda.hu\/szikora\/wp-json\/wp\/v2\/pages\/551\/revisions\/2827"}],"up":[{"embeddable":true,"href":"http:\/\/www.szikorarendezoiroda.hu\/szikora\/wp-json\/wp\/v2\/pages\/2"}],"wp:featuredmedia":[{"embeddable":true,"href":"http:\/\/www.szikorarendezoiroda.hu\/szikora\/wp-json\/wp\/v2\/media\/552"}],"wp:attachment":[{"href":"http:\/\/www.szikorarendezoiroda.hu\/szikora\/wp-json\/wp\/v2\/media?parent=551"}],"curies":[{"name":"wp","href":"https:\/\/api.w.org\/{rel}","templated":true}]}}

SÁFÁR MÓNIKA

<p>&nbsp;</p>
<p><span style="font-family: Georgia,Palatino; font-size: 12pt;">Válogatás a klasszikus zene gyöngyszemeiből – énekhangra, trombitára és orgonára.</span></p>
<p><iframe loading="lazy" width="800" height="600" src="https://www.youtube.com/embed/_C2gacFQAYQ?feature=oembed" frameborder="0" allowfullscreen></iframe></p>

<p>&nbsp; Válogatás a klasszikus zene gyöngyszemeiből – énekhangra, trombitára és orgonára.</p>
