{"id":548,"date":"2015-05-28T06:57:34","date_gmt":"2015-05-28T06:57:34","guid":{"rendered":"http:\/\/www.szikorarendezoiroda.hu\/szikora\/?page_id=548"},"modified":"2018-08-03T05:38:10","modified_gmt":"2018-08-03T05:38:10","slug":"rekasi-karoly","status":"publish","type":"page","link":"http:\/\/www.szikorarendezoiroda.hu\/szikora\/podium-vers-szinmuveszek\/rekasi-karoly\/","title":{"rendered":"R\u00c9KASI K\u00c1ROLY"},"content":{"rendered":"<p>&nbsp;<\/p>\n<p><em><span style=\"font-family: Georgia,Palatino; font-size: 12pt;\">\u00a0\u201eSzerelmem Erd\u00e9ly&#8221;<\/span><\/em><\/p>\n<p><span style=\"font-family: Georgia,Palatino; font-size: 12pt;\">Wass Albert levelei , versei , \u00edr\u00e1sai alapj\u00e1n \u00f6ssze\u00e1ll\u00edtotta \u00e9s a filmmont\u00e1zsokat k\u00e9sz\u00edtette Koltay G\u00e1bor. A f\u0151 gondolati \u00edvet az \u00edr\u00f3 \u00e9let\u00e9ben jelent\u0151s szerepet j\u00e1tsz\u00f3 asszonyokhoz \u00edrt lev\u00e9lr\u00e9szletekb\u0151l \u00e9p\u00edtkezik .<\/span><\/p>\n<p><iframe loading=\"lazy\" width=\"800\" height=\"450\" src=\"https:\/\/www.youtube.com\/embed\/KYZd29xheR0?feature=oembed\" frameborder=\"0\" allowfullscreen><\/iframe><\/p>\n","protected":false},"excerpt":{"rendered":"<p>&nbsp; \u00a0\u201eSzerelmem Erd\u00e9ly&#8221; Wass Albert levelei , versei , \u00edr\u00e1sai alapj\u00e1n \u00f6ssze\u00e1ll\u00edtotta \u00e9s a filmmont\u00e1zsokat k\u00e9sz\u00edtette Koltay G\u00e1bor. A f\u0151 gondolati \u00edvet az \u00edr\u00f3 \u00e9let\u00e9ben jelent\u0151s szerepet j\u00e1tsz\u00f3 asszonyokhoz \u00edrt <a class=\"more-link\" href=\"http:\/\/www.szikorarendezoiroda.hu\/szikora\/podium-vers-szinmuveszek\/rekasi-karoly\/\">A folytat&aacute;s olvas&aacute;sa &rarr;<\/a><\/p>\n","protected":false},"author":1,"featured_media":549,"parent":2,"menu_order":0,"comment_status":"open","ping_status":"open","template":"","meta":{"footnotes":""},"aioseo_notices":[],"_links":{"self":[{"href":"http:\/\/www.szikorarendezoiroda.hu\/szikora\/wp-json\/wp\/v2\/pages\/548"}],"collection":[{"href":"http:\/\/www.szikorarendezoiroda.hu\/szikora\/wp-json\/wp\/v2\/pages"}],"about":[{"href":"http:\/\/www.szikorarendezoiroda.hu\/szikora\/wp-json\/wp\/v2\/types\/page"}],"author":[{"embeddable":true,"href":"http:\/\/www.szikorarendezoiroda.hu\/szikora\/wp-json\/wp\/v2\/users\/1"}],"replies":[{"embeddable":true,"href":"http:\/\/www.szikorarendezoiroda.hu\/szikora\/wp-json\/wp\/v2\/comments?post=548"}],"version-history":[{"count":3,"href":"http:\/\/www.szikorarendezoiroda.hu\/szikora\/wp-json\/wp\/v2\/pages\/548\/revisions"}],"predecessor-version":[{"id":2826,"href":"http:\/\/www.szikorarendezoiroda.hu\/szikora\/wp-json\/wp\/v2\/pages\/548\/revisions\/2826"}],"up":[{"embeddable":true,"href":"http:\/\/www.szikorarendezoiroda.hu\/szikora\/wp-json\/wp\/v2\/pages\/2"}],"wp:featuredmedia":[{"embeddable":true,"href":"http:\/\/www.szikorarendezoiroda.hu\/szikora\/wp-json\/wp\/v2\/media\/549"}],"wp:attachment":[{"href":"http:\/\/www.szikorarendezoiroda.hu\/szikora\/wp-json\/wp\/v2\/media?parent=548"}],"curies":[{"name":"wp","href":"https:\/\/api.w.org\/{rel}","templated":true}]}}

RÉKASI KÁROLY

<p>&nbsp;</p>
<p><em><span style="font-family: Georgia,Palatino; font-size: 12pt;"> „Szerelmem Erdély&#8221;</span></em></p>
<p><span style="font-family: Georgia,Palatino; font-size: 12pt;">Wass Albert levelei , versei , írásai alapján összeállította és a filmmontázsokat készítette Koltay Gábor. A fő gondolati ívet az író életében jelentős szerepet játszó asszonyokhoz írt levélrészletekből építkezik .</span></p>
<p><iframe loading="lazy" width="800" height="450" src="https://www.youtube.com/embed/KYZd29xheR0?feature=oembed" frameborder="0" allowfullscreen></iframe></p>

<p>&nbsp;  „Szerelmem Erdély&#8221; Wass Albert levelei , versei , írásai alapján összeállította és a filmmontázsokat készítette Koltay Gábor. A fő gondolati ívet az író életében jelentős szerepet játszó asszonyokhoz írt <a class="more-link" href="http://www.szikorarendezoiroda.hu/szikora/podium-vers-szinmuveszek/rekasi-karoly/">A folytat&aacute;s olvas&aacute;sa &rarr;</a></p>
