{"id":542,"date":"2015-05-28T06:52:26","date_gmt":"2015-05-28T06:52:26","guid":{"rendered":"http:\/\/www.szikorarendezoiroda.hu\/szikora\/?page_id=542"},"modified":"2018-08-03T05:37:33","modified_gmt":"2018-08-03T05:37:33","slug":"nyerges-attila","status":"publish","type":"page","link":"http:\/\/www.szikorarendezoiroda.hu\/szikora\/podium-vers-szinmuveszek\/nyerges-attila\/","title":{"rendered":"NYERGES ATTILA"},"content":{"rendered":"<p>&nbsp;<\/p>\n<p><span style=\"font-family: Georgia,Palatino; font-size: 12pt;\"><em>&#8222;Ap\u00e1k \u00e9s fi\u00fak&#8230;&#8221;<\/em> Az Ismer\u0151s Arcok zenekar k\u00e9t tagj\u00e1nak, Nyerges Attil\u00e1nak \u00e9s Lecz\u00f3 Szilveszternek \u00f6n\u00e1ll\u00f3 estje. <\/span><\/p>\n<p><span style=\"font-family: Georgia,Palatino; font-size: 12pt;\">A t\u00e9ma \u00f6r\u00f6k, vagy az kell hogy legyen. Gyerekkor &#8211; kamaszkor &#8211; apa \u00e9s fi\u00fa kapcsolat &#8211; a sz\u00fcl\u0151k, a nagysz\u00fcl\u0151k ir\u00e1nt \u00e9rzett tisztelet \u00e9s a haza felt\u00e9tel n\u00e9lk\u00fcli szeretete. A m\u0171sorban elhangzanak \u00d6rk\u00e9ny Istv\u00e1n \u00e9s L\u00e1z\u00e1r Ervin \u00edr\u00e1sok \u00e9s term\u00e9szetesen Nyerges Attila megzen\u00e9s\u00edtett versei.<\/span><\/p>\n<p><iframe loading=\"lazy\" width=\"800\" height=\"600\" src=\"https:\/\/www.youtube.com\/embed\/J0FH8-qJCi8?feature=oembed\" frameborder=\"0\" allowfullscreen><\/iframe><\/p>\n","protected":false},"excerpt":{"rendered":"<p>&nbsp; &#8222;Ap\u00e1k \u00e9s fi\u00fak&#8230;&#8221; Az Ismer\u0151s Arcok zenekar k\u00e9t tagj\u00e1nak, Nyerges Attil\u00e1nak \u00e9s Lecz\u00f3 Szilveszternek \u00f6n\u00e1ll\u00f3 estje. A t\u00e9ma \u00f6r\u00f6k, vagy az kell hogy legyen. Gyerekkor &#8211; kamaszkor &#8211; apa <a class=\"more-link\" href=\"http:\/\/www.szikorarendezoiroda.hu\/szikora\/podium-vers-szinmuveszek\/nyerges-attila\/\">A folytat&aacute;s olvas&aacute;sa &rarr;<\/a><\/p>\n","protected":false},"author":1,"featured_media":543,"parent":2,"menu_order":0,"comment_status":"open","ping_status":"open","template":"","meta":{"footnotes":""},"aioseo_notices":[],"_links":{"self":[{"href":"http:\/\/www.szikorarendezoiroda.hu\/szikora\/wp-json\/wp\/v2\/pages\/542"}],"collection":[{"href":"http:\/\/www.szikorarendezoiroda.hu\/szikora\/wp-json\/wp\/v2\/pages"}],"about":[{"href":"http:\/\/www.szikorarendezoiroda.hu\/szikora\/wp-json\/wp\/v2\/types\/page"}],"author":[{"embeddable":true,"href":"http:\/\/www.szikorarendezoiroda.hu\/szikora\/wp-json\/wp\/v2\/users\/1"}],"replies":[{"embeddable":true,"href":"http:\/\/www.szikorarendezoiroda.hu\/szikora\/wp-json\/wp\/v2\/comments?post=542"}],"version-history":[{"count":3,"href":"http:\/\/www.szikorarendezoiroda.hu\/szikora\/wp-json\/wp\/v2\/pages\/542\/revisions"}],"predecessor-version":[{"id":2824,"href":"http:\/\/www.szikorarendezoiroda.hu\/szikora\/wp-json\/wp\/v2\/pages\/542\/revisions\/2824"}],"up":[{"embeddable":true,"href":"http:\/\/www.szikorarendezoiroda.hu\/szikora\/wp-json\/wp\/v2\/pages\/2"}],"wp:featuredmedia":[{"embeddable":true,"href":"http:\/\/www.szikorarendezoiroda.hu\/szikora\/wp-json\/wp\/v2\/media\/543"}],"wp:attachment":[{"href":"http:\/\/www.szikorarendezoiroda.hu\/szikora\/wp-json\/wp\/v2\/media?parent=542"}],"curies":[{"name":"wp","href":"https:\/\/api.w.org\/{rel}","templated":true}]}}

<p>&nbsp;</p>
<p><span style="font-family: Georgia,Palatino; font-size: 12pt;"><em>&#8222;Apák és fiúk&#8230;&#8221;</em> Az Ismerős Arcok zenekar két tagjának, Nyerges Attilának és Leczó Szilveszternek önálló estje. </span></p>
<p><span style="font-family: Georgia,Palatino; font-size: 12pt;">A téma örök, vagy az kell hogy legyen. Gyerekkor &#8211; kamaszkor &#8211; apa és fiú kapcsolat &#8211; a szülők, a nagyszülők iránt érzett tisztelet és a haza feltétel nélküli szeretete. A műsorban elhangzanak Örkény István és Lázár Ervin írások és természetesen Nyerges Attila megzenésített versei.</span></p>
<p><iframe loading="lazy" width="800" height="600" src="https://www.youtube.com/embed/J0FH8-qJCi8?feature=oembed" frameborder="0" allowfullscreen></iframe></p>

<p>&nbsp; &#8222;Apák és fiúk&#8230;&#8221; Az Ismerős Arcok zenekar két tagjának, Nyerges Attilának és Leczó Szilveszternek önálló estje. A téma örök, vagy az kell hogy legyen. Gyerekkor &#8211; kamaszkor &#8211; apa <a class="more-link" href="http://www.szikorarendezoiroda.hu/szikora/podium-vers-szinmuveszek/nyerges-attila/">A folytat&aacute;s olvas&aacute;sa &rarr;</a></p>
