{"id":533,"date":"2015-05-28T06:48:24","date_gmt":"2015-05-28T06:48:24","guid":{"rendered":"http:\/\/www.szikorarendezoiroda.hu\/szikora\/?page_id=533"},"modified":"2018-08-03T05:36:13","modified_gmt":"2018-08-03T05:36:13","slug":"macsai-pal-huzella-peter","status":"publish","type":"page","link":"http:\/\/www.szikorarendezoiroda.hu\/szikora\/podium-vers-szinmuveszek\/macsai-pal-huzella-peter\/","title":{"rendered":"M\u00c1CSAI P\u00c1L-HUZELLA P\u00c9TER"},"content":{"rendered":"<p>&nbsp;<\/p>\n<p><span style=\"font-family: Georgia,Palatino; font-size: 12pt;\"><em>\u201eBefogad, kitasz\u00edt a vil\u00e1g\u2026\u201d<\/em> a k\u00e9t kiv\u00e1l\u00f3 m\u0171v\u00e9sz Villon estje.<\/span><\/p>\n<p>&nbsp;<\/p>\n<p><iframe loading=\"lazy\" width=\"800\" height=\"450\" src=\"https:\/\/www.youtube.com\/embed\/KDvDbbUfkII?feature=oembed\" frameborder=\"0\" allowfullscreen><\/iframe><\/p>\n","protected":false},"excerpt":{"rendered":"<p>&nbsp; \u201eBefogad, kitasz\u00edt a vil\u00e1g\u2026\u201d a k\u00e9t kiv\u00e1l\u00f3 m\u0171v\u00e9sz Villon estje. &nbsp;<\/p>\n","protected":false},"author":1,"featured_media":534,"parent":2,"menu_order":0,"comment_status":"open","ping_status":"open","template":"","meta":{"footnotes":""},"aioseo_notices":[],"_links":{"self":[{"href":"http:\/\/www.szikorarendezoiroda.hu\/szikora\/wp-json\/wp\/v2\/pages\/533"}],"collection":[{"href":"http:\/\/www.szikorarendezoiroda.hu\/szikora\/wp-json\/wp\/v2\/pages"}],"about":[{"href":"http:\/\/www.szikorarendezoiroda.hu\/szikora\/wp-json\/wp\/v2\/types\/page"}],"author":[{"embeddable":true,"href":"http:\/\/www.szikorarendezoiroda.hu\/szikora\/wp-json\/wp\/v2\/users\/1"}],"replies":[{"embeddable":true,"href":"http:\/\/www.szikorarendezoiroda.hu\/szikora\/wp-json\/wp\/v2\/comments?post=533"}],"version-history":[{"count":3,"href":"http:\/\/www.szikorarendezoiroda.hu\/szikora\/wp-json\/wp\/v2\/pages\/533\/revisions"}],"predecessor-version":[{"id":2819,"href":"http:\/\/www.szikorarendezoiroda.hu\/szikora\/wp-json\/wp\/v2\/pages\/533\/revisions\/2819"}],"up":[{"embeddable":true,"href":"http:\/\/www.szikorarendezoiroda.hu\/szikora\/wp-json\/wp\/v2\/pages\/2"}],"wp:featuredmedia":[{"embeddable":true,"href":"http:\/\/www.szikorarendezoiroda.hu\/szikora\/wp-json\/wp\/v2\/media\/534"}],"wp:attachment":[{"href":"http:\/\/www.szikorarendezoiroda.hu\/szikora\/wp-json\/wp\/v2\/media?parent=533"}],"curies":[{"name":"wp","href":"https:\/\/api.w.org\/{rel}","templated":true}]}}