{"id":519,"date":"2015-05-28T06:42:08","date_gmt":"2015-05-28T06:42:08","guid":{"rendered":"http:\/\/www.szikorarendezoiroda.hu\/szikora\/?page_id=519"},"modified":"2018-08-03T05:35:32","modified_gmt":"2018-08-03T05:35:32","slug":"lukacs-sandor","status":"publish","type":"page","link":"http:\/\/www.szikorarendezoiroda.hu\/szikora\/podium-vers-szinmuveszek\/lukacs-sandor\/","title":{"rendered":"LUK\u00c1CS S\u00c1NDOR"},"content":{"rendered":"<p>&nbsp;<\/p>\n<p><span style=\"font-family: Georgia,Palatino; font-size: 12pt;\"><em>\u201eVerseim tiszta t\u00fckr\u00e9ben\u2026\u201d<\/em> a m\u0171v\u00e9sz irodalmi jeleseink mellett saj\u00e1t mag\u00e1r\u00f3l is vall.<\/span><\/p>\n<p><iframe loading=\"lazy\" width=\"800\" height=\"600\" src=\"https:\/\/www.youtube.com\/embed\/Oz9wzPiAEPI?feature=oembed\" frameborder=\"0\" allowfullscreen><\/iframe><\/p>\n","protected":false},"excerpt":{"rendered":"<p>&nbsp; \u201eVerseim tiszta t\u00fckr\u00e9ben\u2026\u201d a m\u0171v\u00e9sz irodalmi jeleseink mellett saj\u00e1t mag\u00e1r\u00f3l is vall.<\/p>\n","protected":false},"author":1,"featured_media":520,"parent":2,"menu_order":0,"comment_status":"open","ping_status":"open","template":"","meta":{"footnotes":""},"aioseo_notices":[],"_links":{"self":[{"href":"http:\/\/www.szikorarendezoiroda.hu\/szikora\/wp-json\/wp\/v2\/pages\/519"}],"collection":[{"href":"http:\/\/www.szikorarendezoiroda.hu\/szikora\/wp-json\/wp\/v2\/pages"}],"about":[{"href":"http:\/\/www.szikorarendezoiroda.hu\/szikora\/wp-json\/wp\/v2\/types\/page"}],"author":[{"embeddable":true,"href":"http:\/\/www.szikorarendezoiroda.hu\/szikora\/wp-json\/wp\/v2\/users\/1"}],"replies":[{"embeddable":true,"href":"http:\/\/www.szikorarendezoiroda.hu\/szikora\/wp-json\/wp\/v2\/comments?post=519"}],"version-history":[{"count":3,"href":"http:\/\/www.szikorarendezoiroda.hu\/szikora\/wp-json\/wp\/v2\/pages\/519\/revisions"}],"predecessor-version":[{"id":2817,"href":"http:\/\/www.szikorarendezoiroda.hu\/szikora\/wp-json\/wp\/v2\/pages\/519\/revisions\/2817"}],"up":[{"embeddable":true,"href":"http:\/\/www.szikorarendezoiroda.hu\/szikora\/wp-json\/wp\/v2\/pages\/2"}],"wp:featuredmedia":[{"embeddable":true,"href":"http:\/\/www.szikorarendezoiroda.hu\/szikora\/wp-json\/wp\/v2\/media\/520"}],"wp:attachment":[{"href":"http:\/\/www.szikorarendezoiroda.hu\/szikora\/wp-json\/wp\/v2\/media?parent=519"}],"curies":[{"name":"wp","href":"https:\/\/api.w.org\/{rel}","templated":true}]}}

LUKÁCS SÁNDOR

<p>&nbsp;</p>
<p><span style="font-family: Georgia,Palatino; font-size: 12pt;"><em>„Verseim tiszta tükrében…”</em> a művész irodalmi jeleseink mellett saját magáról is vall.</span></p>
<p><iframe loading="lazy" width="800" height="600" src="https://www.youtube.com/embed/Oz9wzPiAEPI?feature=oembed" frameborder="0" allowfullscreen></iframe></p>

<p>&nbsp; „Verseim tiszta tükrében…” a művész irodalmi jeleseink mellett saját magáról is vall.</p>
