{"id":508,"date":"2015-05-28T06:37:12","date_gmt":"2015-05-28T06:37:12","guid":{"rendered":"http:\/\/www.szikorarendezoiroda.hu\/szikora\/?page_id=508"},"modified":"2018-08-03T05:33:30","modified_gmt":"2018-08-03T05:33:30","slug":"koka-rozalia","status":"publish","type":"page","link":"http:\/\/www.szikorarendezoiroda.hu\/szikora\/podium-vers-szinmuveszek\/koka-rozalia\/","title":{"rendered":"K\u00d3KA ROZ\u00c1LIA"},"content":{"rendered":"<p>&nbsp;<\/p>\n<p><span style=\"font-family: Georgia,Palatino; font-size: 12pt;\">Nem csak a f\u00e9rfiak tudnak mes\u00e9lni,hanem az asszonyok is. S\u0151t ! Azok tudnak csak igaz\u00e1n. Mert<em> \u201eMib\u0151l van az asszon?&#8221;<\/em> Megtudhatjuk ebb\u0151l a fergetegesen vid\u00e1m p\u00f3dium estb\u0151l. Petr\u00e1s M\u00e1ria n\u00e9pdal\u00e9nekes k\u00f6zrem\u0171k\u00f6d\u00e9s\u00e9vel.<\/span><\/p>\n<p><iframe loading=\"lazy\" width=\"800\" height=\"600\" src=\"https:\/\/www.youtube.com\/embed\/JB8z6kLQS4g?feature=oembed\" frameborder=\"0\" allowfullscreen><\/iframe><\/p>\n","protected":false},"excerpt":{"rendered":"<p>&nbsp; Nem csak a f\u00e9rfiak tudnak mes\u00e9lni,hanem az asszonyok is. S\u0151t ! Azok tudnak csak igaz\u00e1n. Mert \u201eMib\u0151l van az asszon?&#8221; Megtudhatjuk ebb\u0151l a fergetegesen vid\u00e1m p\u00f3dium estb\u0151l. Petr\u00e1s M\u00e1ria <a class=\"more-link\" href=\"http:\/\/www.szikorarendezoiroda.hu\/szikora\/podium-vers-szinmuveszek\/koka-rozalia\/\">A folytat&aacute;s olvas&aacute;sa &rarr;<\/a><\/p>\n","protected":false},"author":1,"featured_media":162,"parent":2,"menu_order":0,"comment_status":"open","ping_status":"open","template":"","meta":{"footnotes":""},"aioseo_notices":[],"_links":{"self":[{"href":"http:\/\/www.szikorarendezoiroda.hu\/szikora\/wp-json\/wp\/v2\/pages\/508"}],"collection":[{"href":"http:\/\/www.szikorarendezoiroda.hu\/szikora\/wp-json\/wp\/v2\/pages"}],"about":[{"href":"http:\/\/www.szikorarendezoiroda.hu\/szikora\/wp-json\/wp\/v2\/types\/page"}],"author":[{"embeddable":true,"href":"http:\/\/www.szikorarendezoiroda.hu\/szikora\/wp-json\/wp\/v2\/users\/1"}],"replies":[{"embeddable":true,"href":"http:\/\/www.szikorarendezoiroda.hu\/szikora\/wp-json\/wp\/v2\/comments?post=508"}],"version-history":[{"count":3,"href":"http:\/\/www.szikorarendezoiroda.hu\/szikora\/wp-json\/wp\/v2\/pages\/508\/revisions"}],"predecessor-version":[{"id":2811,"href":"http:\/\/www.szikorarendezoiroda.hu\/szikora\/wp-json\/wp\/v2\/pages\/508\/revisions\/2811"}],"up":[{"embeddable":true,"href":"http:\/\/www.szikorarendezoiroda.hu\/szikora\/wp-json\/wp\/v2\/pages\/2"}],"wp:featuredmedia":[{"embeddable":true,"href":"http:\/\/www.szikorarendezoiroda.hu\/szikora\/wp-json\/wp\/v2\/media\/162"}],"wp:attachment":[{"href":"http:\/\/www.szikorarendezoiroda.hu\/szikora\/wp-json\/wp\/v2\/media?parent=508"}],"curies":[{"name":"wp","href":"https:\/\/api.w.org\/{rel}","templated":true}]}}