{"id":502,"date":"2015-05-28T06:34:50","date_gmt":"2015-05-28T06:34:50","guid":{"rendered":"http:\/\/www.szikorarendezoiroda.hu\/szikora\/?page_id=502"},"modified":"2018-08-03T05:34:27","modified_gmt":"2018-08-03T05:34:27","slug":"koncz-gabor","status":"publish","type":"page","link":"http:\/\/www.szikorarendezoiroda.hu\/szikora\/podium-vers-szinmuveszek\/koncz-gabor\/","title":{"rendered":"KONCZ G\u00c1BOR"},"content":{"rendered":"<p>&nbsp;<\/p>\n<p><em>\u201eGyorsvonat\u2026\u201d<\/em> az \u00e9let egy \u0151r\u00fclt rohan\u00e1s, csak n\u00e9ha \u00e1llunk meg egy-egy percre.<\/p>\n<p><iframe loading=\"lazy\" width=\"800\" height=\"600\" src=\"https:\/\/www.youtube.com\/embed\/RFiLvn1zkTk?feature=oembed\" frameborder=\"0\" allowfullscreen><\/iframe><\/p>\n","protected":false},"excerpt":{"rendered":"<p>&nbsp; \u201eGyorsvonat\u2026\u201d az \u00e9let egy \u0151r\u00fclt rohan\u00e1s, csak n\u00e9ha \u00e1llunk meg egy-egy percre.<\/p>\n","protected":false},"author":1,"featured_media":503,"parent":2,"menu_order":0,"comment_status":"open","ping_status":"open","template":"","meta":{"footnotes":""},"aioseo_notices":[],"_links":{"self":[{"href":"http:\/\/www.szikorarendezoiroda.hu\/szikora\/wp-json\/wp\/v2\/pages\/502"}],"collection":[{"href":"http:\/\/www.szikorarendezoiroda.hu\/szikora\/wp-json\/wp\/v2\/pages"}],"about":[{"href":"http:\/\/www.szikorarendezoiroda.hu\/szikora\/wp-json\/wp\/v2\/types\/page"}],"author":[{"embeddable":true,"href":"http:\/\/www.szikorarendezoiroda.hu\/szikora\/wp-json\/wp\/v2\/users\/1"}],"replies":[{"embeddable":true,"href":"http:\/\/www.szikorarendezoiroda.hu\/szikora\/wp-json\/wp\/v2\/comments?post=502"}],"version-history":[{"count":3,"href":"http:\/\/www.szikorarendezoiroda.hu\/szikora\/wp-json\/wp\/v2\/pages\/502\/revisions"}],"predecessor-version":[{"id":2813,"href":"http:\/\/www.szikorarendezoiroda.hu\/szikora\/wp-json\/wp\/v2\/pages\/502\/revisions\/2813"}],"up":[{"embeddable":true,"href":"http:\/\/www.szikorarendezoiroda.hu\/szikora\/wp-json\/wp\/v2\/pages\/2"}],"wp:featuredmedia":[{"embeddable":true,"href":"http:\/\/www.szikorarendezoiroda.hu\/szikora\/wp-json\/wp\/v2\/media\/503"}],"wp:attachment":[{"href":"http:\/\/www.szikorarendezoiroda.hu\/szikora\/wp-json\/wp\/v2\/media?parent=502"}],"curies":[{"name":"wp","href":"https:\/\/api.w.org\/{rel}","templated":true}]}}

KONCZ GÁBOR

<p>&nbsp;</p>
<p><em>„Gyorsvonat…”</em> az élet egy őrült rohanás, csak néha állunk meg egy-egy percre.</p>
<p><iframe loading="lazy" width="800" height="600" src="https://www.youtube.com/embed/RFiLvn1zkTk?feature=oembed" frameborder="0" allowfullscreen></iframe></p>

<p>&nbsp; „Gyorsvonat…” az élet egy őrült rohanás, csak néha állunk meg egy-egy percre.</p>
