{"id":483,"date":"2015-05-28T06:25:45","date_gmt":"2015-05-28T06:25:45","guid":{"rendered":"http:\/\/www.szikorarendezoiroda.hu\/szikora\/?page_id=483"},"modified":"2018-08-03T05:31:32","modified_gmt":"2018-08-03T05:31:32","slug":"huvosvolgyi-ildiko","status":"publish","type":"page","link":"http:\/\/www.szikorarendezoiroda.hu\/szikora\/podium-vers-szinmuveszek\/huvosvolgyi-ildiko\/","title":{"rendered":"H\u0170V\u00d6SV\u00d6LGYI ILDIK\u00d3"},"content":{"rendered":"<p>P\u00f3dium estjei &#8211; Kaleidoszk\u00f3p , Csendes csod\u00e1k \u2013 egy finom \u00e9rz\u00e9keny M\u0171v\u00e9sz vallom\u00e1sai amikb\u0151l mindig a boldogs\u00e1g a sz\u00e9ps\u00e9g \u00e9s a szeretet sug\u00e1rzik \u00c9s sokszor a humor mert arra is sz\u0171ks\u00e9g van. No \u00e9s a zene,hiszen fell\u00e9p\u00e9sein kit\u0171n\u0151 \u00e9nek tud\u00e1s\u00e1val is meg\u00f6rvendezteti hallgat\u00f3it.<\/p>\n<p><iframe loading=\"lazy\" width=\"800\" height=\"600\" src=\"https:\/\/www.youtube.com\/embed\/6ipTvs72DEo?feature=oembed\" frameborder=\"0\" allowfullscreen><\/iframe><\/p>\n","protected":false},"excerpt":{"rendered":"<p>P\u00f3dium estjei &#8211; Kaleidoszk\u00f3p , Csendes csod\u00e1k \u2013 egy finom \u00e9rz\u00e9keny M\u0171v\u00e9sz vallom\u00e1sai amikb\u0151l mindig a boldogs\u00e1g a sz\u00e9ps\u00e9g \u00e9s a szeretet sug\u00e1rzik \u00c9s sokszor a humor mert arra is <a class=\"more-link\" href=\"http:\/\/www.szikorarendezoiroda.hu\/szikora\/podium-vers-szinmuveszek\/huvosvolgyi-ildiko\/\">A folytat&aacute;s olvas&aacute;sa &rarr;<\/a><\/p>\n","protected":false},"author":1,"featured_media":424,"parent":2,"menu_order":0,"comment_status":"open","ping_status":"open","template":"","meta":{"footnotes":""},"aioseo_notices":[],"_links":{"self":[{"href":"http:\/\/www.szikorarendezoiroda.hu\/szikora\/wp-json\/wp\/v2\/pages\/483"}],"collection":[{"href":"http:\/\/www.szikorarendezoiroda.hu\/szikora\/wp-json\/wp\/v2\/pages"}],"about":[{"href":"http:\/\/www.szikorarendezoiroda.hu\/szikora\/wp-json\/wp\/v2\/types\/page"}],"author":[{"embeddable":true,"href":"http:\/\/www.szikorarendezoiroda.hu\/szikora\/wp-json\/wp\/v2\/users\/1"}],"replies":[{"embeddable":true,"href":"http:\/\/www.szikorarendezoiroda.hu\/szikora\/wp-json\/wp\/v2\/comments?post=483"}],"version-history":[{"count":3,"href":"http:\/\/www.szikorarendezoiroda.hu\/szikora\/wp-json\/wp\/v2\/pages\/483\/revisions"}],"predecessor-version":[{"id":2805,"href":"http:\/\/www.szikorarendezoiroda.hu\/szikora\/wp-json\/wp\/v2\/pages\/483\/revisions\/2805"}],"up":[{"embeddable":true,"href":"http:\/\/www.szikorarendezoiroda.hu\/szikora\/wp-json\/wp\/v2\/pages\/2"}],"wp:featuredmedia":[{"embeddable":true,"href":"http:\/\/www.szikorarendezoiroda.hu\/szikora\/wp-json\/wp\/v2\/media\/424"}],"wp:attachment":[{"href":"http:\/\/www.szikorarendezoiroda.hu\/szikora\/wp-json\/wp\/v2\/media?parent=483"}],"curies":[{"name":"wp","href":"https:\/\/api.w.org\/{rel}","templated":true}]}}