{"id":434,"date":"2015-05-28T05:44:11","date_gmt":"2015-05-28T05:44:11","guid":{"rendered":"http:\/\/www.szikorarendezoiroda.hu\/szikora\/?page_id=434"},"modified":"2018-08-03T05:27:21","modified_gmt":"2018-08-03T05:27:21","slug":"borbely-sandor-es-blazsovszky-akos","status":"publish","type":"page","link":"http:\/\/www.szikorarendezoiroda.hu\/szikora\/podium-vers-szinmuveszek\/borbely-sandor-es-blazsovszky-akos\/","title":{"rendered":"BORB\u00c9LY S\u00c1NDOR \u00e9s BLAZSOVSZKY \u00c1KOS"},"content":{"rendered":"<p><a href=\"http:\/\/www.szikorarendezoiroda.hu\/szikora\/wp-content\/uploads\/2015\/05\/bb.png\"><img loading=\"lazy\" decoding=\"async\" class=\"alignnone size-full wp-image-435\" src=\"http:\/\/www.szikorarendezoiroda.hu\/szikora\/wp-content\/uploads\/2015\/05\/bb.png\" alt=\"bb\" width=\"105\" height=\"155\" \/><\/a> <a href=\"http:\/\/www.szikorarendezoiroda.hu\/szikora\/wp-content\/uploads\/2015\/05\/bb2.png\"><img loading=\"lazy\" decoding=\"async\" class=\"alignnone size-full wp-image-436\" src=\"http:\/\/www.szikorarendezoiroda.hu\/szikora\/wp-content\/uploads\/2015\/05\/bb2.png\" alt=\"bb2\" width=\"105\" height=\"155\" \/><\/a><\/p>\n<p>&#8222;Az apostol&#8221; Pet\u0151fi S\u00e1ndor nagyszer\u0171 k\u00f6ltem\u00e9nye<br \/>\nBORB\u00c9LY S\u00c1NDOR szem\u00e9lyes\u00edti meg a f\u0151szerepl\u0151t, Szilvesztert.<\/p>\n<p>K\u00f6zrem\u0171k\u00f6dik fiatal sz\u00edn\u00e9szt\u00e1rsa BLAZSOVSZKY \u00c1KOS.<\/p>\n<p>&#8222;Dr\u00e1m\u00e1k ecetben \u00e9s olajban&#8221; &#8211; szemezget\u00e9s Karinthy Frigyes \u00e9letm\u0171v\u00e9b\u0151l.<\/p>\n<p>BORB\u00c9LY S\u00c1NDOR \u00c9S BLAZSOVSZKY \u00c1KOS p\u00f3dium estje, amiben az a csod\u00e1latos, hogy Karinthy vil\u00e1ga m\u00e9g ezen a g\u00f6rbe t\u00fckr\u00f6n kereszt\u00fcl is m\u00e9lys\u00e9gesen kacagtat\u00f3 marad.<\/p>\n","protected":false},"excerpt":{"rendered":"<p>&#8222;Az apostol&#8221; Pet\u0151fi S\u00e1ndor nagyszer\u0171 k\u00f6ltem\u00e9nye BORB\u00c9LY S\u00c1NDOR szem\u00e9lyes\u00edti meg a f\u0151szerepl\u0151t, Szilvesztert. K\u00f6zrem\u0171k\u00f6dik fiatal sz\u00edn\u00e9szt\u00e1rsa BLAZSOVSZKY \u00c1KOS. &#8222;Dr\u00e1m\u00e1k ecetben \u00e9s olajban&#8221; &#8211; szemezget\u00e9s Karinthy Frigyes \u00e9letm\u0171v\u00e9b\u0151l. BORB\u00c9LY S\u00c1NDOR \u00c9S <a class=\"more-link\" href=\"http:\/\/www.szikorarendezoiroda.hu\/szikora\/podium-vers-szinmuveszek\/borbely-sandor-es-blazsovszky-akos\/\">A folytat&aacute;s olvas&aacute;sa &rarr;<\/a><\/p>\n","protected":false},"author":1,"featured_media":2794,"parent":2,"menu_order":0,"comment_status":"open","ping_status":"open","template":"","meta":{"footnotes":""},"aioseo_notices":[],"_links":{"self":[{"href":"http:\/\/www.szikorarendezoiroda.hu\/szikora\/wp-json\/wp\/v2\/pages\/434"}],"collection":[{"href":"http:\/\/www.szikorarendezoiroda.hu\/szikora\/wp-json\/wp\/v2\/pages"}],"about":[{"href":"http:\/\/www.szikorarendezoiroda.hu\/szikora\/wp-json\/wp\/v2\/types\/page"}],"author":[{"embeddable":true,"href":"http:\/\/www.szikorarendezoiroda.hu\/szikora\/wp-json\/wp\/v2\/users\/1"}],"replies":[{"embeddable":true,"href":"http:\/\/www.szikorarendezoiroda.hu\/szikora\/wp-json\/wp\/v2\/comments?post=434"}],"version-history":[{"count":1,"href":"http:\/\/www.szikorarendezoiroda.hu\/szikora\/wp-json\/wp\/v2\/pages\/434\/revisions"}],"predecessor-version":[{"id":437,"href":"http:\/\/www.szikorarendezoiroda.hu\/szikora\/wp-json\/wp\/v2\/pages\/434\/revisions\/437"}],"up":[{"embeddable":true,"href":"http:\/\/www.szikorarendezoiroda.hu\/szikora\/wp-json\/wp\/v2\/pages\/2"}],"wp:featuredmedia":[{"embeddable":true,"href":"http:\/\/www.szikorarendezoiroda.hu\/szikora\/wp-json\/wp\/v2\/media\/2794"}],"wp:attachment":[{"href":"http:\/\/www.szikorarendezoiroda.hu\/szikora\/wp-json\/wp\/v2\/media?parent=434"}],"curies":[{"name":"wp","href":"https:\/\/api.w.org\/{rel}","templated":true}]}}

BORBÉLY SÁNDOR és BLAZSOVSZKY ÁKOS

<p><a href="http://www.szikorarendezoiroda.hu/szikora/wp-content/uploads/2015/05/bb.png"><img loading="lazy" decoding="async" class="alignnone size-full wp-image-435" src="http://www.szikorarendezoiroda.hu/szikora/wp-content/uploads/2015/05/bb.png" alt="bb" width="105" height="155" /></a> <a href="http://www.szikorarendezoiroda.hu/szikora/wp-content/uploads/2015/05/bb2.png"><img loading="lazy" decoding="async" class="alignnone size-full wp-image-436" src="http://www.szikorarendezoiroda.hu/szikora/wp-content/uploads/2015/05/bb2.png" alt="bb2" width="105" height="155" /></a></p>
<p>&#8222;Az apostol&#8221; Petőfi Sándor nagyszerű költeménye<br />
BORBÉLY SÁNDOR személyesíti meg a főszereplőt, Szilvesztert.</p>
<p>Közreműködik fiatal színésztársa BLAZSOVSZKY ÁKOS.</p>
<p>&#8222;Drámák ecetben és olajban&#8221; &#8211; szemezgetés Karinthy Frigyes életművéből.</p>
<p>BORBÉLY SÁNDOR ÉS BLAZSOVSZKY ÁKOS pódium estje, amiben az a csodálatos, hogy Karinthy világa még ezen a görbe tükrön keresztül is mélységesen kacagtató marad.</p>

<p>&#8222;Az apostol&#8221; Petőfi Sándor nagyszerű költeménye BORBÉLY SÁNDOR személyesíti meg a főszereplőt, Szilvesztert. Közreműködik fiatal színésztársa BLAZSOVSZKY ÁKOS. &#8222;Drámák ecetben és olajban&#8221; &#8211; szemezgetés Karinthy Frigyes életművéből. BORBÉLY SÁNDOR ÉS <a class="more-link" href="http://www.szikorarendezoiroda.hu/szikora/podium-vers-szinmuveszek/borbely-sandor-es-blazsovszky-akos/">A folytat&aacute;s olvas&aacute;sa &rarr;</a></p>
