{"id":427,"date":"2015-05-28T05:40:41","date_gmt":"2015-05-28T05:40:41","guid":{"rendered":"http:\/\/www.szikorarendezoiroda.hu\/szikora\/?page_id=427"},"modified":"2018-08-03T05:42:45","modified_gmt":"2018-08-03T05:42:45","slug":"berecz-andras","status":"publish","type":"page","link":"http:\/\/www.szikorarendezoiroda.hu\/szikora\/podium-vers-szinmuveszek\/berecz-andras\/","title":{"rendered":"BERECZ ANDR\u00c1S"},"content":{"rendered":"<p>&nbsp;<\/p>\n<p><span style=\"font-family: Georgia,Palatino; font-size: 12pt;\">Persze most ne a kisgyerekek Andersen mes\u00e9ire gondoljunk, hanem arra az erd\u00e9lyi csavaros esz\u0171 \u00e9s gy\u00f6ny\u00f6r\u0171, \u00edzes st\u00edlus\u00fa mes\u00e9l\u00e9sre ami ink\u00e1bb a feln\u0151tteknek sz\u00f3l. Ami lehet ak\u00e1r kiss\u00e9 pik\u00e1ns is, de mindig \u00edzl\u00e9ses, \u00e9s mindig szellemes.<\/span><\/p>\n<p><iframe loading=\"lazy\" width=\"800\" height=\"600\" src=\"https:\/\/www.youtube.com\/embed\/SHZ2wJ6L9bg?feature=oembed\" frameborder=\"0\" allowfullscreen><\/iframe><\/p>\n<div style=\"clear: both; display: block; text-align:center; margin-left: auto; margin-right: auto;\"><img loading=\"lazy\" decoding=\"async\" src=\"http:\/\/www.szikorarendezoiroda.hu\/szikora\/wp-content\/plugins\/contact-form-lite\/inc\/images\/ajax-loader.gif\" width=\"32\" height=\"32\"\/><\/div>\n","protected":false},"excerpt":{"rendered":"<p>&nbsp; Persze most ne a kisgyerekek Andersen mes\u00e9ire gondoljunk, hanem arra az erd\u00e9lyi csavaros esz\u0171 \u00e9s gy\u00f6ny\u00f6r\u0171, \u00edzes st\u00edlus\u00fa mes\u00e9l\u00e9sre ami ink\u00e1bb a feln\u0151tteknek sz\u00f3l. Ami lehet ak\u00e1r kiss\u00e9 pik\u00e1ns <a class=\"more-link\" href=\"http:\/\/www.szikorarendezoiroda.hu\/szikora\/podium-vers-szinmuveszek\/berecz-andras\/\">A folytat&aacute;s olvas&aacute;sa &rarr;<\/a><\/p>\n","protected":false},"author":1,"featured_media":107,"parent":2,"menu_order":0,"comment_status":"open","ping_status":"open","template":"","meta":{"footnotes":""},"aioseo_notices":[],"_links":{"self":[{"href":"http:\/\/www.szikorarendezoiroda.hu\/szikora\/wp-json\/wp\/v2\/pages\/427"}],"collection":[{"href":"http:\/\/www.szikorarendezoiroda.hu\/szikora\/wp-json\/wp\/v2\/pages"}],"about":[{"href":"http:\/\/www.szikorarendezoiroda.hu\/szikora\/wp-json\/wp\/v2\/types\/page"}],"author":[{"embeddable":true,"href":"http:\/\/www.szikorarendezoiroda.hu\/szikora\/wp-json\/wp\/v2\/users\/1"}],"replies":[{"embeddable":true,"href":"http:\/\/www.szikorarendezoiroda.hu\/szikora\/wp-json\/wp\/v2\/comments?post=427"}],"version-history":[{"count":9,"href":"http:\/\/www.szikorarendezoiroda.hu\/szikora\/wp-json\/wp\/v2\/pages\/427\/revisions"}],"predecessor-version":[{"id":2837,"href":"http:\/\/www.szikorarendezoiroda.hu\/szikora\/wp-json\/wp\/v2\/pages\/427\/revisions\/2837"}],"up":[{"embeddable":true,"href":"http:\/\/www.szikorarendezoiroda.hu\/szikora\/wp-json\/wp\/v2\/pages\/2"}],"wp:featuredmedia":[{"embeddable":true,"href":"http:\/\/www.szikorarendezoiroda.hu\/szikora\/wp-json\/wp\/v2\/media\/107"}],"wp:attachment":[{"href":"http:\/\/www.szikorarendezoiroda.hu\/szikora\/wp-json\/wp\/v2\/media?parent=427"}],"curies":[{"name":"wp","href":"https:\/\/api.w.org\/{rel}","templated":true}]}}

BERECZ ANDRÁS

<p>&nbsp;</p>
<p><span style="font-family: Georgia,Palatino; font-size: 12pt;">Persze most ne a kisgyerekek Andersen meséire gondoljunk, hanem arra az erdélyi csavaros eszű és gyönyörű, ízes stílusú mesélésre ami inkább a felnőtteknek szól. Ami lehet akár kissé pikáns is, de mindig ízléses, és mindig szellemes.</span></p>
<p><iframe loading="lazy" width="800" height="600" src="https://www.youtube.com/embed/SHZ2wJ6L9bg?feature=oembed" frameborder="0" allowfullscreen></iframe></p>
<div style="clear: both; display: block; text-align:center; margin-left: auto; margin-right: auto;"><img loading="lazy" decoding="async" src="http://www.szikorarendezoiroda.hu/szikora/wp-content/plugins/contact-form-lite/inc/images/ajax-loader.gif" width="32" height="32"/></div>

<p>&nbsp; Persze most ne a kisgyerekek Andersen meséire gondoljunk, hanem arra az erdélyi csavaros eszű és gyönyörű, ízes stílusú mesélésre ami inkább a felnőtteknek szól. Ami lehet akár kissé pikáns <a class="more-link" href="http://www.szikorarendezoiroda.hu/szikora/podium-vers-szinmuveszek/berecz-andras/">A folytat&aacute;s olvas&aacute;sa &rarr;</a></p>
