{"id":423,"date":"2015-05-28T05:39:12","date_gmt":"2015-05-28T05:39:12","guid":{"rendered":"http:\/\/www.szikorarendezoiroda.hu\/szikora\/?page_id=423"},"modified":"2018-08-03T05:23:54","modified_gmt":"2018-08-03T05:23:54","slug":"bencze-ilona-huvosvolgyi-ildiko","status":"publish","type":"page","link":"http:\/\/www.szikorarendezoiroda.hu\/szikora\/podium-vers-szinmuveszek\/bencze-ilona-huvosvolgyi-ildiko\/","title":{"rendered":"BENCZE ILONA-H\u0170V\u00d6SV\u00d6LGYI ILDIK\u00d3"},"content":{"rendered":"<p><a href=\"http:\/\/www.szikorarendezoiroda.hu\/szikora\/wp-content\/uploads\/2015\/05\/bencze_ilona_50_folott.jpg\"><img loading=\"lazy\" decoding=\"async\" class=\"alignnone  wp-image-419\" src=\"http:\/\/www.szikorarendezoiroda.hu\/szikora\/wp-content\/uploads\/2015\/05\/bencze_ilona_50_folott.jpg\" alt=\"bencze_ilona_50_folott\" width=\"213\" height=\"242\" srcset=\"http:\/\/www.szikorarendezoiroda.hu\/szikora\/wp-content\/uploads\/2015\/05\/bencze_ilona_50_folott.jpg 468w, http:\/\/www.szikorarendezoiroda.hu\/szikora\/wp-content\/uploads\/2015\/05\/bencze_ilona_50_folott-264x300.jpg 264w\" sizes=\"(max-width: 213px) 100vw, 213px\" \/> \u00a0 <\/a><\/p>\n<p><span style=\"font-family: Georgia,Palatino; font-size: 12pt;\">\u201eCsak a n\u0151k\u00f6n nem fog az id\u0151\u2026\u201d &#8211; vallja a Mad\u00e1ch Sz\u00ednh\u00e1z k\u00e9t m\u0171v\u00e9szn\u0151je, al\u00e1t\u00e1masztva versekkel \u00e9s csel\u00e9dn\u00f3t\u00e1kkal, kabar\u00e9jelenetekkel \u00e9s Kar\u00e1dy-dalokkal \u00e9s a 25 \u00e9ve egy\u00fctt j\u00e1tszott Macsk\u00e1k musical r\u00e9szleteivel.<\/span><\/p>\n<p><span style=\"font-family: Georgia,Palatino; font-size: 12pt;\">Zongor\u00e1n\u00e1l: Gyarmati Istv\u00e1n<\/span><\/p>\n","protected":false},"excerpt":{"rendered":"<p>\u00a0 \u201eCsak a n\u0151k\u00f6n nem fog az id\u0151\u2026\u201d &#8211; vallja a Mad\u00e1ch Sz\u00ednh\u00e1z k\u00e9t m\u0171v\u00e9szn\u0151je, al\u00e1t\u00e1masztva versekkel \u00e9s csel\u00e9dn\u00f3t\u00e1kkal, kabar\u00e9jelenetekkel \u00e9s Kar\u00e1dy-dalokkal \u00e9s a 25 \u00e9ve egy\u00fctt j\u00e1tszott Macsk\u00e1k musical <a class=\"more-link\" href=\"http:\/\/www.szikorarendezoiroda.hu\/szikora\/podium-vers-szinmuveszek\/bencze-ilona-huvosvolgyi-ildiko\/\">A folytat&aacute;s olvas&aacute;sa &rarr;<\/a><\/p>\n","protected":false},"author":1,"featured_media":424,"parent":2,"menu_order":0,"comment_status":"open","ping_status":"open","template":"","meta":{"footnotes":""},"aioseo_notices":[],"_links":{"self":[{"href":"http:\/\/www.szikorarendezoiroda.hu\/szikora\/wp-json\/wp\/v2\/pages\/423"}],"collection":[{"href":"http:\/\/www.szikorarendezoiroda.hu\/szikora\/wp-json\/wp\/v2\/pages"}],"about":[{"href":"http:\/\/www.szikorarendezoiroda.hu\/szikora\/wp-json\/wp\/v2\/types\/page"}],"author":[{"embeddable":true,"href":"http:\/\/www.szikorarendezoiroda.hu\/szikora\/wp-json\/wp\/v2\/users\/1"}],"replies":[{"embeddable":true,"href":"http:\/\/www.szikorarendezoiroda.hu\/szikora\/wp-json\/wp\/v2\/comments?post=423"}],"version-history":[{"count":2,"href":"http:\/\/www.szikorarendezoiroda.hu\/szikora\/wp-json\/wp\/v2\/pages\/423\/revisions"}],"predecessor-version":[{"id":2789,"href":"http:\/\/www.szikorarendezoiroda.hu\/szikora\/wp-json\/wp\/v2\/pages\/423\/revisions\/2789"}],"up":[{"embeddable":true,"href":"http:\/\/www.szikorarendezoiroda.hu\/szikora\/wp-json\/wp\/v2\/pages\/2"}],"wp:featuredmedia":[{"embeddable":true,"href":"http:\/\/www.szikorarendezoiroda.hu\/szikora\/wp-json\/wp\/v2\/media\/424"}],"wp:attachment":[{"href":"http:\/\/www.szikorarendezoiroda.hu\/szikora\/wp-json\/wp\/v2\/media?parent=423"}],"curies":[{"name":"wp","href":"https:\/\/api.w.org\/{rel}","templated":true}]}}

BENCZE ILONA-HŰVÖSVÖLGYI ILDIKÓ

<p><a href="http://www.szikorarendezoiroda.hu/szikora/wp-content/uploads/2015/05/bencze_ilona_50_folott.jpg"><img loading="lazy" decoding="async" class="alignnone  wp-image-419" src="http://www.szikorarendezoiroda.hu/szikora/wp-content/uploads/2015/05/bencze_ilona_50_folott.jpg" alt="bencze_ilona_50_folott" width="213" height="242" srcset="http://www.szikorarendezoiroda.hu/szikora/wp-content/uploads/2015/05/bencze_ilona_50_folott.jpg 468w, http://www.szikorarendezoiroda.hu/szikora/wp-content/uploads/2015/05/bencze_ilona_50_folott-264x300.jpg 264w" sizes="(max-width: 213px) 100vw, 213px" />   </a></p>
<p><span style="font-family: Georgia,Palatino; font-size: 12pt;">„Csak a nőkön nem fog az idő…” &#8211; vallja a Madách Színház két művésznője, alátámasztva versekkel és cselédnótákkal, kabaréjelenetekkel és Karády-dalokkal és a 25 éve együtt játszott Macskák musical részleteivel.</span></p>
<p><span style="font-family: Georgia,Palatino; font-size: 12pt;">Zongoránál: Gyarmati István</span></p>

<p>  „Csak a nőkön nem fog az idő…” &#8211; vallja a Madách Színház két művésznője, alátámasztva versekkel és cselédnótákkal, kabaréjelenetekkel és Karády-dalokkal és a 25 éve együtt játszott Macskák musical <a class="more-link" href="http://www.szikorarendezoiroda.hu/szikora/podium-vers-szinmuveszek/bencze-ilona-huvosvolgyi-ildiko/">A folytat&aacute;s olvas&aacute;sa &rarr;</a></p>
