{"id":40,"date":"2015-05-25T09:33:04","date_gmt":"2015-05-25T09:33:04","guid":{"rendered":"http:\/\/www.szikorarendezoiroda.hu\/szikora\/?page_id=40"},"modified":"2018-08-05T07:39:46","modified_gmt":"2018-08-05T07:39:46","slug":"tancosok","status":"publish","type":"page","link":"http:\/\/www.szikorarendezoiroda.hu\/szikora\/tancosok\/","title":{"rendered":"T\u00e1nc \u2013 t\u0171z \u2013 mozg\u00e1s"},"content":{"rendered":"<p><strong><span style=\"font-family: Georgia,Palatino; font-size: 10pt;\">Min\u0151s\u00e9gi \u00e9s sz\u00f3rakoztat\u00f3 m\u0171sor profi t\u00e1ncosokkal!<\/span><\/strong><\/p>\n<p><span style=\"font-family: Georgia,Palatino; font-size: 10pt;\">Napjainkban a kultur\u00e1lis \u00e9s popul\u00e1ris kikapcsol\u00f3d\u00e1si, sz\u00f3rakoz\u00e1si lehet\u0151s\u00e9gek szerves r\u00e9sz\u00e9t k\u00e9pezik a k\u00fcl\u00f6nb\u00f6z\u0151 tematik\u00e1j\u00fa esem\u00e9nyekhez k\u00f6t\u0151d\u0151 zen\u00e9s rendezv\u00e9nyeknek, el\u0151ad\u00e1soknak, fesztiv\u00e1loknak \u00e9s egy\u00e9b programoknak, melyek megannyi st\u00edlusban ide\u00e1lis kikapcsol\u00f3d\u00e1st biztos\u00edtanak kort\u00f3l \u00e9s nemt\u0151l f\u00fcggetlen\u00fcl csal\u00e1doknak, bar\u00e1ti t\u00e1rsas\u00e1goknak, m\u0171fajkedvel\u0151knek vagy csup\u00e1n \u00e9rdekl\u0151d\u0151knek.<\/span><\/p>\n<p><span style=\"font-family: Georgia,Palatino; font-size: 10pt;\">A zene szorosan \u00f6sszefon\u00f3dik a t\u00e1nccal, ez\u00e9rt a Szikora Rendez\u0151iroda sz\u00e1mos profi t\u00e1ncost \u00e9s t\u00e1rsulatot aj\u00e1nl az \u00e9rdekl\u0151d\u0151k sz\u00e1m\u00e1ra k\u00fcl\u00f6nb\u00f6z\u0151 esem\u00e9nyekre:<\/span><\/p>\n<p><span style=\"font-family: Georgia,Palatino; font-size: 10pt;\">\u00d6n\u00e1ll\u00f3 tematikus t\u00e1ncm\u0171sorok \u00e9s rendezv\u00e9nyek<\/span><\/p>\n<p><span style=\"font-family: Georgia,Palatino; font-size: 10pt;\">H\u00e1tt\u00e9rt\u00e1ncosok a m\u0171sor sz\u00ednes\u00edt\u00e9s\u00e9hez<\/span><\/p>\n<p><span style=\"font-family: Georgia,Palatino; font-size: 10pt;\">Popul\u00e1ris, ismert m\u0171fajok \u00e9s el\u0151ad\u00f3k<\/span><\/p>\n<p><span style=\"font-family: Georgia,Palatino; font-size: 10pt;\">Sz\u00f3rakoztat\u00f3, k\u00f6nnyed hangulat\u00fa t\u00e1ncm\u0171fajok<\/span><\/p>\n<p><span style=\"font-family: Georgia,Palatino; font-size: 10pt;\">K\u00fcl\u00f6nb\u00f6z\u0151 kultur\u00e1lis el\u0151ad\u00f3k<\/span><\/p>\n<p><span style=\"font-family: Georgia,Palatino; font-size: 10pt;\"><strong>Sz\u00ednes\u00edtse rendezv\u00e9nye m\u0171sor\u00e1t<\/strong>, hogy vend\u00e9gei \u00e9s k\u00f6z\u00f6ns\u00e9ge ig\u00e9nyeit maxim\u00e1lisan kiel\u00e9g\u00edthesse \u00e9s maradand\u00f3 \u00e9lm\u00e9nyt biztos\u00edtson a lehet\u0151 legsz\u00e9lesebb k\u00f6r sz\u00e1m\u00e1ra, valamint tekintse meg <strong>profi el\u0151ad\u00f3ink<\/strong> list\u00e1j\u00e1t \u00e9s v\u00e1logasson az ig\u00e9nyeinek megfelel\u0151en!<\/span><\/p>\n<p><span style=\"font-family: Georgia,Palatino; font-size: 10pt;\">Tov\u00e1bbi inform\u00e1ci\u00f3k\u00e9rt keressen minket bizalommal el\u00e9rhet\u0151s\u00e9geinken!<\/span><\/p>\n<p>&nbsp;<\/p>\n<div class=\"pt-cv-wrapper\"><div class=\"pt-cv-view pt-cv-grid pt-cv-colsys\" id=\"pt-cv-view-789f5a5sml\"><div data-id=\"pt-cv-page-1\" class=\"pt-cv-page\" data-cvc=\"3\"><div class=\"col-md-4 col-sm-6 col-xs-12 pt-cv-content-item pt-cv-1-col\" ><div class='pt-cv-ifield'><a href=\"http:\/\/www.szikorarendezoiroda.hu\/szikora\/tancosok\/brazil-szamba-tancosok\/\" class=\"_self pt-cv-href-thumbnail pt-cv-thumb-default\" target=\"_self\" ><img loading=\"lazy\" decoding=\"async\" width=\"300\" height=\"226\" src=\"http:\/\/www.szikorarendezoiroda.hu\/szikora\/wp-content\/uploads\/2015\/06\/1224102427_tancosok-brazilia-utazas-300x226.jpg\" class=\"pt-cv-thumbnail\" alt=\"\" srcset=\"http:\/\/www.szikorarendezoiroda.hu\/szikora\/wp-content\/uploads\/2015\/06\/1224102427_tancosok-brazilia-utazas-300x226.jpg 300w, http:\/\/www.szikorarendezoiroda.hu\/szikora\/wp-content\/uploads\/2015\/06\/1224102427_tancosok-brazilia-utazas.jpg 502w\" sizes=\"(max-width: 300px) 100vw, 300px\" \/><\/a>\n<h4 class=\"pt-cv-title\"><a href=\"http:\/\/www.szikorarendezoiroda.hu\/szikora\/tancosok\/brazil-szamba-tancosok\/\" class=\"_self\" target=\"_self\" >BRAZIL SZAMBA T\u00c1NCOSOK<\/a><\/h4>\n<div class=\"pt-cv-content\">CD alappal sz\u00ednpadi produkci\u00f3k\u00e9nt vagy 10-12 f\u0151s dobcsapattal felvonulva, mint a karnev\u00e1lokon ...<br \/><div class=\"pt-cv-rmwrap\"><a href=\"http:\/\/www.szikorarendezoiroda.hu\/szikora\/tancosok\/brazil-szamba-tancosok\/\" class=\"_self pt-cv-readmore btn btn-success\" target=\"_self\">R\u00e9szletek<\/a><\/div><\/div><\/div><\/div>\n<div class=\"col-md-4 col-sm-6 col-xs-12 pt-cv-content-item pt-cv-1-col\" ><div class='pt-cv-ifield'><a href=\"http:\/\/www.szikorarendezoiroda.hu\/szikora\/tancosok\/four-4-dance\/\" class=\"_self pt-cv-href-thumbnail pt-cv-thumb-default\" target=\"_self\" ><img loading=\"lazy\" decoding=\"async\" width=\"273\" height=\"300\" src=\"http:\/\/www.szikorarendezoiroda.hu\/szikora\/wp-content\/uploads\/2015\/06\/four-273x300.jpg\" class=\"pt-cv-thumbnail\" alt=\"\" srcset=\"http:\/\/www.szikorarendezoiroda.hu\/szikora\/wp-content\/uploads\/2015\/06\/four-273x300.jpg 273w, http:\/\/www.szikorarendezoiroda.hu\/szikora\/wp-content\/uploads\/2015\/06\/four.jpg 350w\" sizes=\"(max-width: 273px) 100vw, 273px\" \/><\/a>\n<h4 class=\"pt-cv-title\"><a href=\"http:\/\/www.szikorarendezoiroda.hu\/szikora\/tancosok\/four-4-dance\/\" class=\"_self\" target=\"_self\" >FOUR 4 DANCE<\/a><\/h4>\n<div class=\"pt-cv-content\">- magyar t\u00e1ncok ...<br \/><div class=\"pt-cv-rmwrap\"><a href=\"http:\/\/www.szikorarendezoiroda.hu\/szikora\/tancosok\/four-4-dance\/\" class=\"_self pt-cv-readmore btn btn-success\" target=\"_self\">R\u00e9szletek<\/a><\/div><\/div><\/div><\/div>\n<div class=\"col-md-4 col-sm-6 col-xs-12 pt-cv-content-item pt-cv-1-col\" ><div class='pt-cv-ifield'><a href=\"http:\/\/www.szikorarendezoiroda.hu\/szikora\/tancosok\/hestia-tuz-es-fenyzsonglor-csoport\/\" class=\"_self pt-cv-href-thumbnail pt-cv-thumb-default\" target=\"_self\" ><img loading=\"lazy\" decoding=\"async\" width=\"275\" height=\"183\" src=\"http:\/\/www.szikorarendezoiroda.hu\/szikora\/wp-content\/uploads\/2015\/06\/images.jpg\" class=\"pt-cv-thumbnail\" alt=\"\" \/><\/a>\n<h4 class=\"pt-cv-title\"><a href=\"http:\/\/www.szikorarendezoiroda.hu\/szikora\/tancosok\/hestia-tuz-es-fenyzsonglor-csoport\/\" class=\"_self\" target=\"_self\" >HESTIA \u2013 t\u0171z \u00e9s f\u00e9nyzsongl\u0151r csoport<\/a><\/h4>\n<div class=\"pt-cv-content\"> ...<br \/><div class=\"pt-cv-rmwrap\"><a href=\"http:\/\/www.szikorarendezoiroda.hu\/szikora\/tancosok\/hestia-tuz-es-fenyzsonglor-csoport\/\" class=\"_self pt-cv-readmore btn btn-success\" target=\"_self\">R\u00e9szletek<\/a><\/div><\/div><\/div><\/div>\n<div class=\"col-md-4 col-sm-6 col-xs-12 pt-cv-content-item pt-cv-1-col\" ><div class='pt-cv-ifield'><a href=\"http:\/\/www.szikorarendezoiroda.hu\/szikora\/tancosok\/hunkun-dance\/\" class=\"_self pt-cv-href-thumbnail pt-cv-thumb-default\" target=\"_self\" ><img loading=\"lazy\" decoding=\"async\" width=\"300\" height=\"199\" src=\"http:\/\/www.szikorarendezoiroda.hu\/szikora\/wp-content\/uploads\/2015\/06\/DSC0288-1-300x199.jpg\" class=\"pt-cv-thumbnail\" alt=\"\" srcset=\"http:\/\/www.szikorarendezoiroda.hu\/szikora\/wp-content\/uploads\/2015\/06\/DSC0288-1-300x199.jpg 300w, http:\/\/www.szikorarendezoiroda.hu\/szikora\/wp-content\/uploads\/2015\/06\/DSC0288-1-400x267.jpg 400w, http:\/\/www.szikorarendezoiroda.hu\/szikora\/wp-content\/uploads\/2015\/06\/DSC0288-1.jpg 500w\" sizes=\"(max-width: 300px) 100vw, 300px\" \/><\/a>\n<h4 class=\"pt-cv-title\"><a href=\"http:\/\/www.szikorarendezoiroda.hu\/szikora\/tancosok\/hunkun-dance\/\" class=\"_self\" target=\"_self\" >HUNKUN DANCE<\/a><\/h4>\n<div class=\"pt-cv-content\">A modern hagyom\u00e1ny\u0151rz\u00e9s csapata, akik szeretik a t\u00e1ncot, ez a hivat\u00e1suk. \u0150k a \"Modern kor s\u00e1m\u00e1njai, a K\u00e1rp\u00e1tok t\u00e1ncos t\u00e1ltosai.\" ...<br \/><div class=\"pt-cv-rmwrap\"><a href=\"http:\/\/www.szikorarendezoiroda.hu\/szikora\/tancosok\/hunkun-dance\/\" class=\"_self pt-cv-readmore btn btn-success\" target=\"_self\">R\u00e9szletek<\/a><\/div><\/div><\/div><\/div>\n<div class=\"col-md-4 col-sm-6 col-xs-12 pt-cv-content-item pt-cv-1-col\" ><div class='pt-cv-ifield'><a href=\"http:\/\/www.szikorarendezoiroda.hu\/szikora\/tancosok\/hunkun-dance-2\/\" class=\"_self pt-cv-href-thumbnail pt-cv-thumb-default\" target=\"_self\" ><img loading=\"lazy\" decoding=\"async\" width=\"300\" height=\"77\" src=\"http:\/\/www.szikorarendezoiroda.hu\/szikora\/wp-content\/uploads\/2015\/06\/005-300x77.jpg\" class=\"pt-cv-thumbnail\" alt=\"\" srcset=\"http:\/\/www.szikorarendezoiroda.hu\/szikora\/wp-content\/uploads\/2015\/06\/005-300x77.jpg 300w, http:\/\/www.szikorarendezoiroda.hu\/szikora\/wp-content\/uploads\/2015\/06\/005.jpg 746w\" sizes=\"(max-width: 300px) 100vw, 300px\" \/><\/a>\n<h4 class=\"pt-cv-title\"><a href=\"http:\/\/www.szikorarendezoiroda.hu\/szikora\/tancosok\/hunkun-dance-2\/\" class=\"_self\" target=\"_self\" >HUNKUN DANCE<\/a><\/h4>\n<div class=\"pt-cv-content\">A csapat c\u00e9lkit\u0171z\u00e9se a K\u00e1rp\u00e1t-medence t\u00e1ncainak megismertet\u00e9se a vil\u00e1ggal a mai kor k\u00edv\u00e1nalmai szerint, m\u00e9gis h\u0171en az eredethez. 2008-ban Show ...<br \/><div class=\"pt-cv-rmwrap\"><a href=\"http:\/\/www.szikorarendezoiroda.hu\/szikora\/tancosok\/hunkun-dance-2\/\" class=\"_self pt-cv-readmore btn btn-success\" target=\"_self\">R\u00e9szletek<\/a><\/div><\/div><\/div><\/div>\n<div class=\"col-md-4 col-sm-6 col-xs-12 pt-cv-content-item pt-cv-1-col\" ><div class='pt-cv-ifield'><a href=\"http:\/\/www.szikorarendezoiroda.hu\/szikora\/tancosok\/tuzfeszek-firenest\/\" class=\"_self pt-cv-href-thumbnail pt-cv-thumb-default\" target=\"_self\" ><img loading=\"lazy\" decoding=\"async\" width=\"300\" height=\"166\" src=\"http:\/\/www.szikorarendezoiroda.hu\/szikora\/wp-content\/uploads\/2015\/06\/pszin4-300x166.jpg\" class=\"pt-cv-thumbnail\" alt=\"\" srcset=\"http:\/\/www.szikorarendezoiroda.hu\/szikora\/wp-content\/uploads\/2015\/06\/pszin4-300x166.jpg 300w, http:\/\/www.szikorarendezoiroda.hu\/szikora\/wp-content\/uploads\/2015\/06\/pszin4.jpg 600w\" sizes=\"(max-width: 300px) 100vw, 300px\" \/><\/a>\n<h4 class=\"pt-cv-title\"><a href=\"http:\/\/www.szikorarendezoiroda.hu\/szikora\/tancosok\/tuzfeszek-firenest\/\" class=\"_self\" target=\"_self\" >T\u0170ZF\u00c9SZEK &#8211; FIRENEST<\/a><\/h4>\n<div class=\"pt-cv-content\"> ...<br \/><div class=\"pt-cv-rmwrap\"><a href=\"http:\/\/www.szikorarendezoiroda.hu\/szikora\/tancosok\/tuzfeszek-firenest\/\" class=\"_self pt-cv-readmore btn btn-success\" target=\"_self\">R\u00e9szletek<\/a><\/div><\/div><\/div><\/div><\/div><\/div><\/div>\n<p>&nbsp;<\/p>\n","protected":false},"excerpt":{"rendered":"<p>Min\u0151s\u00e9gi \u00e9s sz\u00f3rakoztat\u00f3 m\u0171sor profi t\u00e1ncosokkal! Napjainkban a kultur\u00e1lis \u00e9s popul\u00e1ris kikapcsol\u00f3d\u00e1si, sz\u00f3rakoz\u00e1si lehet\u0151s\u00e9gek szerves r\u00e9sz\u00e9t k\u00e9pezik a k\u00fcl\u00f6nb\u00f6z\u0151 tematik\u00e1j\u00fa esem\u00e9nyekhez k\u00f6t\u0151d\u0151 zen\u00e9s rendezv\u00e9nyeknek, el\u0151ad\u00e1soknak, fesztiv\u00e1loknak \u00e9s egy\u00e9b programoknak, melyek <a class=\"more-link\" href=\"http:\/\/www.szikorarendezoiroda.hu\/szikora\/tancosok\/\">A folytat&aacute;s olvas&aacute;sa &rarr;<\/a><\/p>\n","protected":false},"author":1,"featured_media":1400,"parent":0,"menu_order":0,"comment_status":"open","ping_status":"open","template":"","meta":{"footnotes":""},"aioseo_notices":[],"_links":{"self":[{"href":"http:\/\/www.szikorarendezoiroda.hu\/szikora\/wp-json\/wp\/v2\/pages\/40"}],"collection":[{"href":"http:\/\/www.szikorarendezoiroda.hu\/szikora\/wp-json\/wp\/v2\/pages"}],"about":[{"href":"http:\/\/www.szikorarendezoiroda.hu\/szikora\/wp-json\/wp\/v2\/types\/page"}],"author":[{"embeddable":true,"href":"http:\/\/www.szikorarendezoiroda.hu\/szikora\/wp-json\/wp\/v2\/users\/1"}],"replies":[{"embeddable":true,"href":"http:\/\/www.szikorarendezoiroda.hu\/szikora\/wp-json\/wp\/v2\/comments?post=40"}],"version-history":[{"count":9,"href":"http:\/\/www.szikorarendezoiroda.hu\/szikora\/wp-json\/wp\/v2\/pages\/40\/revisions"}],"predecessor-version":[{"id":3161,"href":"http:\/\/www.szikorarendezoiroda.hu\/szikora\/wp-json\/wp\/v2\/pages\/40\/revisions\/3161"}],"wp:featuredmedia":[{"embeddable":true,"href":"http:\/\/www.szikorarendezoiroda.hu\/szikora\/wp-json\/wp\/v2\/media\/1400"}],"wp:attachment":[{"href":"http:\/\/www.szikorarendezoiroda.hu\/szikora\/wp-json\/wp\/v2\/media?parent=40"}],"curies":[{"name":"wp","href":"https:\/\/api.w.org\/{rel}","templated":true}]}}