{"id":3285,"date":"2019-07-30T11:34:11","date_gmt":"2019-07-30T11:34:11","guid":{"rendered":"http:\/\/www.szikorarendezoiroda.hu\/szikora\/?page_id=3285"},"modified":"2019-07-30T11:35:30","modified_gmt":"2019-07-30T11:35:30","slug":"varga-viktor","status":"publish","type":"page","link":"http:\/\/www.szikorarendezoiroda.hu\/szikora\/tancdal-retro-pop\/varga-viktor\/","title":{"rendered":"Varga Viktor"},"content":{"rendered":"\n<p>Varga Viktor az extremit\u00e1sair\u00f3l h\u00edres \u00e9nekes a Csillag sz\u00fcletik verseny\u00e9ben t\u0171nt fel, de \u00edr verset, fest, \u00e9s t\u00e1sk\u00e1t, ruh\u00e1t is tervez. <br><br>Rendelhet\u0151: 30&#8242;-es  fell\u00e9p\u00e9se CD-alappal \u00e9s \u00e9l\u0151 koncertje is.<\/p>\n\n\n\n<figure class=\"wp-block-embed-youtube wp-block-embed is-type-video is-provider-youtube wp-embed-aspect-4-3 wp-has-aspect-ratio\"><div class=\"wp-block-embed__wrapper\">\n<iframe loading=\"lazy\" title=\"Varga Viktor - Lehet z\u00f6ld az \u00e9g... OFFICIAL MUSIC VIDEO\" width=\"800\" height=\"600\" src=\"https:\/\/www.youtube.com\/embed\/3Jv-BEPF18o?feature=oembed\" frameborder=\"0\" allow=\"accelerometer; autoplay; encrypted-media; gyroscope; picture-in-picture\" allowfullscreen><\/iframe>\n<\/div><\/figure>\n","protected":false},"excerpt":{"rendered":"<p>Varga Viktor az extremit\u00e1sair\u00f3l h\u00edres \u00e9nekes a Csillag sz\u00fcletik verseny\u00e9ben t\u0171nt fel, de \u00edr verset, fest, \u00e9s t\u00e1sk\u00e1t, ruh\u00e1t is tervez. Rendelhet\u0151: 30&#8242;-es fell\u00e9p\u00e9se CD-alappal \u00e9s \u00e9l\u0151 koncertje is.<\/p>\n","protected":false},"author":1,"featured_media":3288,"parent":20,"menu_order":0,"comment_status":"closed","ping_status":"closed","template":"","meta":{"footnotes":""},"aioseo_notices":[],"_links":{"self":[{"href":"http:\/\/www.szikorarendezoiroda.hu\/szikora\/wp-json\/wp\/v2\/pages\/3285"}],"collection":[{"href":"http:\/\/www.szikorarendezoiroda.hu\/szikora\/wp-json\/wp\/v2\/pages"}],"about":[{"href":"http:\/\/www.szikorarendezoiroda.hu\/szikora\/wp-json\/wp\/v2\/types\/page"}],"author":[{"embeddable":true,"href":"http:\/\/www.szikorarendezoiroda.hu\/szikora\/wp-json\/wp\/v2\/users\/1"}],"replies":[{"embeddable":true,"href":"http:\/\/www.szikorarendezoiroda.hu\/szikora\/wp-json\/wp\/v2\/comments?post=3285"}],"version-history":[{"count":1,"href":"http:\/\/www.szikorarendezoiroda.hu\/szikora\/wp-json\/wp\/v2\/pages\/3285\/revisions"}],"predecessor-version":[{"id":3287,"href":"http:\/\/www.szikorarendezoiroda.hu\/szikora\/wp-json\/wp\/v2\/pages\/3285\/revisions\/3287"}],"up":[{"embeddable":true,"href":"http:\/\/www.szikorarendezoiroda.hu\/szikora\/wp-json\/wp\/v2\/pages\/20"}],"wp:featuredmedia":[{"embeddable":true,"href":"http:\/\/www.szikorarendezoiroda.hu\/szikora\/wp-json\/wp\/v2\/media\/3288"}],"wp:attachment":[{"href":"http:\/\/www.szikorarendezoiroda.hu\/szikora\/wp-json\/wp\/v2\/media?parent=3285"}],"curies":[{"name":"wp","href":"https:\/\/api.w.org\/{rel}","templated":true}]}}

<p>Varga Viktor az extremitásairól híres énekes a Csillag születik versenyében tűnt fel, de ír verset, fest, és táskát, ruhát is tervez. <br><br>Rendelhető: 30&#8242;-es  fellépése CD-alappal és élő koncertje is.</p>



<figure class="wp-block-embed-youtube wp-block-embed is-type-video is-provider-youtube wp-embed-aspect-4-3 wp-has-aspect-ratio"><div class="wp-block-embed__wrapper">
<iframe loading="lazy" title="Varga Viktor - Lehet zöld az ég... OFFICIAL MUSIC VIDEO" width="800" height="600" src="https://www.youtube.com/embed/3Jv-BEPF18o?feature=oembed" frameborder="0" allow="accelerometer; autoplay; encrypted-media; gyroscope; picture-in-picture" allowfullscreen></iframe>
</div></figure>

<p>Varga Viktor az extremitásairól híres énekes a Csillag születik versenyében tűnt fel, de ír verset, fest, és táskát, ruhát is tervez. Rendelhető: 30&#8242;-es fellépése CD-alappal és élő koncertje is.</p>
