{"id":29,"date":"2015-05-25T09:32:09","date_gmt":"2015-05-25T09:32:09","guid":{"rendered":"http:\/\/www.szikorarendezoiroda.hu\/szikora\/?page_id=29"},"modified":"2019-07-22T08:13:11","modified_gmt":"2019-07-22T08:13:11","slug":"operett","status":"publish","type":"page","link":"http:\/\/www.szikorarendezoiroda.hu\/szikora\/operett\/","title":{"rendered":"Operett"},"content":{"rendered":"<p style=\"text-align: justify;\"><strong><span style=\"font-family: Georgia,Palatino; font-size: 10pt;\">AZ \u00d6R\u00d6KZ\u00d6LD OPERETT<\/span><\/strong><\/p>\n<p style=\"text-align: justify;\"><span style=\"font-family: Georgia,Palatino; font-size: 10pt;\"><span style=\"font-size: 10pt;\">Az operett m\u0171faj\u00e1t m\u00e1r sokszor eltemett\u00e9k. Ennek ellen\u00e9re \u00e9l \u00e9s virul, jobban, mint valaha. A vid\u00e1m \u00e9rzelem d\u00fas dallamok \u00e9s sz\u00f6vegek magukkal ragadj\u00e1k a hallgat\u00f3s\u00e1got, ez\u00e1ltal remek sz\u00f3rakoz\u00e1st ny\u00fajtanak a k\u00f6z\u00f6ns\u00e9g sz\u00e1m\u00e1ra. A felcsend\u00fcl\u0151, f\u00fclbem\u00e1sz\u00f3 mel\u00f3di\u00e1k garant\u00e1ltan felejthetetlenn\u00e9 var\u00e1zsolj\u00e1k az esem\u00e9nyt. Legyen sz\u00f3 c\u00e9ges \u00f6sszej\u00f6vetelr\u0151l vagy fesztiv\u00e1lr\u00f3l, az operett garant\u00e1ltan j\u00f3 v\u00e1laszt\u00e1s.<\/span><span style=\"font-size: 10pt;\">Kiv\u00e1l\u00f3 \u00e9s tehets\u00e9ges m\u0171v\u00e9szek, az operett mesterei l\u00e9pnek sz\u00ednpadra a Szikora Rendez\u0151iroda aj\u00e1nlat\u00e1ban.<\/span> Az operett m\u0171faj olyan neves el\u0151ad\u00f3it k\u00e9rheti fell\u00e9p\u00e9sre M\u0171sorirod\u00e1nkt\u00f3l, mint <em>Oszvald Marika, Csere L\u00e1szl\u00f3, K\u00e1llay Bori, Kalocsai Zsuzsa, Vir\u00e1gh J\u00f3zsef, Teremi Trixi, Bozs\u00f3 J\u00f3zsef, Zsadon Andrea, Szolnoki Tibor, Egri J\u00f3zsef vagy V\u00e1rnai Adrienn.<\/em><\/span><\/p>\n<p style=\"text-align: justify;\"><span style=\"font-family: Georgia,Palatino; font-size: 10pt;\">Programjaink k\u00e9rhet\u0151ek CD alappal illetve n\u00e9pi zenekari k\u00eds\u00e9rettel,<em> Szalai Antal vagy \u00d6kr\u00f6s Tibor<\/em> vezet\u00e9s\u00e9vel.<\/span><\/p>\n<p style=\"text-align: justify;\"><span style=\"font-family: Georgia,Palatino; font-size: 10pt;\">Tekintse meg el\u00e9rhet\u0151 operett \u00e9nekeseinket, \u00e9s vegye fel a kapcsolatot a Szikora Rendez\u0151irod\u00e1val! <\/span><span style=\"font-family: Georgia,Palatino; font-size: 10pt;\">Koll\u00e9g\u00e1ink k\u00e9szs\u00e9ggel v\u00e1rj\u00e1k h\u00edv\u00e1s\u00e1t!<\/span><\/p>\n<p>\u00a0<\/p>\n<p style=\"text-align: justify;\"><span style=\"font-family: Georgia,Palatino;\"><strong>ISMERJE MEG \u00d6N IS AZ OPERETT VIL\u00c1G\u00c1T!<\/strong><\/span><\/p>\n<p><span style=\"font-family: Georgia,Palatino; font-size: 10pt;\">Az operett, mint m\u0171faj, jelent\u0151s t\u00f6rt\u00e9netre tekint vissza. A 18. \u00e9s 19. sz\u00e1zadban m\u00e1r nagy teret h\u00f3d\u00edtott mag\u00e1nak ez a fajta zen\u00e9s, sz\u00ednpadi el\u0151ad\u00e1s, amely f\u0151leg vid\u00e1m, sz\u00f3rakoztat\u00f3, humoros t\u00e9m\u00e1kkal dolgozik, legt\u00f6bbsz\u00f6r szerelmi t\u00f6rt\u00e9neteket jelen\u00edtve meg a k\u00f6z\u00f6ns\u00e9g sz\u00e1m\u00e1ra.<\/span><\/p>\n<p style=\"text-align: justify;\"><span style=\"font-family: Georgia,Palatino; font-size: 10pt;\">Mivel k\u00f6nnyed el\u0151ad\u00e1sokr\u00f3l van sz\u00f3, \u00edgy a v\u00e9gkifejlet szinte minden esetben happy end, \u00e9ppen ez\u00e9rt kiv\u00e1l\u00f3an meg\u00e1llja a hely\u00e9t a <strong>rendezv\u00e9nyszervez\u00e9s<\/strong> ter\u00e9n.<\/span><\/p>\n<p style=\"text-align: justify;\"><span style=\"font-family: Georgia,Palatino; font-size: 10pt;\">Ebben a m\u0171fajban a p\u00e1rbesz\u00e9des forma \u00e9s a zenei r\u00e9szek ar\u00e1nyos eloszt\u00e1sban jelennek meg. Bizony\u00e1ra sokak sz\u00e1m\u00e1ra ismertek a h\u00edres operettek nagy z\u00e1r\u00f3jelenetei \u2013 ez nem v\u00e9letlen, hiszen a l\u00e1tv\u00e1nyos fin\u00e1l\u00e9 is jelent\u0151s tulajdons\u00e1g.<\/span><\/p>\n<p style=\"text-align: justify;\"><span style=\"font-family: Georgia,Palatino; font-size: 10pt;\">Szeretn\u00e9, ha az \u00d6n rendezv\u00e9ny\u00e9n is nagynev\u0171 el\u0151ad\u00f3k l\u00e9pn\u00e9nek fel, akik megismertetik a k\u00f6z\u00f6ns\u00e9ggel az operett nagyszer\u0171 vil\u00e1g\u00e1t? Esetleg olyan esem\u00e9nyt szervez, ami kifejezetten az ilyen el\u0151ad\u00e1sok kedvel\u0151inek sz\u00f3l? Akkor j\u00f3 helyen j\u00e1r, hiszen a mi seg\u00edts\u00e9g\u00fcnkkel sz\u00e1mos kiv\u00e1l\u00f3 m\u0171v\u00e9sz seg\u00edthet \u00d6nnek a maxim\u00e1lis siker el\u00e9r\u00e9s\u00e9ben!<\/span><\/p>\n<p style=\"text-align: justify;\"><span style=\"font-family: Georgia,Palatino; font-size: 10pt;\"><strong>M\u0171sork\u00f6zvet\u00edt\u00e9s\u00e9rt<\/strong>,<strong> rendezv\u00e9nyszervez\u00e9s\u00e9rt<\/strong> \u00e9rdemes minket v\u00e1lasztania akkor is, ha operettr\u0151l van sz\u00f3! Forduljon hozz\u00e1nk bizalommal!<\/span><\/p>\n<p style=\"text-align: justify;\"><a href=\"http:\/\/www.szikorarendezoiroda.hu\/szikora\/wp-content\/uploads\/2015\/05\/szikorarendezoiroda.hu_.16jan.jpg\"><img loading=\"lazy\" decoding=\"async\" class=\"alignleft wp-image-2167 size-medium\" src=\"http:\/\/www.szikorarendezoiroda.hu\/szikora\/wp-content\/uploads\/2015\/05\/szikorarendezoiroda.hu_.16jan-300x200.jpg\" alt=\"szikorarendezoiroda.hu.16jan\" width=\"300\" height=\"200\" srcset=\"http:\/\/www.szikorarendezoiroda.hu\/szikora\/wp-content\/uploads\/2015\/05\/szikorarendezoiroda.hu_.16jan-300x200.jpg 300w, http:\/\/www.szikorarendezoiroda.hu\/szikora\/wp-content\/uploads\/2015\/05\/szikorarendezoiroda.hu_.16jan-400x267.jpg 400w, http:\/\/www.szikorarendezoiroda.hu\/szikora\/wp-content\/uploads\/2015\/05\/szikorarendezoiroda.hu_.16jan.jpg 965w\" sizes=\"(max-width: 300px) 100vw, 300px\" \/><\/a><\/p>\n<p>\u00a0<\/p>\n<p>\u00a0<\/p>\n<p>\u00a0<\/p>\n<p>\u00a0<\/p>\n<p>\u00a0<\/p>\n<p><span style=\"font-family: Georgia,Palatino;\"><strong><span style=\"font-size: 10pt;\">OPERETTM\u0170SORAINK MEGRENDELHET\u0150EK CD ALAPPAL, ZONGORAK\u00cdS\u00c9RETTEL VAGY ZENEKARRAL. A PROGRAM SZ\u00cdNES\u00cdTHET\u0150 OPERETT T\u00c1NCOSOKKAL IS.<\/span><\/strong><\/span><\/p>\n\n<h2><span style=\"font-size: 12pt;\"><strong><span style=\"font-family: Georgia, Palatino;\">Eleg\u00e1ns rendezv\u00e9ny? Ne feledkezzen meg az operett m\u0171sorrendel\u00e9sr\u0151l!<\/span> <\/strong><\/span><\/h2>\n<p style=\"text-align: justify;\"><span style=\"font-family: Georgia, Palatino; font-size: 10pt;\"><a href=\"http:\/\/www.szikorarendezoiroda.hu\/szikora\/wp-content\/uploads\/2019\/07\/szikorarendezoiroda.hu_.19jul.jpg\"><img loading=\"lazy\" decoding=\"async\" class=\"alignleft size-medium wp-image-3262\" title=\"operett m\u0171sorrendel\u00e9s\" src=\"http:\/\/www.szikorarendezoiroda.hu\/szikora\/wp-content\/uploads\/2019\/07\/szikorarendezoiroda.hu_.19jul-300x242.jpg\" alt=\"operett m\u0171sorrendel\u00e9s\" width=\"300\" height=\"242\" srcset=\"http:\/\/www.szikorarendezoiroda.hu\/szikora\/wp-content\/uploads\/2019\/07\/szikorarendezoiroda.hu_.19jul-300x242.jpg 300w, http:\/\/www.szikorarendezoiroda.hu\/szikora\/wp-content\/uploads\/2019\/07\/szikorarendezoiroda.hu_.19jul.jpg 401w\" sizes=\"(max-width: 300px) 100vw, 300px\" \/><\/a>Ha eleg\u00e1ns rendezv\u00e9nyr\u0151l van sz\u00f3, ahhoz a m\u0171sornak is igazodnia kell. Ilyenkor f\u0151k\u00e9nt a klasszikus zene \u00e9s az operettek ker\u00fclnek el\u0151t\u00e9rbe, ugyanis ezek a st\u00edlusok illenek legink\u00e1bb ezekhez az esem\u00e9nyekhez. Ha \u00d6n is eleg\u00e1ns rendezv\u00e9ny szervez\u00e9s\u00e9vel foglalkozik egy c\u00e9ges tal\u00e1lkoz\u00f3 vagy m\u00e1s alkalom kapcs\u00e1n, \u00e9s ennek megfelel\u0151en ig\u00e9nyes m\u0171sort szeretne biztos\u00edtani, forduljon hozz\u00e1nk bizalommal az <strong>operett m\u0171sorrendel\u00e9s\u00e9rt<\/strong>!<\/span><\/p>\n<p style=\"text-align: justify;\"><span style=\"font-family: Georgia, Palatino; font-size: 10pt;\">Az <strong>operett m\u0171sorrendel\u00e9ssel<\/strong> sz\u00ednvonalas, tehets\u00e9ges zen\u00e9szek, \u00e9nekesek vesznek majd r\u00e9szt az rendezv\u00e9nyen, akik el\u0151ad\u00e1sm\u00f3djukkal, j\u00e1t\u00e9kukkal jelent\u0151s m\u00e9rt\u00e9kben hozz\u00e1j\u00e1rulnak az esem\u00e9ny n\u00edv\u00f3j\u00e1hoz. Ig\u00e9nyes, sz\u00f3rakoztat\u00f3 m\u0171sort biztos\u00edtanak, amit az id\u0151sebb \u00e9s fiatalabb gener\u00e1ci\u00f3 egyar\u00e1nt \u00e9lvezni fog. Az <strong>operett m\u0171sorrendel\u00e9snek<\/strong> k\u00f6sz\u00f6nhet\u0151en ak\u00e1r a legismertebb el\u0151ad\u00f3kkal emelheti rendezv\u00e9nye f\u00e9ny\u00e9t.<\/span><\/p>\n<p style=\"text-align: justify;\"><span style=\"font-family: Georgia, Palatino; font-size: 10pt;\">Ha felkeltett\u00fck \u00e9rdekl\u0151d\u00e9s\u00e9t, \u00e9s az esem\u00e9nyhez szeretn\u00e9 igaz\u00edtani a programot, keressen benn\u00fcnket bizalommal el\u00e9rhet\u0151s\u00e9geinken az <strong>operett m\u0171sorrendel\u00e9ssel<\/strong> kapcsolatban! Az \u00fcgyf\u00e9lk\u00f6zpont\u00fa szolg\u00e1ltat\u00e1st garant\u00e1ljuk.<\/span><\/p>\n\n\n<hr class=\"wp-block-separator\"\/>\n\n\n<div class=\"pt-cv-wrapper\"><div class=\"pt-cv-view pt-cv-grid pt-cv-colsys\" id=\"pt-cv-view-65918b870e\"><div data-id=\"pt-cv-page-1\" class=\"pt-cv-page\" data-cvc=\"3\"><div class=\"col-md-4 col-sm-6 col-xs-12 pt-cv-content-item pt-cv-1-col\" ><div class='pt-cv-ifield'><a href=\"http:\/\/www.szikorarendezoiroda.hu\/szikora\/operett\/berkes-janos\/\" class=\"_self pt-cv-href-thumbnail pt-cv-thumb-default\" target=\"_self\" ><img loading=\"lazy\" decoding=\"async\" width=\"255\" height=\"300\" src=\"http:\/\/www.szikorarendezoiroda.hu\/szikora\/wp-content\/uploads\/2015\/06\/berkes1-255x300.jpg\" class=\"pt-cv-thumbnail\" alt=\"\" srcset=\"http:\/\/www.szikorarendezoiroda.hu\/szikora\/wp-content\/uploads\/2015\/06\/berkes1-255x300.jpg 255w, http:\/\/www.szikorarendezoiroda.hu\/szikora\/wp-content\/uploads\/2015\/06\/berkes1.jpg 401w\" sizes=\"(max-width: 255px) 100vw, 255px\" \/><\/a>\n<h4 class=\"pt-cv-title\"><a href=\"http:\/\/www.szikorarendezoiroda.hu\/szikora\/operett\/berkes-janos\/\" class=\"_self\" target=\"_self\" >BERKES J\u00c1NOS<\/a><\/h4>\n<div class=\"pt-cv-content\">A Magyar \u00c1llami Operah\u00e1z mag\u00e1n\u00e9nekese, tenorista. Fell\u00e9pett Eur\u00f3pa sz\u00e1mos operah\u00e1z\u00e1ban. F\u0151bb szerepei: Pillang\u00f3kisasszony-Pinkerton, Boh\u00e9m\u00e9let-Rodolf, de nagy sikerrel \u00e9nekelt \u201ebonviv\u00e1n\u201d szerepeket ...<br \/><div class=\"pt-cv-rmwrap\"><a href=\"http:\/\/www.szikorarendezoiroda.hu\/szikora\/operett\/berkes-janos\/\" class=\"_self pt-cv-readmore btn btn-success\" target=\"_self\">R\u00e9szletek<\/a><\/div><\/div><\/div><\/div>\n<div class=\"col-md-4 col-sm-6 col-xs-12 pt-cv-content-item pt-cv-1-col\" ><div class='pt-cv-ifield'><a href=\"http:\/\/www.szikorarendezoiroda.hu\/szikora\/operett\/buch-tibor\/\" class=\"_self pt-cv-href-thumbnail pt-cv-thumb-default\" target=\"_self\" ><img loading=\"lazy\" decoding=\"async\" width=\"300\" height=\"168\" src=\"http:\/\/www.szikorarendezoiroda.hu\/szikora\/wp-content\/uploads\/2018\/08\/Buch-Tibor-300x168.jpg\" class=\"pt-cv-thumbnail\" alt=\"\" \/><\/a>\n<h4 class=\"pt-cv-title\"><a href=\"http:\/\/www.szikorarendezoiroda.hu\/szikora\/operett\/buch-tibor\/\" class=\"_self\" target=\"_self\" >Buch Tibor<\/a><\/h4>\n<div class=\"pt-cv-content\">1997-ben diplom\u00e1zott a Sz\u00ednm\u0171v\u00e9szeti operett \u2013 musical tanszak\u00e1n. Az\u00f3ta sz\u00e1mtalan sz\u00ednh\u00e1zban j\u00e1tszott \u00e9s \u00e9nekelt sz\u00e1mtalan bonviv\u00e1n szerepet , de oszlopos ...<br \/><div class=\"pt-cv-rmwrap\"><a href=\"http:\/\/www.szikorarendezoiroda.hu\/szikora\/operett\/buch-tibor\/\" class=\"_self pt-cv-readmore btn btn-success\" target=\"_self\">R\u00e9szletek<\/a><\/div><\/div><\/div><\/div>\n<div class=\"col-md-4 col-sm-6 col-xs-12 pt-cv-content-item pt-cv-1-col\" ><div class='pt-cv-ifield'><a href=\"http:\/\/www.szikorarendezoiroda.hu\/szikora\/operett\/csere-laszlo\/\" class=\"_self pt-cv-href-thumbnail pt-cv-thumb-default\" target=\"_self\" ><img loading=\"lazy\" decoding=\"async\" width=\"200\" height=\"266\" src=\"http:\/\/www.szikorarendezoiroda.hu\/szikora\/wp-content\/uploads\/2015\/06\/Laszlo_Csere.jpg\" class=\"pt-cv-thumbnail\" alt=\"\" \/><\/a>\n<h4 class=\"pt-cv-title\"><a href=\"http:\/\/www.szikorarendezoiroda.hu\/szikora\/operett\/csere-laszlo\/\" class=\"_self\" target=\"_self\" >CSERE L\u00c1SZL\u00d3<\/a><\/h4>\n<div class=\"pt-cv-content\">\u201eKiemelked\u0151\u201d t\u00e1ncos-komikus(190 cm), aki megjelen\u00e9s\u00e9vel eleganci\u00e1t, hangj\u00e1val zenei \u00e9lm\u00e9nyt, t\u00e1nctud\u00e1s\u00e1val komoly elismer\u00e9st v\u00edvott ki mag\u00e1nak az operettek el\u0151ad\u00e1s\u00e1ban. Partnern\u0151je Oszvald ...<br \/><div class=\"pt-cv-rmwrap\"><a href=\"http:\/\/www.szikorarendezoiroda.hu\/szikora\/operett\/csere-laszlo\/\" class=\"_self pt-cv-readmore btn btn-success\" target=\"_self\">R\u00e9szletek<\/a><\/div><\/div><\/div><\/div>\n<div class=\"col-md-4 col-sm-6 col-xs-12 pt-cv-content-item pt-cv-1-col\" ><div class='pt-cv-ifield'><a href=\"http:\/\/www.szikorarendezoiroda.hu\/szikora\/operett\/csonka-zsuzsa\/\" class=\"_self pt-cv-href-thumbnail pt-cv-thumb-default\" target=\"_self\" ><img loading=\"lazy\" decoding=\"async\" width=\"180\" height=\"279\" src=\"http:\/\/www.szikorarendezoiroda.hu\/szikora\/wp-content\/uploads\/2015\/06\/csonka_zsuzsa-006_1747692_7508.jpg\" class=\"pt-cv-thumbnail\" alt=\"\" \/><\/a>\n<h4 class=\"pt-cv-title\"><a href=\"http:\/\/www.szikorarendezoiroda.hu\/szikora\/operett\/csonka-zsuzsa\/\" class=\"_self\" target=\"_self\" >CSONKA ZSUZSA<\/a><\/h4>\n<div class=\"pt-cv-content\">Opera\u00e9nekesn\u0151, kolorat\u00farszopr\u00e1n. Ez a hangsz\u00edn az operett irodalom leghangig\u00e9nyesebb szerepeinek megform\u00e1l\u00e1s\u00e1ra is lehet\u0151s\u00e9get adott, hiszen alig van k\u00fcl\u00f6nbs\u00e9g a k\u00e9t ...<br \/><div class=\"pt-cv-rmwrap\"><a href=\"http:\/\/www.szikorarendezoiroda.hu\/szikora\/operett\/csonka-zsuzsa\/\" class=\"_self pt-cv-readmore btn btn-success\" target=\"_self\">R\u00e9szletek<\/a><\/div><\/div><\/div><\/div>\n<div class=\"col-md-4 col-sm-6 col-xs-12 pt-cv-content-item pt-cv-1-col\" ><div class='pt-cv-ifield'><a href=\"http:\/\/www.szikorarendezoiroda.hu\/szikora\/operett\/egri-jozsef\/\" class=\"_self pt-cv-href-thumbnail pt-cv-thumb-default\" target=\"_self\" ><img loading=\"lazy\" decoding=\"async\" width=\"300\" height=\"184\" src=\"http:\/\/www.szikorarendezoiroda.hu\/szikora\/wp-content\/uploads\/2015\/06\/szasz-egri-300x184.jpg\" class=\"pt-cv-thumbnail\" alt=\"\" srcset=\"http:\/\/www.szikorarendezoiroda.hu\/szikora\/wp-content\/uploads\/2015\/06\/szasz-egri-300x184.jpg 300w, http:\/\/www.szikorarendezoiroda.hu\/szikora\/wp-content\/uploads\/2015\/06\/szasz-egri.jpg 500w\" sizes=\"(max-width: 300px) 100vw, 300px\" \/><\/a>\n<h4 class=\"pt-cv-title\"><a href=\"http:\/\/www.szikorarendezoiroda.hu\/szikora\/operett\/egri-jozsef\/\" class=\"_self\" target=\"_self\" >EGRI J\u00d3ZSEF<\/a><\/h4>\n<div class=\"pt-cv-content\">Egri J\u00f3zsef a \u201ekimagasl\u00f3\u201d t\u00e1ncos-komikusok k\u00f6z\u00e9 tartozik. A Vigad\u00f3ban \u00e9veken kereszt\u00fcl oly sikeres \u00daj \u00c9vi Koncertnek volt \u00e1lland\u00f3 fell\u00e9p\u0151je ...<br \/><div class=\"pt-cv-rmwrap\"><a href=\"http:\/\/www.szikorarendezoiroda.hu\/szikora\/operett\/egri-jozsef\/\" class=\"_self pt-cv-readmore btn btn-success\" target=\"_self\">R\u00e9szletek<\/a><\/div><\/div><\/div><\/div>\n<div class=\"col-md-4 col-sm-6 col-xs-12 pt-cv-content-item pt-cv-1-col\" ><div class='pt-cv-ifield'><a href=\"http:\/\/www.szikorarendezoiroda.hu\/szikora\/operett\/gyorgy-rozsa-sandor\/\" class=\"_self pt-cv-href-thumbnail pt-cv-thumb-default\" target=\"_self\" ><img loading=\"lazy\" decoding=\"async\" width=\"300\" height=\"177\" src=\"http:\/\/www.szikorarendezoiroda.hu\/szikora\/wp-content\/uploads\/2015\/06\/gyorgy-rozsa-sandor-474-279-52613-300x177.jpg\" class=\"pt-cv-thumbnail\" alt=\"\" srcset=\"http:\/\/www.szikorarendezoiroda.hu\/szikora\/wp-content\/uploads\/2015\/06\/gyorgy-rozsa-sandor-474-279-52613-300x177.jpg 300w, http:\/\/www.szikorarendezoiroda.hu\/szikora\/wp-content\/uploads\/2015\/06\/gyorgy-rozsa-sandor-474-279-52613.jpg 474w\" sizes=\"(max-width: 300px) 100vw, 300px\" \/><\/a>\n<h4 class=\"pt-cv-title\"><a href=\"http:\/\/www.szikorarendezoiroda.hu\/szikora\/operett\/gyorgy-rozsa-sandor\/\" class=\"_self\" target=\"_self\" >GY\u00d6RGY R\u00d3ZSA S\u00c1NDOR<\/a><\/h4>\n<div class=\"pt-cv-content\">Az erd\u00e9lyi sz\u00fclet\u00e9s\u0171 fiatal m\u0171v\u00e9sz 1999-ben j\u00f6tt Budapestre. Az Operettsz\u00ednh\u00e1z sz\u00edni tanod\u00e1j\u00e1nak elv\u00e9gz\u00e9se ut\u00e1n is a sz\u00ednh\u00e1zn\u00e1l maradt \u00e9s megkapta ...<br \/><div class=\"pt-cv-rmwrap\"><a href=\"http:\/\/www.szikorarendezoiroda.hu\/szikora\/operett\/gyorgy-rozsa-sandor\/\" class=\"_self pt-cv-readmore btn btn-success\" target=\"_self\">R\u00e9szletek<\/a><\/div><\/div><\/div><\/div>\n<div class=\"col-md-4 col-sm-6 col-xs-12 pt-cv-content-item pt-cv-1-col\" ><div class='pt-cv-ifield'><a href=\"http:\/\/www.szikorarendezoiroda.hu\/szikora\/operett\/kallay-bori\/\" class=\"_self pt-cv-href-thumbnail pt-cv-thumb-default\" target=\"_self\" ><img loading=\"lazy\" decoding=\"async\" width=\"255\" height=\"300\" src=\"http:\/\/www.szikorarendezoiroda.hu\/szikora\/wp-content\/uploads\/2015\/06\/kallaybori-255x300.jpg\" class=\"pt-cv-thumbnail\" alt=\"\" srcset=\"http:\/\/www.szikorarendezoiroda.hu\/szikora\/wp-content\/uploads\/2015\/06\/kallaybori-255x300.jpg 255w, http:\/\/www.szikorarendezoiroda.hu\/szikora\/wp-content\/uploads\/2015\/06\/kallaybori.jpg 401w\" sizes=\"(max-width: 255px) 100vw, 255px\" \/><\/a>\n<h4 class=\"pt-cv-title\"><a href=\"http:\/\/www.szikorarendezoiroda.hu\/szikora\/operett\/kallay-bori\/\" class=\"_self\" target=\"_self\" >K\u00c1LLAY BORI<\/a><\/h4>\n<div class=\"pt-cv-content\">Remek t\u00e1nc \u00e9s \u00e9nektud\u00e1s\u00fa sz\u00edn\u00e9szn\u0151. A kezdeti szubrett szerepekr\u0151l m\u00e1ra \u00e1tt\u00e9rt a primadonna szerepk\u00f6rre. F\u00e9rj\u00e9vel Vitray Tam\u00e1ssal \u00e9s l\u00e1ny\u00e1val Fony\u00f3 ...<br \/><div class=\"pt-cv-rmwrap\"><a href=\"http:\/\/www.szikorarendezoiroda.hu\/szikora\/operett\/kallay-bori\/\" class=\"_self pt-cv-readmore btn btn-success\" target=\"_self\">R\u00e9szletek<\/a><\/div><\/div><\/div><\/div>\n<div class=\"col-md-4 col-sm-6 col-xs-12 pt-cv-content-item pt-cv-1-col\" ><div class='pt-cv-ifield'><a href=\"http:\/\/www.szikorarendezoiroda.hu\/szikora\/operett\/kalocsai-zsuzsa\/\" class=\"_self pt-cv-href-thumbnail pt-cv-thumb-default\" target=\"_self\" ><img loading=\"lazy\" decoding=\"async\" width=\"255\" height=\"300\" src=\"http:\/\/www.szikorarendezoiroda.hu\/szikora\/wp-content\/uploads\/2015\/06\/kalocsai_01-255x300.jpg\" class=\"pt-cv-thumbnail\" alt=\"\" srcset=\"http:\/\/www.szikorarendezoiroda.hu\/szikora\/wp-content\/uploads\/2015\/06\/kalocsai_01-255x300.jpg 255w, http:\/\/www.szikorarendezoiroda.hu\/szikora\/wp-content\/uploads\/2015\/06\/kalocsai_01.jpg 300w\" sizes=\"(max-width: 255px) 100vw, 255px\" \/><\/a>\n<h4 class=\"pt-cv-title\"><a href=\"http:\/\/www.szikorarendezoiroda.hu\/szikora\/operett\/kalocsai-zsuzsa\/\" class=\"_self\" target=\"_self\" >KALOCSAI ZSUZSA<\/a><\/h4>\n<div class=\"pt-cv-content\">Az Operettsz\u00ednh\u00e1z primadonn\u00e1ja, igazi \u201ekir\u00e1lyn\u0151i\u201d l\u00e1tv\u00e1ny a sz\u00ednpadon egy csod\u00e1latos hanggal meg\u00e1ldva. \u00d3ri\u00e1si sikereket \u00e9rt el nemcsak Eur\u00f3pa operettet kedvel\u0151 ...<br \/><div class=\"pt-cv-rmwrap\"><a href=\"http:\/\/www.szikorarendezoiroda.hu\/szikora\/operett\/kalocsai-zsuzsa\/\" class=\"_self pt-cv-readmore btn btn-success\" target=\"_self\">R\u00e9szletek<\/a><\/div><\/div><\/div><\/div>\n<div class=\"col-md-4 col-sm-6 col-xs-12 pt-cv-content-item pt-cv-1-col\" ><div class='pt-cv-ifield'><a href=\"http:\/\/www.szikorarendezoiroda.hu\/szikora\/operett\/oszvald-marika\/\" class=\"_self pt-cv-href-thumbnail pt-cv-thumb-default\" target=\"_self\" ><img loading=\"lazy\" decoding=\"async\" width=\"300\" height=\"200\" src=\"http:\/\/www.szikorarendezoiroda.hu\/szikora\/wp-content\/uploads\/2015\/06\/fokuszban_PMK_003-300x200.jpg\" class=\"pt-cv-thumbnail\" alt=\"\" srcset=\"http:\/\/www.szikorarendezoiroda.hu\/szikora\/wp-content\/uploads\/2015\/06\/fokuszban_PMK_003-300x200.jpg 300w, http:\/\/www.szikorarendezoiroda.hu\/szikora\/wp-content\/uploads\/2015\/06\/fokuszban_PMK_003-400x267.jpg 400w, http:\/\/www.szikorarendezoiroda.hu\/szikora\/wp-content\/uploads\/2015\/06\/fokuszban_PMK_003.jpg 965w\" sizes=\"(max-width: 300px) 100vw, 300px\" \/><\/a>\n<h4 class=\"pt-cv-title\"><a href=\"http:\/\/www.szikorarendezoiroda.hu\/szikora\/operett\/oszvald-marika\/\" class=\"_self\" target=\"_self\" >OSZVALD MARIKA<\/a><\/h4>\n<div class=\"pt-cv-content\">Igazi t\u0171zr\u0151lpattant szubrett-primadonna, aki \u00e9nekel, t\u00e1ncol, cig\u00e1nykerekezik, aki szerepei megform\u00e1l\u00e1s\u00e1n\u00e1l a humort sem n\u00e9lk\u00fcl\u00f6zi. R\u00e9gi, kedves partner\u00e9vel Csere L\u00e1szl\u00f3val fantasztikus ...<br \/><div class=\"pt-cv-rmwrap\"><a href=\"http:\/\/www.szikorarendezoiroda.hu\/szikora\/operett\/oszvald-marika\/\" class=\"_self pt-cv-readmore btn btn-success\" target=\"_self\">R\u00e9szletek<\/a><\/div><\/div><\/div><\/div>\n<div class=\"col-md-4 col-sm-6 col-xs-12 pt-cv-content-item pt-cv-1-col\" ><div class='pt-cv-ifield'><a href=\"http:\/\/www.szikorarendezoiroda.hu\/szikora\/operett\/teremi-trixi\/\" class=\"_self pt-cv-href-thumbnail pt-cv-thumb-default\" target=\"_self\" ><img loading=\"lazy\" decoding=\"async\" width=\"198\" height=\"254\" src=\"http:\/\/www.szikorarendezoiroda.hu\/szikora\/wp-content\/uploads\/2018\/08\/Teremi-Trixi.jpg\" class=\"pt-cv-thumbnail\" alt=\"\" \/><\/a>\n<h4 class=\"pt-cv-title\"><a href=\"http:\/\/www.szikorarendezoiroda.hu\/szikora\/operett\/teremi-trixi\/\" class=\"_self\" target=\"_self\" >Teremi Trixi<\/a><\/h4>\n<div class=\"pt-cv-content\">Igazi, t\u0171zr\u0151lpattant\u00a0 szubrett aki egyar\u00e1nt otthon van a klasszikus nagyoperettekben, a n\u00e9psz\u00ednm\u0171vekben de m\u00e9g a n\u00f3t\u00e1z\u00e1sban is.\u00a0 Partnereivel 50\u2019-60\u2019ben ny\u00fajt ...<br \/><div class=\"pt-cv-rmwrap\"><a href=\"http:\/\/www.szikorarendezoiroda.hu\/szikora\/operett\/teremi-trixi\/\" class=\"_self pt-cv-readmore btn btn-success\" target=\"_self\">R\u00e9szletek<\/a><\/div><\/div><\/div><\/div>\n<div class=\"col-md-4 col-sm-6 col-xs-12 pt-cv-content-item pt-cv-1-col\" ><div class='pt-cv-ifield'><a href=\"http:\/\/www.szikorarendezoiroda.hu\/szikora\/operett\/viragh-jozsef\/\" class=\"_self pt-cv-href-thumbnail pt-cv-thumb-default\" target=\"_self\" ><img loading=\"lazy\" decoding=\"async\" width=\"300\" height=\"200\" src=\"http:\/\/www.szikorarendezoiroda.hu\/szikora\/wp-content\/uploads\/2015\/06\/viragh-jozsef-original-56220-300x200.jpg\" class=\"pt-cv-thumbnail\" alt=\"\" srcset=\"http:\/\/www.szikorarendezoiroda.hu\/szikora\/wp-content\/uploads\/2015\/06\/viragh-jozsef-original-56220-300x200.jpg 300w, http:\/\/www.szikorarendezoiroda.hu\/szikora\/wp-content\/uploads\/2015\/06\/viragh-jozsef-original-56220-1024x682.jpg 1024w, http:\/\/www.szikorarendezoiroda.hu\/szikora\/wp-content\/uploads\/2015\/06\/viragh-jozsef-original-56220-400x267.jpg 400w, http:\/\/www.szikorarendezoiroda.hu\/szikora\/wp-content\/uploads\/2015\/06\/viragh-jozsef-original-56220.jpg 1280w\" sizes=\"(max-width: 300px) 100vw, 300px\" \/><\/a>\n<h4 class=\"pt-cv-title\"><a href=\"http:\/\/www.szikorarendezoiroda.hu\/szikora\/operett\/viragh-jozsef\/\" class=\"_self\" target=\"_self\" >VIR\u00c1GH J\u00d3ZSEF<\/a><\/h4>\n<div class=\"pt-cv-content\">Igazi bonviv\u00e1n alkat. Eleg\u00e1ns b\u00e1r\u00f3 \u00e9s f\u0151herceg ifjak megszem\u00e9lyes\u00edt\u0151je, de \u201eKukorica Jancsi\u201d-k\u00e9nt is igazi \u201eleg\u00e9ny a g\u00e1ton\u201d. Telev\u00edzi\u00f3s n\u00f3tafelv\u00e9telei azt ...<br \/><div class=\"pt-cv-rmwrap\"><a href=\"http:\/\/www.szikorarendezoiroda.hu\/szikora\/operett\/viragh-jozsef\/\" class=\"_self pt-cv-readmore btn btn-success\" target=\"_self\">R\u00e9szletek<\/a><\/div><\/div><\/div><\/div>\n<div class=\"col-md-4 col-sm-6 col-xs-12 pt-cv-content-item pt-cv-1-col\" ><div class='pt-cv-ifield'><a href=\"http:\/\/www.szikorarendezoiroda.hu\/szikora\/operett\/zsadon-andrea-szolnoki-tibor\/\" class=\"_self pt-cv-href-thumbnail pt-cv-thumb-default\" target=\"_self\" ><img loading=\"lazy\" decoding=\"async\" width=\"300\" height=\"177\" src=\"http:\/\/www.szikorarendezoiroda.hu\/szikora\/wp-content\/uploads\/2015\/06\/zsadon-andrea-szolnoki-tibor-474-279-37702-300x177.jpg\" class=\"pt-cv-thumbnail\" alt=\"\" srcset=\"http:\/\/www.szikorarendezoiroda.hu\/szikora\/wp-content\/uploads\/2015\/06\/zsadon-andrea-szolnoki-tibor-474-279-37702-300x177.jpg 300w, http:\/\/www.szikorarendezoiroda.hu\/szikora\/wp-content\/uploads\/2015\/06\/zsadon-andrea-szolnoki-tibor-474-279-37702.jpg 474w\" sizes=\"(max-width: 300px) 100vw, 300px\" \/><\/a>\n<h4 class=\"pt-cv-title\"><a href=\"http:\/\/www.szikorarendezoiroda.hu\/szikora\/operett\/zsadon-andrea-szolnoki-tibor\/\" class=\"_self\" target=\"_self\" >ZSADON ANDREA &#8211; SZOLNOKI TIBOR<\/a><\/h4>\n<div class=\"pt-cv-content\">Zsadon Andrea-Szolnoki Tibor-operett. A k\u00e9t n\u00e9v \u00e9s a m\u0171faj elv\u00e1laszthatatlan egym\u00e1st\u00f3l. Minden szerepet elj\u00e1tszottak, amit ebben a m\u0171fajban el lehetett ...<br \/><div class=\"pt-cv-rmwrap\"><a href=\"http:\/\/www.szikorarendezoiroda.hu\/szikora\/operett\/zsadon-andrea-szolnoki-tibor\/\" class=\"_self pt-cv-readmore btn btn-success\" target=\"_self\">R\u00e9szletek<\/a><\/div><\/div><\/div><\/div><\/div><\/div><\/div>","protected":false},"excerpt":{"rendered":"<p>AZ \u00d6R\u00d6KZ\u00d6LD OPERETT Az operett m\u0171faj\u00e1t m\u00e1r sokszor eltemett\u00e9k. Ennek ellen\u00e9re \u00e9l \u00e9s virul, jobban, mint valaha. A vid\u00e1m \u00e9rzelem d\u00fas dallamok \u00e9s sz\u00f6vegek magukkal ragadj\u00e1k a hallgat\u00f3s\u00e1got, ez\u00e1ltal remek <a class=\"more-link\" href=\"http:\/\/www.szikorarendezoiroda.hu\/szikora\/operett\/\">A folytat&aacute;s olvas&aacute;sa &rarr;<\/a><\/p>\n","protected":false},"author":1,"featured_media":1493,"parent":0,"menu_order":0,"comment_status":"open","ping_status":"open","template":"","meta":{"footnotes":""},"aioseo_notices":[],"_links":{"self":[{"href":"http:\/\/www.szikorarendezoiroda.hu\/szikora\/wp-json\/wp\/v2\/pages\/29"}],"collection":[{"href":"http:\/\/www.szikorarendezoiroda.hu\/szikora\/wp-json\/wp\/v2\/pages"}],"about":[{"href":"http:\/\/www.szikorarendezoiroda.hu\/szikora\/wp-json\/wp\/v2\/types\/page"}],"author":[{"embeddable":true,"href":"http:\/\/www.szikorarendezoiroda.hu\/szikora\/wp-json\/wp\/v2\/users\/1"}],"replies":[{"embeddable":true,"href":"http:\/\/www.szikorarendezoiroda.hu\/szikora\/wp-json\/wp\/v2\/comments?post=29"}],"version-history":[{"count":24,"href":"http:\/\/www.szikorarendezoiroda.hu\/szikora\/wp-json\/wp\/v2\/pages\/29\/revisions"}],"predecessor-version":[{"id":3265,"href":"http:\/\/www.szikorarendezoiroda.hu\/szikora\/wp-json\/wp\/v2\/pages\/29\/revisions\/3265"}],"wp:featuredmedia":[{"embeddable":true,"href":"http:\/\/www.szikorarendezoiroda.hu\/szikora\/wp-json\/wp\/v2\/media\/1493"}],"wp:attachment":[{"href":"http:\/\/www.szikorarendezoiroda.hu\/szikora\/wp-json\/wp\/v2\/media?parent=29"}],"curies":[{"name":"wp","href":"https:\/\/api.w.org\/{rel}","templated":true}]}}