{"id":2770,"date":"2018-08-03T04:18:17","date_gmt":"2018-08-03T04:18:17","guid":{"rendered":"http:\/\/www.szikorarendezoiroda.hu\/szikora\/?page_id=2770"},"modified":"2018-08-03T04:18:17","modified_gmt":"2018-08-03T04:18:17","slug":"zseda","status":"publish","type":"page","link":"http:\/\/www.szikorarendezoiroda.hu\/szikora\/tancdal-retro-pop\/zseda\/","title":{"rendered":"Zs\u00e9da"},"content":{"rendered":"<p><span style=\"font-family: Georgia,Palatino; font-size: 12pt;\">Nem csak cd alapos fell\u00e9p\u00e9st v\u00e1llal a m\u0171v\u00e9szn\u0151, hanem \u00e9l\u0151 koncerteket is. A \u201eZongorista \u00e9s \u00c9n\u201e c\u00edm\u0171 60\u2019-es el\u0151ad\u00e1sa (3f\u0151) vagy 90\u2019-es \u00e9l\u0151 koncertje igazi zenei csemege hangz\u00e1sban \u00e9s l\u00e1tv\u00e1nyban egyar\u00e1nt.<\/span><\/p>\n<p>&nbsp;<\/p>\n<p><iframe loading=\"lazy\" width=\"800\" height=\"600\" src=\"https:\/\/www.youtube.com\/embed\/nmDmpWnAbCM?feature=oembed\" frameborder=\"0\" allow=\"autoplay; encrypted-media\" allowfullscreen><\/iframe><\/p>\n","protected":false},"excerpt":{"rendered":"<p>Nem csak cd alapos fell\u00e9p\u00e9st v\u00e1llal a m\u0171v\u00e9szn\u0151, hanem \u00e9l\u0151 koncerteket is. A \u201eZongorista \u00e9s \u00c9n\u201e c\u00edm\u0171 60\u2019-es el\u0151ad\u00e1sa (3f\u0151) vagy 90\u2019-es \u00e9l\u0151 koncertje igazi zenei csemege hangz\u00e1sban \u00e9s l\u00e1tv\u00e1nyban <a class=\"more-link\" href=\"http:\/\/www.szikorarendezoiroda.hu\/szikora\/tancdal-retro-pop\/zseda\/\">A folytat&aacute;s olvas&aacute;sa &rarr;<\/a><\/p>\n","protected":false},"author":1,"featured_media":864,"parent":20,"menu_order":0,"comment_status":"open","ping_status":"open","template":"","meta":{"footnotes":""},"aioseo_notices":[],"_links":{"self":[{"href":"http:\/\/www.szikorarendezoiroda.hu\/szikora\/wp-json\/wp\/v2\/pages\/2770"}],"collection":[{"href":"http:\/\/www.szikorarendezoiroda.hu\/szikora\/wp-json\/wp\/v2\/pages"}],"about":[{"href":"http:\/\/www.szikorarendezoiroda.hu\/szikora\/wp-json\/wp\/v2\/types\/page"}],"author":[{"embeddable":true,"href":"http:\/\/www.szikorarendezoiroda.hu\/szikora\/wp-json\/wp\/v2\/users\/1"}],"replies":[{"embeddable":true,"href":"http:\/\/www.szikorarendezoiroda.hu\/szikora\/wp-json\/wp\/v2\/comments?post=2770"}],"version-history":[{"count":1,"href":"http:\/\/www.szikorarendezoiroda.hu\/szikora\/wp-json\/wp\/v2\/pages\/2770\/revisions"}],"predecessor-version":[{"id":2771,"href":"http:\/\/www.szikorarendezoiroda.hu\/szikora\/wp-json\/wp\/v2\/pages\/2770\/revisions\/2771"}],"up":[{"embeddable":true,"href":"http:\/\/www.szikorarendezoiroda.hu\/szikora\/wp-json\/wp\/v2\/pages\/20"}],"wp:featuredmedia":[{"embeddable":true,"href":"http:\/\/www.szikorarendezoiroda.hu\/szikora\/wp-json\/wp\/v2\/media\/864"}],"wp:attachment":[{"href":"http:\/\/www.szikorarendezoiroda.hu\/szikora\/wp-json\/wp\/v2\/media?parent=2770"}],"curies":[{"name":"wp","href":"https:\/\/api.w.org\/{rel}","templated":true}]}}

Zséda

<p><span style="font-family: Georgia,Palatino; font-size: 12pt;">Nem csak cd alapos fellépést vállal a művésznő, hanem élő koncerteket is. A „Zongorista és Én„ című 60’-es előadása (3fő) vagy 90’-es élő koncertje igazi zenei csemege hangzásban és látványban egyaránt.</span></p>
<p>&nbsp;</p>
<p><iframe loading="lazy" width="800" height="600" src="https://www.youtube.com/embed/nmDmpWnAbCM?feature=oembed" frameborder="0" allow="autoplay; encrypted-media" allowfullscreen></iframe></p>

<p>Nem csak cd alapos fellépést vállal a művésznő, hanem élő koncerteket is. A „Zongorista és Én„ című 60’-es előadása (3fő) vagy 90’-es élő koncertje igazi zenei csemege hangzásban és látványban <a class="more-link" href="http://www.szikorarendezoiroda.hu/szikora/tancdal-retro-pop/zseda/">A folytat&aacute;s olvas&aacute;sa &rarr;</a></p>
