{"id":2644,"date":"2018-08-02T11:53:15","date_gmt":"2018-08-02T11:53:15","guid":{"rendered":"http:\/\/www.szikorarendezoiroda.hu\/szikora\/?page_id=2644"},"modified":"2018-08-05T05:40:13","modified_gmt":"2018-08-05T05:40:13","slug":"buch-tibor","status":"publish","type":"page","link":"http:\/\/www.szikorarendezoiroda.hu\/szikora\/operett\/buch-tibor\/","title":{"rendered":"Buch Tibor"},"content":{"rendered":"<p>&nbsp;<\/p>\n<p>1997-ben diplom\u00e1zott a Sz\u00ednm\u0171v\u00e9szeti operett \u2013 musical tanszak\u00e1n. Az\u00f3ta sz\u00e1mtalan sz\u00ednh\u00e1zban j\u00e1tszott \u00e9s \u00e9nekelt sz\u00e1mtalan bonviv\u00e1n szerepet , de oszlopos tagja a Kom\u00e1romi Lovas Sz\u00ednh\u00e1znak is.<\/p>\n<p>&nbsp;<\/p>\n<p><iframe loading=\"lazy\" width=\"800\" height=\"450\" src=\"https:\/\/www.youtube.com\/embed\/Tes9mqtscmU?feature=oembed\" frameborder=\"0\" allow=\"autoplay; encrypted-media\" allowfullscreen><\/iframe><\/p>\n","protected":false},"excerpt":{"rendered":"<p>&nbsp; 1997-ben diplom\u00e1zott a Sz\u00ednm\u0171v\u00e9szeti operett \u2013 musical tanszak\u00e1n. Az\u00f3ta sz\u00e1mtalan sz\u00ednh\u00e1zban j\u00e1tszott \u00e9s \u00e9nekelt sz\u00e1mtalan bonviv\u00e1n szerepet , de oszlopos tagja a Kom\u00e1romi Lovas Sz\u00ednh\u00e1znak is. &nbsp;<\/p>\n","protected":false},"author":1,"featured_media":2645,"parent":29,"menu_order":0,"comment_status":"open","ping_status":"open","template":"","meta":{"footnotes":""},"aioseo_notices":[],"_links":{"self":[{"href":"http:\/\/www.szikorarendezoiroda.hu\/szikora\/wp-json\/wp\/v2\/pages\/2644"}],"collection":[{"href":"http:\/\/www.szikorarendezoiroda.hu\/szikora\/wp-json\/wp\/v2\/pages"}],"about":[{"href":"http:\/\/www.szikorarendezoiroda.hu\/szikora\/wp-json\/wp\/v2\/types\/page"}],"author":[{"embeddable":true,"href":"http:\/\/www.szikorarendezoiroda.hu\/szikora\/wp-json\/wp\/v2\/users\/1"}],"replies":[{"embeddable":true,"href":"http:\/\/www.szikorarendezoiroda.hu\/szikora\/wp-json\/wp\/v2\/comments?post=2644"}],"version-history":[{"count":2,"href":"http:\/\/www.szikorarendezoiroda.hu\/szikora\/wp-json\/wp\/v2\/pages\/2644\/revisions"}],"predecessor-version":[{"id":3048,"href":"http:\/\/www.szikorarendezoiroda.hu\/szikora\/wp-json\/wp\/v2\/pages\/2644\/revisions\/3048"}],"up":[{"embeddable":true,"href":"http:\/\/www.szikorarendezoiroda.hu\/szikora\/wp-json\/wp\/v2\/pages\/29"}],"wp:featuredmedia":[{"embeddable":true,"href":"http:\/\/www.szikorarendezoiroda.hu\/szikora\/wp-json\/wp\/v2\/media\/2645"}],"wp:attachment":[{"href":"http:\/\/www.szikorarendezoiroda.hu\/szikora\/wp-json\/wp\/v2\/media?parent=2644"}],"curies":[{"name":"wp","href":"https:\/\/api.w.org\/{rel}","templated":true}]}}

<p>&nbsp;</p>
<p>1997-ben diplomázott a Színművészeti operett – musical tanszakán. Azóta számtalan színházban játszott és énekelt számtalan bonviván szerepet , de oszlopos tagja a Komáromi Lovas Színháznak is.</p>
<p>&nbsp;</p>
<p><iframe loading="lazy" width="800" height="450" src="https://www.youtube.com/embed/Tes9mqtscmU?feature=oembed" frameborder="0" allow="autoplay; encrypted-media" allowfullscreen></iframe></p>

<p>&nbsp; 1997-ben diplomázott a Színművészeti operett – musical tanszakán. Azóta számtalan színházban játszott és énekelt számtalan bonviván szerepet , de oszlopos tagja a Komáromi Lovas Színháznak is. &nbsp;</p>
