{"id":2617,"date":"2018-08-02T11:36:27","date_gmt":"2018-08-02T11:36:27","guid":{"rendered":"http:\/\/www.szikorarendezoiroda.hu\/szikora\/?page_id=2617"},"modified":"2018-08-03T05:43:54","modified_gmt":"2018-08-03T05:43:54","slug":"csemer-boglarka-boogie","status":"publish","type":"page","link":"http:\/\/www.szikorarendezoiroda.hu\/szikora\/tancdal-retro-pop\/csemer-boglarka-boogie\/","title":{"rendered":"Csemer Bogl\u00e1rka &#8211; Boogie"},"content":{"rendered":"<p>&nbsp;<\/p>\n<p>Csemer Bogl\u00e1rka \u2013 Boogie: \u00a0Boogie \u00e9nekesi munk\u00e1j\u00e1t a rendk\u00edv\u00fcli ig\u00e9nyess\u00e9g jellemzi zeneileg is \u00e9s sz\u00f6vegileg is.\u00a0 Parf\u00fcm c\u00edm\u0171 dal\u00e1val sikeresen t\u00f6rt be a nemzetk\u00f6zi zenei \u00e9letbe is.\u00a0 Dalainak egy szem\u00e9lyben zeneszerz\u0151je , sz\u00f6veg\u00edr\u00f3ja \u00e9s el\u0151ad\u00f3ja is , nemcsak magyarul hanem franci\u00e1ul is.<\/p>\n<p>&nbsp;<\/p>\n<p><iframe loading=\"lazy\" width=\"800\" height=\"450\" src=\"https:\/\/www.youtube.com\/embed\/5qrGOi41iwE?feature=oembed\" frameborder=\"0\" allow=\"autoplay; encrypted-media\" allowfullscreen><\/iframe><\/p>\n","protected":false},"excerpt":{"rendered":"<p>&nbsp; Csemer Bogl\u00e1rka \u2013 Boogie: \u00a0Boogie \u00e9nekesi munk\u00e1j\u00e1t a rendk\u00edv\u00fcli ig\u00e9nyess\u00e9g jellemzi zeneileg is \u00e9s sz\u00f6vegileg is.\u00a0 Parf\u00fcm c\u00edm\u0171 dal\u00e1val sikeresen t\u00f6rt be a nemzetk\u00f6zi zenei \u00e9letbe is.\u00a0 Dalainak egy <a class=\"more-link\" href=\"http:\/\/www.szikorarendezoiroda.hu\/szikora\/tancdal-retro-pop\/csemer-boglarka-boogie\/\">A folytat&aacute;s olvas&aacute;sa &rarr;<\/a><\/p>\n","protected":false},"author":1,"featured_media":2684,"parent":20,"menu_order":0,"comment_status":"open","ping_status":"open","template":"","meta":{"footnotes":""},"aioseo_notices":[],"_links":{"self":[{"href":"http:\/\/www.szikorarendezoiroda.hu\/szikora\/wp-json\/wp\/v2\/pages\/2617"}],"collection":[{"href":"http:\/\/www.szikorarendezoiroda.hu\/szikora\/wp-json\/wp\/v2\/pages"}],"about":[{"href":"http:\/\/www.szikorarendezoiroda.hu\/szikora\/wp-json\/wp\/v2\/types\/page"}],"author":[{"embeddable":true,"href":"http:\/\/www.szikorarendezoiroda.hu\/szikora\/wp-json\/wp\/v2\/users\/1"}],"replies":[{"embeddable":true,"href":"http:\/\/www.szikorarendezoiroda.hu\/szikora\/wp-json\/wp\/v2\/comments?post=2617"}],"version-history":[{"count":2,"href":"http:\/\/www.szikorarendezoiroda.hu\/szikora\/wp-json\/wp\/v2\/pages\/2617\/revisions"}],"predecessor-version":[{"id":2839,"href":"http:\/\/www.szikorarendezoiroda.hu\/szikora\/wp-json\/wp\/v2\/pages\/2617\/revisions\/2839"}],"up":[{"embeddable":true,"href":"http:\/\/www.szikorarendezoiroda.hu\/szikora\/wp-json\/wp\/v2\/pages\/20"}],"wp:featuredmedia":[{"embeddable":true,"href":"http:\/\/www.szikorarendezoiroda.hu\/szikora\/wp-json\/wp\/v2\/media\/2684"}],"wp:attachment":[{"href":"http:\/\/www.szikorarendezoiroda.hu\/szikora\/wp-json\/wp\/v2\/media?parent=2617"}],"curies":[{"name":"wp","href":"https:\/\/api.w.org\/{rel}","templated":true}]}}