{"id":2608,"date":"2018-08-02T11:31:15","date_gmt":"2018-08-02T11:31:15","guid":{"rendered":"http:\/\/www.szikorarendezoiroda.hu\/szikora\/?page_id=2608"},"modified":"2018-08-03T05:40:22","modified_gmt":"2018-08-03T05:40:22","slug":"tolcsvay-bela","status":"publish","type":"page","link":"http:\/\/www.szikorarendezoiroda.hu\/szikora\/podium-vers-szinmuveszek\/tolcsvay-bela\/","title":{"rendered":"TOLCSVAY B\u00c9LA"},"content":{"rendered":"<p>&nbsp;<\/p>\n<p>&nbsp;<\/p>\n<p>Kossuth d\u00edjas \u00e9nekes , zeneszerz\u0151 , sz\u00f6veg\u00edr\u00f3 , a Tolcsvay Tri\u00f3 alap\u00edt\u00f3ja.\u00a0 \u00d6n\u00e1ll\u00f3 estjeivel , alkalmi fell\u00e9p\u00e9seivel felejthetetlen \u00e9lm\u00e9nyt ad hallgat\u00f3inak.<\/p>\n<p>&nbsp;<\/p>\n<p><iframe loading=\"lazy\" width=\"800\" height=\"600\" src=\"https:\/\/www.youtube.com\/embed\/p3eVGjpnGvM?feature=oembed\" frameborder=\"0\" allow=\"autoplay; encrypted-media\" allowfullscreen><\/iframe><\/p>\n","protected":false},"excerpt":{"rendered":"<p>&nbsp; &nbsp; Kossuth d\u00edjas \u00e9nekes , zeneszerz\u0151 , sz\u00f6veg\u00edr\u00f3 , a Tolcsvay Tri\u00f3 alap\u00edt\u00f3ja.\u00a0 \u00d6n\u00e1ll\u00f3 estjeivel , alkalmi fell\u00e9p\u00e9seivel felejthetetlen \u00e9lm\u00e9nyt ad hallgat\u00f3inak. &nbsp;<\/p>\n","protected":false},"author":1,"featured_media":2609,"parent":2,"menu_order":0,"comment_status":"open","ping_status":"open","template":"","meta":{"footnotes":""},"aioseo_notices":[],"_links":{"self":[{"href":"http:\/\/www.szikorarendezoiroda.hu\/szikora\/wp-json\/wp\/v2\/pages\/2608"}],"collection":[{"href":"http:\/\/www.szikorarendezoiroda.hu\/szikora\/wp-json\/wp\/v2\/pages"}],"about":[{"href":"http:\/\/www.szikorarendezoiroda.hu\/szikora\/wp-json\/wp\/v2\/types\/page"}],"author":[{"embeddable":true,"href":"http:\/\/www.szikorarendezoiroda.hu\/szikora\/wp-json\/wp\/v2\/users\/1"}],"replies":[{"embeddable":true,"href":"http:\/\/www.szikorarendezoiroda.hu\/szikora\/wp-json\/wp\/v2\/comments?post=2608"}],"version-history":[{"count":3,"href":"http:\/\/www.szikorarendezoiroda.hu\/szikora\/wp-json\/wp\/v2\/pages\/2608\/revisions"}],"predecessor-version":[{"id":2833,"href":"http:\/\/www.szikorarendezoiroda.hu\/szikora\/wp-json\/wp\/v2\/pages\/2608\/revisions\/2833"}],"up":[{"embeddable":true,"href":"http:\/\/www.szikorarendezoiroda.hu\/szikora\/wp-json\/wp\/v2\/pages\/2"}],"wp:featuredmedia":[{"embeddable":true,"href":"http:\/\/www.szikorarendezoiroda.hu\/szikora\/wp-json\/wp\/v2\/media\/2609"}],"wp:attachment":[{"href":"http:\/\/www.szikorarendezoiroda.hu\/szikora\/wp-json\/wp\/v2\/media?parent=2608"}],"curies":[{"name":"wp","href":"https:\/\/api.w.org\/{rel}","templated":true}]}}

TOLCSVAY BÉLA

<p>&nbsp;</p>
<p>&nbsp;</p>
<p>Kossuth díjas énekes , zeneszerző , szövegíró , a Tolcsvay Trió alapítója.  Önálló estjeivel , alkalmi fellépéseivel felejthetetlen élményt ad hallgatóinak.</p>
<p>&nbsp;</p>
<p><iframe loading="lazy" width="800" height="600" src="https://www.youtube.com/embed/p3eVGjpnGvM?feature=oembed" frameborder="0" allow="autoplay; encrypted-media" allowfullscreen></iframe></p>

<p>&nbsp; &nbsp; Kossuth díjas énekes , zeneszerző , szövegíró , a Tolcsvay Trió alapítója.  Önálló estjeivel , alkalmi fellépéseivel felejthetetlen élményt ad hallgatóinak. &nbsp;</p>
