{"id":2539,"date":"2018-07-24T15:36:04","date_gmt":"2018-07-24T15:36:04","guid":{"rendered":"http:\/\/www.szikorarendezoiroda.hu\/szikora\/?page_id=2539"},"modified":"2018-08-04T04:05:00","modified_gmt":"2018-08-04T04:05:00","slug":"gentlemen-zenekar","status":"publish","type":"page","link":"http:\/\/www.szikorarendezoiroda.hu\/szikora\/zenekarok\/gentlemen-zenekar\/","title":{"rendered":"Gentlemen zenekar"},"content":{"rendered":"<p><strong>Gentlemen the \u201e Threenor<\/strong> \u201e\u00a0 egy\u00fcttes<\/p>\n<p>M\u00e1r a n\u00e9vv\u00e1laszt\u00e1s is t\u00fckr\u00f6zi , hogy 3 nagyon j\u00f3kedv\u0171 \u00a0tenorista\u00a0 teremt\u00a0 fergeteges j\u00f3kedvet koncertj\u00fck\u00f6n operett, musical \u00e9s \u00f6r\u00f6kz\u00f6ld sl\u00e1gerekkel amit szellemes konferanszokkal, \u00f6sszek\u00f6t\u0151 sz\u00f6vegekkel tesznek m\u00e9g \u00e9lvezetesebb\u00e9.<\/p>\n<p>A 3\u00a0 tenor: Buch Tibor &#8211; Csengeri\u00a0\u00a0 Attila &#8211; Sz\u00e9les J\u00f3zsef<\/p>\n","protected":false},"excerpt":{"rendered":"<p>Gentlemen the \u201e Threenor \u201e\u00a0 egy\u00fcttes M\u00e1r a n\u00e9vv\u00e1laszt\u00e1s is t\u00fckr\u00f6zi , hogy 3 nagyon j\u00f3kedv\u0171 \u00a0tenorista\u00a0 teremt\u00a0 fergeteges j\u00f3kedvet koncertj\u00fck\u00f6n operett, musical \u00e9s \u00f6r\u00f6kz\u00f6ld sl\u00e1gerekkel amit szellemes konferanszokkal, \u00f6sszek\u00f6t\u0151 <a class=\"more-link\" href=\"http:\/\/www.szikorarendezoiroda.hu\/szikora\/zenekarok\/gentlemen-zenekar\/\">A folytat&aacute;s olvas&aacute;sa &rarr;<\/a><\/p>\n","protected":false},"author":1,"featured_media":2540,"parent":22,"menu_order":0,"comment_status":"open","ping_status":"open","template":"","meta":{"footnotes":""},"aioseo_notices":[],"_links":{"self":[{"href":"http:\/\/www.szikorarendezoiroda.hu\/szikora\/wp-json\/wp\/v2\/pages\/2539"}],"collection":[{"href":"http:\/\/www.szikorarendezoiroda.hu\/szikora\/wp-json\/wp\/v2\/pages"}],"about":[{"href":"http:\/\/www.szikorarendezoiroda.hu\/szikora\/wp-json\/wp\/v2\/types\/page"}],"author":[{"embeddable":true,"href":"http:\/\/www.szikorarendezoiroda.hu\/szikora\/wp-json\/wp\/v2\/users\/1"}],"replies":[{"embeddable":true,"href":"http:\/\/www.szikorarendezoiroda.hu\/szikora\/wp-json\/wp\/v2\/comments?post=2539"}],"version-history":[{"count":1,"href":"http:\/\/www.szikorarendezoiroda.hu\/szikora\/wp-json\/wp\/v2\/pages\/2539\/revisions"}],"predecessor-version":[{"id":2541,"href":"http:\/\/www.szikorarendezoiroda.hu\/szikora\/wp-json\/wp\/v2\/pages\/2539\/revisions\/2541"}],"up":[{"embeddable":true,"href":"http:\/\/www.szikorarendezoiroda.hu\/szikora\/wp-json\/wp\/v2\/pages\/22"}],"wp:featuredmedia":[{"embeddable":true,"href":"http:\/\/www.szikorarendezoiroda.hu\/szikora\/wp-json\/wp\/v2\/media\/2540"}],"wp:attachment":[{"href":"http:\/\/www.szikorarendezoiroda.hu\/szikora\/wp-json\/wp\/v2\/media?parent=2539"}],"curies":[{"name":"wp","href":"https:\/\/api.w.org\/{rel}","templated":true}]}}