{"id":2467,"date":"2017-10-25T09:39:43","date_gmt":"2017-10-25T09:39:43","guid":{"rendered":"http:\/\/www.szikorarendezoiroda.hu\/szikora\/?page_id=2467"},"modified":"2018-08-03T05:41:35","modified_gmt":"2018-08-03T05:41:35","slug":"tomanek-gabor-nagy-erika","status":"publish","type":"page","link":"http:\/\/www.szikorarendezoiroda.hu\/szikora\/podium-vers-szinmuveszek\/tomanek-gabor-nagy-erika\/","title":{"rendered":"TOMANEK G\u00c1BOR-NAGY ERIKA"},"content":{"rendered":"<p><span style=\"font-family: Georgia,Palatino; font-size: 14pt;\">A b\u00e9k\u00e9scsabai J\u00f3kai sz\u00ednh\u00e1z m\u0171v\u00e9szei.<\/span><\/p>\n<p>&nbsp;<\/p>\n<p><span style=\"font-family: Georgia,Palatino; font-size: 14pt;\">Palett\u00e1jukon megtal\u00e1lhat\u00f3ak az irodalmi estek pl. Wass Albert est vagy \u00a0a tematikus, \u00fcnnepi m\u0171sorok \u00a0&#8211; M\u00e1rcius 15 vagy Augusztus 20 vagy\u00a0 Okt\u00f3ber 23 &#8211; \u00e9s az alkalmi versek is.<\/span><\/p>\n<p><span style=\"font-family: Georgia,Palatino; font-size: 14pt;\"><a href=\"http:\/\/www.szikorarendezoiroda.hu\/szikora\/wp-content\/uploads\/2017\/10\/tomanek_gabor_img_1652_bw_tag.jpg\"><img loading=\"lazy\" decoding=\"async\" class=\" size-full wp-image-2459 alignnone\" src=\"http:\/\/www.szikorarendezoiroda.hu\/szikora\/wp-content\/uploads\/2017\/10\/tomanek_gabor_img_1652_bw_tag.jpg\" alt=\"tomanek_gabor_img_1652_bw_tag\" width=\"187\" height=\"280\" \/><\/a><\/span><\/p>\n<p><span style=\"font-family: Georgia,Palatino; font-size: 14pt;\">Tomanek G\u00e1bor hangja, besz\u00e9dst\u00edlusa megt\u00e9veszt\u0151en hasonl\u00edt \u00c9desapja Tomanek N\u00e1ndor hangj\u00e1ra, ez\u00e9rt az \u0151 hal\u00e1la ut\u00e1n sz\u00e1mtalanszor k\u00e9rt\u00e9k, hogy folytassa tov\u00e1bb a megkezdett mese \u00e9s feln\u0151tt filmek szinkroniz\u00e1l\u00e1s\u00e1t.<\/span><\/p>\n<p><span style=\"font-family: Georgia,Palatino; font-size: 14pt;\">P\u00f3diumm\u0171soraik megrendelhet\u0151k az <a href=\"mailto:info@szikorarendezoiroda.hu\">info@szikorarendezoiroda.hu<\/a>\u00a0\u00a0 emailc\u00edmen vagy telefonon: 06 30\/250 68 58<\/span><\/p>\n<p>&nbsp;<\/p>\n<p><iframe loading=\"lazy\" width=\"800\" height=\"450\" src=\"https:\/\/www.youtube.com\/embed\/YF68HnB4Gb0?feature=oembed\" frameborder=\"0\" gesture=\"media\" allowfullscreen><\/iframe><\/p>\n<p>&nbsp;<\/p>\n","protected":false},"excerpt":{"rendered":"<p>A b\u00e9k\u00e9scsabai J\u00f3kai sz\u00ednh\u00e1z m\u0171v\u00e9szei. &nbsp; Palett\u00e1jukon megtal\u00e1lhat\u00f3ak az irodalmi estek pl. Wass Albert est vagy \u00a0a tematikus, \u00fcnnepi m\u0171sorok \u00a0&#8211; M\u00e1rcius 15 vagy Augusztus 20 vagy\u00a0 Okt\u00f3ber 23 &#8211; <a class=\"more-link\" href=\"http:\/\/www.szikorarendezoiroda.hu\/szikora\/podium-vers-szinmuveszek\/tomanek-gabor-nagy-erika\/\">A folytat&aacute;s olvas&aacute;sa &rarr;<\/a><\/p>\n","protected":false},"author":1,"featured_media":2457,"parent":2,"menu_order":0,"comment_status":"open","ping_status":"open","template":"","meta":{"footnotes":""},"aioseo_notices":[],"_links":{"self":[{"href":"http:\/\/www.szikorarendezoiroda.hu\/szikora\/wp-json\/wp\/v2\/pages\/2467"}],"collection":[{"href":"http:\/\/www.szikorarendezoiroda.hu\/szikora\/wp-json\/wp\/v2\/pages"}],"about":[{"href":"http:\/\/www.szikorarendezoiroda.hu\/szikora\/wp-json\/wp\/v2\/types\/page"}],"author":[{"embeddable":true,"href":"http:\/\/www.szikorarendezoiroda.hu\/szikora\/wp-json\/wp\/v2\/users\/1"}],"replies":[{"embeddable":true,"href":"http:\/\/www.szikorarendezoiroda.hu\/szikora\/wp-json\/wp\/v2\/comments?post=2467"}],"version-history":[{"count":5,"href":"http:\/\/www.szikorarendezoiroda.hu\/szikora\/wp-json\/wp\/v2\/pages\/2467\/revisions"}],"predecessor-version":[{"id":2836,"href":"http:\/\/www.szikorarendezoiroda.hu\/szikora\/wp-json\/wp\/v2\/pages\/2467\/revisions\/2836"}],"up":[{"embeddable":true,"href":"http:\/\/www.szikorarendezoiroda.hu\/szikora\/wp-json\/wp\/v2\/pages\/2"}],"wp:featuredmedia":[{"embeddable":true,"href":"http:\/\/www.szikorarendezoiroda.hu\/szikora\/wp-json\/wp\/v2\/media\/2457"}],"wp:attachment":[{"href":"http:\/\/www.szikorarendezoiroda.hu\/szikora\/wp-json\/wp\/v2\/media?parent=2467"}],"curies":[{"name":"wp","href":"https:\/\/api.w.org\/{rel}","templated":true}]}}

TOMANEK GÁBOR-NAGY ERIKA

<p><span style="font-family: Georgia,Palatino; font-size: 14pt;">A békéscsabai Jókai színház művészei.</span></p>
<p>&nbsp;</p>
<p><span style="font-family: Georgia,Palatino; font-size: 14pt;">Palettájukon megtalálhatóak az irodalmi estek pl. Wass Albert est vagy  a tematikus, ünnepi műsorok  &#8211; Március 15 vagy Augusztus 20 vagy  Október 23 &#8211; és az alkalmi versek is.</span></p>
<p><span style="font-family: Georgia,Palatino; font-size: 14pt;"><a href="http://www.szikorarendezoiroda.hu/szikora/wp-content/uploads/2017/10/tomanek_gabor_img_1652_bw_tag.jpg"><img loading="lazy" decoding="async" class=" size-full wp-image-2459 alignnone" src="http://www.szikorarendezoiroda.hu/szikora/wp-content/uploads/2017/10/tomanek_gabor_img_1652_bw_tag.jpg" alt="tomanek_gabor_img_1652_bw_tag" width="187" height="280" /></a></span></p>
<p><span style="font-family: Georgia,Palatino; font-size: 14pt;">Tomanek Gábor hangja, beszédstílusa megtévesztően hasonlít Édesapja Tomanek Nándor hangjára, ezért az ő halála után számtalanszor kérték, hogy folytassa tovább a megkezdett mese és felnőtt filmek szinkronizálását.</span></p>
<p><span style="font-family: Georgia,Palatino; font-size: 14pt;">Pódiumműsoraik megrendelhetők az <a href="mailto:info@szikorarendezoiroda.hu">info@szikorarendezoiroda.hu</a>   emailcímen vagy telefonon: 06 30/250 68 58</span></p>
<p>&nbsp;</p>
<p><iframe loading="lazy" width="800" height="450" src="https://www.youtube.com/embed/YF68HnB4Gb0?feature=oembed" frameborder="0" gesture="media" allowfullscreen></iframe></p>
<p>&nbsp;</p>

<p>A békéscsabai Jókai színház művészei. &nbsp; Palettájukon megtalálhatóak az irodalmi estek pl. Wass Albert est vagy  a tematikus, ünnepi műsorok  &#8211; Március 15 vagy Augusztus 20 vagy  Október 23 &#8211; <a class="more-link" href="http://www.szikorarendezoiroda.hu/szikora/podium-vers-szinmuveszek/tomanek-gabor-nagy-erika/">A folytat&aacute;s olvas&aacute;sa &rarr;</a></p>
