{"id":2352,"date":"2017-02-20T17:00:53","date_gmt":"2017-02-20T17:00:53","guid":{"rendered":"http:\/\/www.szikorarendezoiroda.hu\/szikora\/?page_id=2352"},"modified":"2018-08-02T15:42:17","modified_gmt":"2018-08-02T15:42:17","slug":"hevesi-tamas","status":"publish","type":"page","link":"http:\/\/www.szikorarendezoiroda.hu\/szikora\/tancdal-retro-pop\/hevesi-tamas\/","title":{"rendered":"Hevesi Tam\u00e1s"},"content":{"rendered":"<p><a href=\"http:\/\/www.szikorarendezoiroda.hu\/szikora\/wp-content\/uploads\/2017\/02\/hevesi-tamas.jpg\"><img loading=\"lazy\" decoding=\"async\" class=\" size-full wp-image-2353 alignnone\" src=\"http:\/\/www.szikorarendezoiroda.hu\/szikora\/wp-content\/uploads\/2017\/02\/hevesi-tamas.jpg\" alt=\"hevesi-tamas\" width=\"421\" height=\"300\" srcset=\"http:\/\/www.szikorarendezoiroda.hu\/szikora\/wp-content\/uploads\/2017\/02\/hevesi-tamas.jpg 421w, http:\/\/www.szikorarendezoiroda.hu\/szikora\/wp-content\/uploads\/2017\/02\/hevesi-tamas-300x214.jpg 300w\" sizes=\"(max-width: 421px) 100vw, 421px\" \/><\/a><\/p>\n<p><strong>Hevesi Tam\u00e1s:\u00a0<\/strong><\/p>\n<p>V\u00e1ltozatlan lend\u00fclettel \u00e9s elk\u00e9peszt\u0151 intenzit\u00e1ssal \u00e9nekli Hevesi Tam\u00e1s saj\u00e1t sl\u00e1gereit\u00a0 az\u00a0 Egy \u00e9leten \u00e1t kell j\u00e1tszanit\u2026\u00a0 a\u00a0\u00a0\u00a0 Cs\u00edkos naperny\u0151t\u2026.\u00a0 a \u00a0\u00a0Z\u00f6ty\u00f6g az \u00e9letet\u2026.\u00a0\u00a0 vagy a\u00a0 Vigy\u00e1zz r\u00e1mot.. .<\/p>\n<p>De term\u00e9szetesen nem marad ki a Jeremy \u00a0sem. Azonban ezek mellett \u00faj dalokkal is b\u0151v\u00fclt a reperto\u00e1r.<\/p>\n<p>Az elm\u00falt k\u00e9t \u00e9vben a \u201e Szt\u00e1rban szt\u00e1r \u201e\u00a0 \u00e9s a \u201e Nagy Duett \u201e telev\u00edzi\u00f3s show m\u0171soraiban \u00f3ri\u00e1si sikerrel szerepelt \u00e9s persze ezek a dalok is hallhat\u00f3ak.\u00a0\u00a0 \u00cdgy t\u00f6bbek k\u00f6z\u00f6tt a \u201e Maradj velem.. \u201e\u00a0\u00a0 a \u201e Mienk ez a cirkusz\u2026\u201d\u00a0 \u00e9s a \u201e Con te partiro..\u201d is.\u00a0 Sz\u00f3l\u00f3 m\u0171sora rendelhet\u0151 30\u2019 \u00e9s 60\u2019-ben de k\u00e9rhet\u0151 90\u2019 -es koncertje is 6 f\u0151s zenekarral .<\/p>\n<p>&nbsp;<\/p>\n<p><iframe loading=\"lazy\" width=\"800\" height=\"450\" src=\"https:\/\/www.youtube.com\/embed\/dQTnW4y4fSM?feature=oembed\" frameborder=\"0\" allowfullscreen><\/iframe><\/p>\n","protected":false},"excerpt":{"rendered":"<p>Hevesi Tam\u00e1s:\u00a0 V\u00e1ltozatlan lend\u00fclettel \u00e9s elk\u00e9peszt\u0151 intenzit\u00e1ssal \u00e9nekli Hevesi Tam\u00e1s saj\u00e1t sl\u00e1gereit\u00a0 az\u00a0 Egy \u00e9leten \u00e1t kell j\u00e1tszanit\u2026\u00a0 a\u00a0\u00a0\u00a0 Cs\u00edkos naperny\u0151t\u2026.\u00a0 a \u00a0\u00a0Z\u00f6ty\u00f6g az \u00e9letet\u2026.\u00a0\u00a0 vagy a\u00a0 Vigy\u00e1zz r\u00e1mot.. . <a class=\"more-link\" href=\"http:\/\/www.szikorarendezoiroda.hu\/szikora\/tancdal-retro-pop\/hevesi-tamas\/\">A folytat&aacute;s olvas&aacute;sa &rarr;<\/a><\/p>\n","protected":false},"author":1,"featured_media":2353,"parent":20,"menu_order":0,"comment_status":"open","ping_status":"open","template":"","meta":{"footnotes":""},"aioseo_notices":[],"_links":{"self":[{"href":"http:\/\/www.szikorarendezoiroda.hu\/szikora\/wp-json\/wp\/v2\/pages\/2352"}],"collection":[{"href":"http:\/\/www.szikorarendezoiroda.hu\/szikora\/wp-json\/wp\/v2\/pages"}],"about":[{"href":"http:\/\/www.szikorarendezoiroda.hu\/szikora\/wp-json\/wp\/v2\/types\/page"}],"author":[{"embeddable":true,"href":"http:\/\/www.szikorarendezoiroda.hu\/szikora\/wp-json\/wp\/v2\/users\/1"}],"replies":[{"embeddable":true,"href":"http:\/\/www.szikorarendezoiroda.hu\/szikora\/wp-json\/wp\/v2\/comments?post=2352"}],"version-history":[{"count":1,"href":"http:\/\/www.szikorarendezoiroda.hu\/szikora\/wp-json\/wp\/v2\/pages\/2352\/revisions"}],"predecessor-version":[{"id":2354,"href":"http:\/\/www.szikorarendezoiroda.hu\/szikora\/wp-json\/wp\/v2\/pages\/2352\/revisions\/2354"}],"up":[{"embeddable":true,"href":"http:\/\/www.szikorarendezoiroda.hu\/szikora\/wp-json\/wp\/v2\/pages\/20"}],"wp:featuredmedia":[{"embeddable":true,"href":"http:\/\/www.szikorarendezoiroda.hu\/szikora\/wp-json\/wp\/v2\/media\/2353"}],"wp:attachment":[{"href":"http:\/\/www.szikorarendezoiroda.hu\/szikora\/wp-json\/wp\/v2\/media?parent=2352"}],"curies":[{"name":"wp","href":"https:\/\/api.w.org\/{rel}","templated":true}]}}

Hevesi Tamás

<p><a href="http://www.szikorarendezoiroda.hu/szikora/wp-content/uploads/2017/02/hevesi-tamas.jpg"><img loading="lazy" decoding="async" class=" size-full wp-image-2353 alignnone" src="http://www.szikorarendezoiroda.hu/szikora/wp-content/uploads/2017/02/hevesi-tamas.jpg" alt="hevesi-tamas" width="421" height="300" srcset="http://www.szikorarendezoiroda.hu/szikora/wp-content/uploads/2017/02/hevesi-tamas.jpg 421w, http://www.szikorarendezoiroda.hu/szikora/wp-content/uploads/2017/02/hevesi-tamas-300x214.jpg 300w" sizes="(max-width: 421px) 100vw, 421px" /></a></p>
<p><strong>Hevesi Tamás: </strong></p>
<p>Változatlan lendülettel és elképesztő intenzitással énekli Hevesi Tamás saját slágereit  az  Egy életen át kell játszanit…  a    Csíkos napernyőt….  a   Zötyög az életet….   vagy a  Vigyázz rámot.. .</p>
<p>De természetesen nem marad ki a Jeremy  sem. Azonban ezek mellett új dalokkal is bővült a repertoár.</p>
<p>Az elmúlt két évben a „ Sztárban sztár „  és a „ Nagy Duett „ televíziós show műsoraiban óriási sikerrel szerepelt és persze ezek a dalok is hallhatóak.   Így többek között a „ Maradj velem.. „   a „ Mienk ez a cirkusz…”  és a „ Con te partiro..” is.  Szóló műsora rendelhető 30’ és 60’-ben de kérhető 90’ -es koncertje is 6 fős zenekarral .</p>
<p>&nbsp;</p>
<p><iframe loading="lazy" width="800" height="450" src="https://www.youtube.com/embed/dQTnW4y4fSM?feature=oembed" frameborder="0" allowfullscreen></iframe></p>

<p>Hevesi Tamás:  Változatlan lendülettel és elképesztő intenzitással énekli Hevesi Tamás saját slágereit  az  Egy életen át kell játszanit…  a    Csíkos napernyőt….  a   Zötyög az életet….   vagy a  Vigyázz rámot.. . <a class="more-link" href="http://www.szikorarendezoiroda.hu/szikora/tancdal-retro-pop/hevesi-tamas/">A folytat&aacute;s olvas&aacute;sa &rarr;</a></p>
