{"id":2342,"date":"2017-02-20T16:41:18","date_gmt":"2017-02-20T16:41:18","guid":{"rendered":"http:\/\/www.szikorarendezoiroda.hu\/szikora\/?page_id=2342"},"modified":"2018-08-03T05:53:45","modified_gmt":"2018-08-03T05:53:45","slug":"nyertes-zsuzsa-szoka-julia","status":"publish","type":"page","link":"http:\/\/www.szikorarendezoiroda.hu\/szikora\/podium-vers-szinmuveszek\/nyertes-zsuzsa-szoka-julia\/","title":{"rendered":"Nyertes Zsuzsa \u2013 Sz\u00f3ka J\u00falia"},"content":{"rendered":"<p><strong>Nyertes Zsuzsa \u2013 Sz\u00f3ka J\u00falia<\/strong><\/p>\n<p>\u201eEgy fekete \u00e9s egy sz\u0151ke\u00a0 \u2026 &#8221;<\/p>\n<p>Felh\u0151tlen sz\u00f3rakoz\u00e1s k\u00e9t k\u00fcl\u00f6nb\u00f6z\u0151 hajsz\u00edn\u0171 \u00e9s karakter\u0171 t\u00fczes h\u00f6lggyel , akik vet\u00e9lyt\u00e1rsak , de ha szerelemr\u0151l , a f\u00e9rfiakr\u00f3l esik sz\u00f3 , egym\u00e1sra tal\u00e1lnak \u00e9s k\u00f6z\u00f6sen kibesz\u00e9lik a m\u00e1sik nemet .\u00a0 Hol szeret\u0151k\u00e9nt , hol rosszl\u00e1nyk\u00e9nt , hol megcsalt feles\u00e9g &#8211;\u00a0\u00a0\u00a0 k\u00e9nt , hol anyak\u00e9nt , s\u0151t gyerekk\u00e9nt t\u0171nnek fel , hogy dalban \u00e9s a kabar\u00e9 \u0151szinte \u00e9s mulats\u00e1gos nyelvezet\u00e9n adj\u00e1k tudtunkra v\u00e9lem\u00e9ny\u00fcket a mai val\u00f3s\u00e1gr\u00f3l.\u00a0 mik\u00f6zben vel\u00fck d\u00fadoljuk a j\u00f3l ismert nagy sl\u00e1gereket \u00e9s k\u00f6nny csordultig nevet\u00fcnk rajtuk\u00a0 m\u00e9g egy magyaros sztript\u00edzr\u0151l sem maradunk le. \u00a0\u00a0\u00a0\u00a0\u00a0\u00a0\u00a0\u00a0\u00a0\u00a0\u00a0\u00a0\u00a0\u00a0\u00a0\u00a0\u00a0\u00a0\u00a0\u00a0\u00a0\u00a0\u00a0\u00a0\u00a0\u00a0\u00a0\u00a0\u00a0\u00a0\u00a0\u00a0\u00a0\u00a0\u00a0\u00a0\u00a0\u00a0\u00a0\u00a0\u00a0\u00a0\u00a0\u00a0\u00a0\u00a0\u00a0\u00a0\u00a0\u00a0\u00a0\u00a0\u00a0\u00a0\u00a0\u00a0\u00a0\u00a0\u00a0\u00a0\u00a0\u00a0\u00a0\u00a0\u00a0\u00a0\u00a0<strong>\u00a0\u00a0\u00a0\u00a0\u00a0\u00a0\u00a0\u00a0\u00a0\u00a0\u00a0\u00a0\u00a0\u00a0\u00a0\u00a0\u00a0\u00a0\u00a0\u00a0\u00a0\u00a0\u00a0\u00a0\u00a0\u00a0\u00a0\u00a0\u00a0\u00a0\u00a0\u00a0\u00a0\u00a0\u00a0\u00a0\u00a0\u00a0\u00a0\u00a0\u00a0\u00a0\u00a0\u00a0\u00a0\u00a0\u00a0\u00a0\u00a0\u00a0\u00a0\u00a0\u00a0\u00a0\u00a0\u00a0\u00a0\u00a0\u00a0\u00a0\u00a0\u00a0\u00a0\u00a0\u00a0\u00a0\u00a0\u00a0\u00a0\u00a0\u00a0\u00a0\u00a0\u00a0\u00a0\u00a0\u00a0\u00a0\u00a0\u00a0\u00a0\u00a0\u00a0\u00a0\u00a0\u00a0\u00a0\u00a0\u00a0\u00a0\u00a0\u00a0\u00a0\u00a0\u00a0\u00a0\u00a0\u00a0<\/strong><\/p>\n<p>Ahol viszont\u00a0\u00a0 k\u00e9t ilyen t\u00fczes n\u0151 a sz\u00f3kimond\u00f3\u2026 Sz\u00f3ka \u00e9s a Nyertes\u2026Zsuzsa \u00a0megjelenik az igazi latin show sem maradhat ki . De sz\u00f3ljon b\u00e1rmir\u0151l is a k\u00e9t M\u0171v\u00e9szn\u0151 \u00f6nfeledt j\u00e1t\u00e9ka m\u00e9gis az igazi nyertes a k\u00f6z\u00f6ns\u00e9g .\u00a0 A jeleneteket \u00edrta Temesi L\u00e1szl\u00f3 , zenei rendez\u0151 \u00e9s zongor\u00e1n k\u00f6zrem\u0171k\u00f6dik\u00a0 Siliga Mikl\u00f3s .<\/p>\n<p>&nbsp;<\/p>\n<p><iframe loading=\"lazy\" width=\"800\" height=\"450\" src=\"https:\/\/www.youtube.com\/embed\/PC1VEoBu6dI?feature=oembed\" frameborder=\"0\" allow=\"autoplay; encrypted-media\" allowfullscreen><\/iframe><\/p>\n<p>&nbsp;<\/p>\n","protected":false},"excerpt":{"rendered":"<p>Nyertes Zsuzsa \u2013 Sz\u00f3ka J\u00falia \u201eEgy fekete \u00e9s egy sz\u0151ke\u00a0 \u2026 &#8221; Felh\u0151tlen sz\u00f3rakoz\u00e1s k\u00e9t k\u00fcl\u00f6nb\u00f6z\u0151 hajsz\u00edn\u0171 \u00e9s karakter\u0171 t\u00fczes h\u00f6lggyel , akik vet\u00e9lyt\u00e1rsak , de ha szerelemr\u0151l , a <a class=\"more-link\" href=\"http:\/\/www.szikorarendezoiroda.hu\/szikora\/podium-vers-szinmuveszek\/nyertes-zsuzsa-szoka-julia\/\">A folytat&aacute;s olvas&aacute;sa &rarr;<\/a><\/p>\n","protected":false},"author":1,"featured_media":2343,"parent":2,"menu_order":0,"comment_status":"open","ping_status":"open","template":"","meta":{"footnotes":""},"aioseo_notices":[],"_links":{"self":[{"href":"http:\/\/www.szikorarendezoiroda.hu\/szikora\/wp-json\/wp\/v2\/pages\/2342"}],"collection":[{"href":"http:\/\/www.szikorarendezoiroda.hu\/szikora\/wp-json\/wp\/v2\/pages"}],"about":[{"href":"http:\/\/www.szikorarendezoiroda.hu\/szikora\/wp-json\/wp\/v2\/types\/page"}],"author":[{"embeddable":true,"href":"http:\/\/www.szikorarendezoiroda.hu\/szikora\/wp-json\/wp\/v2\/users\/1"}],"replies":[{"embeddable":true,"href":"http:\/\/www.szikorarendezoiroda.hu\/szikora\/wp-json\/wp\/v2\/comments?post=2342"}],"version-history":[{"count":2,"href":"http:\/\/www.szikorarendezoiroda.hu\/szikora\/wp-json\/wp\/v2\/pages\/2342\/revisions"}],"predecessor-version":[{"id":2847,"href":"http:\/\/www.szikorarendezoiroda.hu\/szikora\/wp-json\/wp\/v2\/pages\/2342\/revisions\/2847"}],"up":[{"embeddable":true,"href":"http:\/\/www.szikorarendezoiroda.hu\/szikora\/wp-json\/wp\/v2\/pages\/2"}],"wp:featuredmedia":[{"embeddable":true,"href":"http:\/\/www.szikorarendezoiroda.hu\/szikora\/wp-json\/wp\/v2\/media\/2343"}],"wp:attachment":[{"href":"http:\/\/www.szikorarendezoiroda.hu\/szikora\/wp-json\/wp\/v2\/media?parent=2342"}],"curies":[{"name":"wp","href":"https:\/\/api.w.org\/{rel}","templated":true}]}}