{"id":2264,"date":"2016-06-01T07:31:14","date_gmt":"2016-06-01T07:31:14","guid":{"rendered":"http:\/\/www.szikorarendezoiroda.hu\/szikora\/?page_id=2264"},"modified":"2018-08-03T04:15:42","modified_gmt":"2018-08-03T04:15:42","slug":"peter-sramek","status":"publish","type":"page","link":"http:\/\/www.szikorarendezoiroda.hu\/szikora\/tancdal-retro-pop\/peter-sramek\/","title":{"rendered":"Peter Sr\u00e1mek"},"content":{"rendered":"<p><span style=\"font-family: Arial,Helvetica,sans-serif; font-size: 12pt;\">Jelenleg a nagy n\u00e9pszer\u0171s\u00e9gnek \u00f6rvend\u0151\u00a0 Nagy Duett ad\u00e1saiban l\u00e1that\u00f3 minden vas\u00e1rnap\u00a0 Keleti Andrea oldal\u00e1n.\u00a0\u00a0 <\/span><\/p>\n<p><span style=\"font-family: Arial,Helvetica,sans-serif; font-size: 12pt;\">M\u00e1jus elej\u00e9n mutatkozott be \u00faj dal\u00e1val\u00a0 \u201eCsak ma legal\u00e1bb\u2026\u201d\u00a0 c\u00edmmel.\u00a0 <\/span><\/p>\n<p><span style=\"font-family: Arial,Helvetica,sans-serif; font-size: 12pt;\">2015-ben\u00a0 a n\u00e9pszer\u0171 Szt\u00e1rban Szt\u00e1r\u00a0 harmadik sz\u00e9ri\u00e1j\u00e1nak 2.-ik helyez\u00e9s\u00e9t \u00e9rte el.\u00a0 Igazi , \u00f6sszet\u00e9veszthetetlen karakter, aki itthon el\u0151sz\u00f6r a Rising Star m\u0171sorban \u00e1ll k\u00f6z\u00f6ns\u00e9g el\u00e9 \u00e9s mindj\u00e1rt a 3.ik helyig k\u00fczd\u00f6tte fel mag\u00e1t.\u00a0 <\/span><\/p>\n<p><span style=\"font-family: Arial,Helvetica,sans-serif; font-size: 12pt;\">Els\u0151 \u00f6n\u00e1ll\u00f3 albuma h\u00e1rom h\u00e9t alatt aranylemez lett.\u00a0 <\/span><\/p>\n<p><span style=\"font-family: Arial,Helvetica,sans-serif; font-size: 12pt;\">A Szlov\u00e1ki\u00e1b\u00f3l \u00e9rkezett\u00a0 \u00e9nekes\u00a0 p\u00e9ldak\u00e9pe\u00a0 Z\u00e1mb\u00f3 Jimmy, akinek dalaival \u00e9s sz\u00f6vegeivel \u00e9desanyja ismertette meg magyar nyelven.\u00a0<\/span><\/p>\n<p>&nbsp;<\/p>\n<p><iframe loading=\"lazy\" width=\"800\" height=\"450\" src=\"https:\/\/www.youtube.com\/embed\/HeFDlU1cdHA?feature=oembed\" frameborder=\"0\" allowfullscreen><\/iframe><\/p>\n<p>&nbsp;<\/p>\n<div style=\"clear: both; display: block; text-align:center; margin-left: auto; margin-right: auto;\"><img loading=\"lazy\" decoding=\"async\" src=\"http:\/\/www.szikorarendezoiroda.hu\/szikora\/wp-content\/plugins\/contact-form-lite\/inc\/images\/ajax-loader.gif\" width=\"32\" height=\"32\"\/><\/div>\n","protected":false},"excerpt":{"rendered":"<p>Jelenleg a nagy n\u00e9pszer\u0171s\u00e9gnek \u00f6rvend\u0151\u00a0 Nagy Duett ad\u00e1saiban l\u00e1that\u00f3 minden vas\u00e1rnap\u00a0 Keleti Andrea oldal\u00e1n.\u00a0\u00a0 M\u00e1jus elej\u00e9n mutatkozott be \u00faj dal\u00e1val\u00a0 \u201eCsak ma legal\u00e1bb\u2026\u201d\u00a0 c\u00edmmel.\u00a0 2015-ben\u00a0 a n\u00e9pszer\u0171 Szt\u00e1rban Szt\u00e1r\u00a0 harmadik <a class=\"more-link\" href=\"http:\/\/www.szikorarendezoiroda.hu\/szikora\/tancdal-retro-pop\/peter-sramek\/\">A folytat&aacute;s olvas&aacute;sa &rarr;<\/a><\/p>\n","protected":false},"author":1,"featured_media":2250,"parent":20,"menu_order":0,"comment_status":"open","ping_status":"open","template":"","meta":{"footnotes":""},"aioseo_notices":[],"_links":{"self":[{"href":"http:\/\/www.szikorarendezoiroda.hu\/szikora\/wp-json\/wp\/v2\/pages\/2264"}],"collection":[{"href":"http:\/\/www.szikorarendezoiroda.hu\/szikora\/wp-json\/wp\/v2\/pages"}],"about":[{"href":"http:\/\/www.szikorarendezoiroda.hu\/szikora\/wp-json\/wp\/v2\/types\/page"}],"author":[{"embeddable":true,"href":"http:\/\/www.szikorarendezoiroda.hu\/szikora\/wp-json\/wp\/v2\/users\/1"}],"replies":[{"embeddable":true,"href":"http:\/\/www.szikorarendezoiroda.hu\/szikora\/wp-json\/wp\/v2\/comments?post=2264"}],"version-history":[{"count":3,"href":"http:\/\/www.szikorarendezoiroda.hu\/szikora\/wp-json\/wp\/v2\/pages\/2264\/revisions"}],"predecessor-version":[{"id":2764,"href":"http:\/\/www.szikorarendezoiroda.hu\/szikora\/wp-json\/wp\/v2\/pages\/2264\/revisions\/2764"}],"up":[{"embeddable":true,"href":"http:\/\/www.szikorarendezoiroda.hu\/szikora\/wp-json\/wp\/v2\/pages\/20"}],"wp:featuredmedia":[{"embeddable":true,"href":"http:\/\/www.szikorarendezoiroda.hu\/szikora\/wp-json\/wp\/v2\/media\/2250"}],"wp:attachment":[{"href":"http:\/\/www.szikorarendezoiroda.hu\/szikora\/wp-json\/wp\/v2\/media?parent=2264"}],"curies":[{"name":"wp","href":"https:\/\/api.w.org\/{rel}","templated":true}]}}

Peter Srámek

<p><span style="font-family: Arial,Helvetica,sans-serif; font-size: 12pt;">Jelenleg a nagy népszerűségnek örvendő  Nagy Duett adásaiban látható minden vasárnap  Keleti Andrea oldalán.   </span></p>
<p><span style="font-family: Arial,Helvetica,sans-serif; font-size: 12pt;">Május elején mutatkozott be új dalával  „Csak ma legalább…”  címmel.  </span></p>
<p><span style="font-family: Arial,Helvetica,sans-serif; font-size: 12pt;">2015-ben  a népszerű Sztárban Sztár  harmadik szériájának 2.-ik helyezését érte el.  Igazi , összetéveszthetetlen karakter, aki itthon először a Rising Star műsorban áll közönség elé és mindjárt a 3.ik helyig küzdötte fel magát.  </span></p>
<p><span style="font-family: Arial,Helvetica,sans-serif; font-size: 12pt;">Első önálló albuma három hét alatt aranylemez lett.  </span></p>
<p><span style="font-family: Arial,Helvetica,sans-serif; font-size: 12pt;">A Szlovákiából érkezett  énekes  példaképe  Zámbó Jimmy, akinek dalaival és szövegeivel édesanyja ismertette meg magyar nyelven. </span></p>
<p>&nbsp;</p>
<p><iframe loading="lazy" width="800" height="450" src="https://www.youtube.com/embed/HeFDlU1cdHA?feature=oembed" frameborder="0" allowfullscreen></iframe></p>
<p>&nbsp;</p>
<div style="clear: both; display: block; text-align:center; margin-left: auto; margin-right: auto;"><img loading="lazy" decoding="async" src="http://www.szikorarendezoiroda.hu/szikora/wp-content/plugins/contact-form-lite/inc/images/ajax-loader.gif" width="32" height="32"/></div>

<p>Jelenleg a nagy népszerűségnek örvendő  Nagy Duett adásaiban látható minden vasárnap  Keleti Andrea oldalán.   Május elején mutatkozott be új dalával  „Csak ma legalább…”  címmel.  2015-ben  a népszerű Sztárban Sztár  harmadik <a class="more-link" href="http://www.szikorarendezoiroda.hu/szikora/tancdal-retro-pop/peter-sramek/">A folytat&aacute;s olvas&aacute;sa &rarr;</a></p>
