{"id":2249,"date":"2016-06-01T07:18:37","date_gmt":"2016-06-01T07:18:37","guid":{"rendered":"http:\/\/www.szikorarendezoiroda.hu\/szikora\/?page_id=2249"},"modified":"2018-08-03T04:07:49","modified_gmt":"2018-08-03T04:07:49","slug":"vastag-tamas","status":"publish","type":"page","link":"http:\/\/www.szikorarendezoiroda.hu\/szikora\/tancdal-retro-pop\/vastag-tamas\/","title":{"rendered":"Vastag Tam\u00e1s"},"content":{"rendered":"<p><span style=\"font-family: Arial,Helvetica,sans-serif; font-size: 12pt;\">Fonogram d\u00edjas \u00e9nekes.\u00a0 <\/span><\/p>\n<p><span style=\"font-family: Arial,Helvetica,sans-serif; font-size: 12pt;\">Fonogram d\u00edjas \u00e9nekes.\u00a0 Els\u0151sorban sz\u00ednh\u00e1zi szerepekben l\u00e1thatja a k\u00f6z\u00f6ns\u00e9g, sz\u00e1mos musicalban j\u00e1tszik pl. Frank Sinatra \u2013 A \u201eHang \u201e vagy\u00a0 az Evit\u00e1ban,\u00a0 vagy a Monte Cristo gr\u00f3fj\u00e1ban.\u00a0\u00a0\u00a0\u00a0\u00a0\u00a0\u00a0\u00a0\u00a0\u00a0\u00a0 <\/span><\/p>\n<p><span style=\"font-family: Arial,Helvetica,sans-serif; font-size: 12pt;\">Sz\u00f3l\u00f3 karrierje r\u00e9szek\u00e9nt k\u00fcl\u00f6nb\u00f6z\u0151 zenekari form\u00e1ci\u00f3kkal l\u00e9p fel.\u00a0<\/span><\/p>\n<p><span style=\"font-family: Arial,Helvetica,sans-serif; font-size: 12pt;\"> R\u00e9szt vett az Eurov\u00edzi\u00f3s Dalfesztiv\u00e1lon, ahol a Holnapt\u00f3l c\u00edm\u0171 dal\u00e1val a d\u00f6nt\u0151ben a negyedik.\u00a0 Legut\u00f3bbi Kar\u00e1csonyi lemeze dupla platin\u00e1s min\u0151s\u00edt\u00e9st \u00e9rt el.\u00a0<\/span><\/p>\n<p><span style=\"font-family: Arial,Helvetica,sans-serif; font-size: 12pt;\"> Vastag Tam\u00e1s m\u0171sora megrendelhet\u0151 az <a href=\"mailto:info@szikorarendezoiroda.hu\">info@szikorarendezoiroda.hu<\/a> email c\u00edmen vagy a 06.30.250.68.58 \u2013 as telefonsz\u00e1mon.<\/span><\/p>\n<p>&nbsp;<\/p>\n<div style=\"clear: both; display: block; text-align:center; margin-left: auto; margin-right: auto;\"><img loading=\"lazy\" decoding=\"async\" src=\"http:\/\/www.szikorarendezoiroda.hu\/szikora\/wp-content\/plugins\/contact-form-lite\/inc\/images\/ajax-loader.gif\" width=\"32\" height=\"32\"\/><\/div>\n","protected":false},"excerpt":{"rendered":"<p>Fonogram d\u00edjas \u00e9nekes.\u00a0 Fonogram d\u00edjas \u00e9nekes.\u00a0 Els\u0151sorban sz\u00ednh\u00e1zi szerepekben l\u00e1thatja a k\u00f6z\u00f6ns\u00e9g, sz\u00e1mos musicalban j\u00e1tszik pl. Frank Sinatra \u2013 A \u201eHang \u201e vagy\u00a0 az Evit\u00e1ban,\u00a0 vagy a Monte Cristo gr\u00f3fj\u00e1ban.\u00a0\u00a0\u00a0\u00a0\u00a0\u00a0\u00a0\u00a0\u00a0\u00a0\u00a0 <a class=\"more-link\" href=\"http:\/\/www.szikorarendezoiroda.hu\/szikora\/tancdal-retro-pop\/vastag-tamas\/\">A folytat&aacute;s olvas&aacute;sa &rarr;<\/a><\/p>\n","protected":false},"author":1,"featured_media":2274,"parent":20,"menu_order":0,"comment_status":"open","ping_status":"open","template":"","meta":{"footnotes":""},"aioseo_notices":[],"_links":{"self":[{"href":"http:\/\/www.szikorarendezoiroda.hu\/szikora\/wp-json\/wp\/v2\/pages\/2249"}],"collection":[{"href":"http:\/\/www.szikorarendezoiroda.hu\/szikora\/wp-json\/wp\/v2\/pages"}],"about":[{"href":"http:\/\/www.szikorarendezoiroda.hu\/szikora\/wp-json\/wp\/v2\/types\/page"}],"author":[{"embeddable":true,"href":"http:\/\/www.szikorarendezoiroda.hu\/szikora\/wp-json\/wp\/v2\/users\/1"}],"replies":[{"embeddable":true,"href":"http:\/\/www.szikorarendezoiroda.hu\/szikora\/wp-json\/wp\/v2\/comments?post=2249"}],"version-history":[{"count":5,"href":"http:\/\/www.szikorarendezoiroda.hu\/szikora\/wp-json\/wp\/v2\/pages\/2249\/revisions"}],"predecessor-version":[{"id":2751,"href":"http:\/\/www.szikorarendezoiroda.hu\/szikora\/wp-json\/wp\/v2\/pages\/2249\/revisions\/2751"}],"up":[{"embeddable":true,"href":"http:\/\/www.szikorarendezoiroda.hu\/szikora\/wp-json\/wp\/v2\/pages\/20"}],"wp:featuredmedia":[{"embeddable":true,"href":"http:\/\/www.szikorarendezoiroda.hu\/szikora\/wp-json\/wp\/v2\/media\/2274"}],"wp:attachment":[{"href":"http:\/\/www.szikorarendezoiroda.hu\/szikora\/wp-json\/wp\/v2\/media?parent=2249"}],"curies":[{"name":"wp","href":"https:\/\/api.w.org\/{rel}","templated":true}]}}

Vastag Tamás

<p><span style="font-family: Arial,Helvetica,sans-serif; font-size: 12pt;">Fonogram díjas énekes.  </span></p>
<p><span style="font-family: Arial,Helvetica,sans-serif; font-size: 12pt;">Fonogram díjas énekes.  Elsősorban színházi szerepekben láthatja a közönség, számos musicalban játszik pl. Frank Sinatra – A „Hang „ vagy  az Evitában,  vagy a Monte Cristo grófjában.            </span></p>
<p><span style="font-family: Arial,Helvetica,sans-serif; font-size: 12pt;">Szóló karrierje részeként különböző zenekari formációkkal lép fel. </span></p>
<p><span style="font-family: Arial,Helvetica,sans-serif; font-size: 12pt;"> Részt vett az Eurovíziós Dalfesztiválon, ahol a Holnaptól című dalával a döntőben a negyedik.  Legutóbbi Karácsonyi lemeze dupla platinás minősítést ért el. </span></p>
<p><span style="font-family: Arial,Helvetica,sans-serif; font-size: 12pt;"> Vastag Tamás műsora megrendelhető az <a href="mailto:info@szikorarendezoiroda.hu">info@szikorarendezoiroda.hu</a> email címen vagy a 06.30.250.68.58 – as telefonszámon.</span></p>
<p>&nbsp;</p>
<div style="clear: both; display: block; text-align:center; margin-left: auto; margin-right: auto;"><img loading="lazy" decoding="async" src="http://www.szikorarendezoiroda.hu/szikora/wp-content/plugins/contact-form-lite/inc/images/ajax-loader.gif" width="32" height="32"/></div>

<p>Fonogram díjas énekes.  Fonogram díjas énekes.  Elsősorban színházi szerepekben láthatja a közönség, számos musicalban játszik pl. Frank Sinatra – A „Hang „ vagy  az Evitában,  vagy a Monte Cristo grófjában.            <a class="more-link" href="http://www.szikorarendezoiroda.hu/szikora/tancdal-retro-pop/vastag-tamas/">A folytat&aacute;s olvas&aacute;sa &rarr;</a></p>
