{"id":2066,"date":"2015-06-08T07:29:51","date_gmt":"2015-06-08T07:29:51","guid":{"rendered":"http:\/\/www.szikorarendezoiroda.hu\/szikora\/?page_id=2066"},"modified":"2018-08-04T04:23:12","modified_gmt":"2018-08-04T04:23:12","slug":"tnt","status":"publish","type":"page","link":"http:\/\/www.szikorarendezoiroda.hu\/szikora\/zenekarok\/tnt\/","title":{"rendered":"TNT"},"content":{"rendered":"<p>Az id\u0151g\u00e9pet aktiv\u00e1lta \u00e9s meg\u00fajult m\u0171sorral , r\u00e9g nem hallott dalokkal \u00e9s mindent els\u00f6pr\u0151 sz\u00ednpadi show-val v\u00e1rja hallgat\u00f3it egy fantasztikus koncertre.<\/p>\n<p><iframe loading=\"lazy\" width=\"800\" height=\"450\" src=\"https:\/\/www.youtube.com\/embed\/ulBcPI9-DBY?feature=oembed\" frameborder=\"0\" allowfullscreen><\/iframe><\/p>\n","protected":false},"excerpt":{"rendered":"<p>Az id\u0151g\u00e9pet aktiv\u00e1lta \u00e9s meg\u00fajult m\u0171sorral , r\u00e9g nem hallott dalokkal \u00e9s mindent els\u00f6pr\u0151 sz\u00ednpadi show-val v\u00e1rja hallgat\u00f3it egy fantasztikus koncertre.<\/p>\n","protected":false},"author":1,"featured_media":2943,"parent":22,"menu_order":0,"comment_status":"open","ping_status":"open","template":"","meta":{"footnotes":""},"aioseo_notices":[],"_links":{"self":[{"href":"http:\/\/www.szikorarendezoiroda.hu\/szikora\/wp-json\/wp\/v2\/pages\/2066"}],"collection":[{"href":"http:\/\/www.szikorarendezoiroda.hu\/szikora\/wp-json\/wp\/v2\/pages"}],"about":[{"href":"http:\/\/www.szikorarendezoiroda.hu\/szikora\/wp-json\/wp\/v2\/types\/page"}],"author":[{"embeddable":true,"href":"http:\/\/www.szikorarendezoiroda.hu\/szikora\/wp-json\/wp\/v2\/users\/1"}],"replies":[{"embeddable":true,"href":"http:\/\/www.szikorarendezoiroda.hu\/szikora\/wp-json\/wp\/v2\/comments?post=2066"}],"version-history":[{"count":1,"href":"http:\/\/www.szikorarendezoiroda.hu\/szikora\/wp-json\/wp\/v2\/pages\/2066\/revisions"}],"predecessor-version":[{"id":2067,"href":"http:\/\/www.szikorarendezoiroda.hu\/szikora\/wp-json\/wp\/v2\/pages\/2066\/revisions\/2067"}],"up":[{"embeddable":true,"href":"http:\/\/www.szikorarendezoiroda.hu\/szikora\/wp-json\/wp\/v2\/pages\/22"}],"wp:featuredmedia":[{"embeddable":true,"href":"http:\/\/www.szikorarendezoiroda.hu\/szikora\/wp-json\/wp\/v2\/media\/2943"}],"wp:attachment":[{"href":"http:\/\/www.szikorarendezoiroda.hu\/szikora\/wp-json\/wp\/v2\/media?parent=2066"}],"curies":[{"name":"wp","href":"https:\/\/api.w.org\/{rel}","templated":true}]}}

<p>Az időgépet aktiválta és megújult műsorral , rég nem hallott dalokkal és mindent elsöprő színpadi show-val várja hallgatóit egy fantasztikus koncertre.</p>
<p><iframe loading="lazy" width="800" height="450" src="https://www.youtube.com/embed/ulBcPI9-DBY?feature=oembed" frameborder="0" allowfullscreen></iframe></p>

<p>Az időgépet aktiválta és megújult műsorral , rég nem hallott dalokkal és mindent elsöprő színpadi show-val várja hallgatóit egy fantasztikus koncertre.</p>
