{"id":2060,"date":"2015-06-08T07:25:27","date_gmt":"2015-06-08T07:25:27","guid":{"rendered":"http:\/\/www.szikorarendezoiroda.hu\/szikora\/?page_id=2060"},"modified":"2018-08-04T03:58:00","modified_gmt":"2018-08-04T03:58:00","slug":"daniel-balazs","status":"publish","type":"page","link":"http:\/\/www.szikorarendezoiroda.hu\/szikora\/hangszerek-muveszei\/daniel-balazs\/","title":{"rendered":"D\u00e1niel  Bal\u00e1zs zongoram\u0171v\u00e9sz"},"content":{"rendered":"<p>&nbsp;<\/p>\n<p><span style=\"font-family: Georgia,Palatino; font-size: 12pt;\">Ma Magyarorsz\u00e1gon egyed\u00fcl \u0150 v\u00e1llal egy neh\u00e9z \u00e9s egyedi m\u0171fajban a boogie woogie-ban fell\u00e9p\u00e9st sz\u00f3l\u00f3ban. Jellemz\u0151i a virtu\u00f3z zongoraj\u00e1t\u00e9k , a pezsg\u0151 ritmus \u00e9s a zenei brav\u00farok. <em><strong>Koch Barnab\u00e1s<\/strong><\/em> dobossal \u00e9s <em><strong>Zink Ferenc<\/strong> <\/em>b\u0151g\u0151ssel tri\u00f3k\u00e9nt. Ma Magyarorsz\u00e1gon egyed\u00fcl \u0150 v\u00e1llal egy neh\u00e9z \u00e9s egyedi m\u0171fajban a boogie woogie-ban fell\u00e9p\u00e9st sz\u00f3l\u00f3ban. Jellemz\u0151i a virtu\u00f3z zongoraj\u00e1t\u00e9k , a pezsg\u0151 ritmus \u00e9s a zenei brav\u00farok. <\/span><\/p>\n<p><iframe loading=\"lazy\" width=\"800\" height=\"600\" src=\"https:\/\/www.youtube.com\/embed\/B4-ZNQyI9kM?feature=oembed\" frameborder=\"0\" allowfullscreen><\/iframe><\/p>\n<p>&nbsp;<\/p>\n<p><span style=\"font-family: Georgia,Palatino; font-size: 12pt;\"><em><strong>Koch Barnab\u00e1s dobossal \u00e9s Zink Ferenc b\u0151g\u0151ssel tri\u00f3k\u00e9nt, Szab\u00f3 Tam\u00e1s sz\u00e1jharmonika-\u00e9nekkel<\/strong> <\/em>\u2013 aki a blues \u00e9let ikonikus alakja quartettk\u00e9nt hallgathatunk egy fantasztikus koncertet. De ez m\u00e9g nem minden. A tri\u00f3hoz csatlakozhat Varga Tibor szaxofonnal \u00e9s NEON azaz Niederm\u00fcller P\u00e9ter \u00e9nekkel \u00e9s ez m\u00e1r egy minden ig\u00e9nyt kiel\u00e9g\u00edt\u0151 klasszikus boogie-rock and roll koncert.<br \/>\n<\/span><\/p>\n<p><a href=\"http:\/\/www.szikorarendezoiroda.hu\/szikora\/wp-content\/uploads\/2015\/06\/koch.jpg\"><img loading=\"lazy\" decoding=\"async\" class=\"alignnone wp-image-2092 size-full\" src=\"http:\/\/www.szikorarendezoiroda.hu\/szikora\/wp-content\/uploads\/2015\/06\/koch.jpg\" alt=\"koch\" width=\"428\" height=\"351\" srcset=\"http:\/\/www.szikorarendezoiroda.hu\/szikora\/wp-content\/uploads\/2015\/06\/koch.jpg 428w, http:\/\/www.szikorarendezoiroda.hu\/szikora\/wp-content\/uploads\/2015\/06\/koch-300x246.jpg 300w\" sizes=\"(max-width: 428px) 100vw, 428px\" \/><\/a><\/p>\n<p><iframe loading=\"lazy\" width=\"800\" height=\"600\" src=\"https:\/\/www.youtube.com\/embed\/Ax0f0vhArgg?feature=oembed\" frameborder=\"0\" allowfullscreen><\/iframe><\/p>\n<p>&nbsp;<\/p>\n<p>&nbsp;<\/p>\n<p>&nbsp;<\/p>\n","protected":false},"excerpt":{"rendered":"<p>&nbsp; Ma Magyarorsz\u00e1gon egyed\u00fcl \u0150 v\u00e1llal egy neh\u00e9z \u00e9s egyedi m\u0171fajban a boogie woogie-ban fell\u00e9p\u00e9st sz\u00f3l\u00f3ban. Jellemz\u0151i a virtu\u00f3z zongoraj\u00e1t\u00e9k , a pezsg\u0151 ritmus \u00e9s a zenei brav\u00farok. Koch Barnab\u00e1s <a class=\"more-link\" href=\"http:\/\/www.szikorarendezoiroda.hu\/szikora\/hangszerek-muveszei\/daniel-balazs\/\">A folytat&aacute;s olvas&aacute;sa &rarr;<\/a><\/p>\n","protected":false},"author":1,"featured_media":2093,"parent":37,"menu_order":0,"comment_status":"open","ping_status":"open","template":"","meta":{"footnotes":""},"aioseo_notices":[],"_links":{"self":[{"href":"http:\/\/www.szikorarendezoiroda.hu\/szikora\/wp-json\/wp\/v2\/pages\/2060"}],"collection":[{"href":"http:\/\/www.szikorarendezoiroda.hu\/szikora\/wp-json\/wp\/v2\/pages"}],"about":[{"href":"http:\/\/www.szikorarendezoiroda.hu\/szikora\/wp-json\/wp\/v2\/types\/page"}],"author":[{"embeddable":true,"href":"http:\/\/www.szikorarendezoiroda.hu\/szikora\/wp-json\/wp\/v2\/users\/1"}],"replies":[{"embeddable":true,"href":"http:\/\/www.szikorarendezoiroda.hu\/szikora\/wp-json\/wp\/v2\/comments?post=2060"}],"version-history":[{"count":5,"href":"http:\/\/www.szikorarendezoiroda.hu\/szikora\/wp-json\/wp\/v2\/pages\/2060\/revisions"}],"predecessor-version":[{"id":2893,"href":"http:\/\/www.szikorarendezoiroda.hu\/szikora\/wp-json\/wp\/v2\/pages\/2060\/revisions\/2893"}],"up":[{"embeddable":true,"href":"http:\/\/www.szikorarendezoiroda.hu\/szikora\/wp-json\/wp\/v2\/pages\/37"}],"wp:featuredmedia":[{"embeddable":true,"href":"http:\/\/www.szikorarendezoiroda.hu\/szikora\/wp-json\/wp\/v2\/media\/2093"}],"wp:attachment":[{"href":"http:\/\/www.szikorarendezoiroda.hu\/szikora\/wp-json\/wp\/v2\/media?parent=2060"}],"curies":[{"name":"wp","href":"https:\/\/api.w.org\/{rel}","templated":true}]}}