{"id":1765,"date":"2015-06-04T06:24:42","date_gmt":"2015-06-04T06:24:42","guid":{"rendered":"http:\/\/www.szikorarendezoiroda.hu\/szikora\/?page_id=1765"},"modified":"2018-08-05T07:46:27","modified_gmt":"2018-08-05T07:46:27","slug":"bokor-janos","status":"publish","type":"page","link":"http:\/\/www.szikorarendezoiroda.hu\/szikora\/magyarnota-mulatos\/bokor-janos\/","title":{"rendered":"BOKOR J\u00c1NOS"},"content":{"rendered":"<p><span style=\"font-family: Georgia,Palatino; font-size: 12pt;\">A Magyar K\u00f6zt\u00e1rsas\u00e1g Arany \u00c9rdemkeresztj\u00e9vel kit\u00fcntetett \u00e9nekes \u2013 \u201eN\u00f3tacs\u00e1sz\u00e1r&#8221; Ut\u00f3bbi c\u00edmet Egerben kapta ugyanis t\u00f6bb mint \u00f6tsz\u00e1z magyar n\u00f3ta szerepel a reperto\u00e1rj\u00e1n. <\/span><\/p>\n<p><span style=\"font-family: Georgia,Palatino; font-size: 12pt;\">Az \u00e9nekl\u00e9s szeretet\u00e9t \u00c9desanyj\u00e1t\u00f3l \u00f6r\u00f6k\u00f6lte. Gyermekkor\u00e1ban est\u00e9nk\u00e9nt m\u00e9g nem a telev\u00edzi\u00f3 el\u0151tt \u00fcltek &#8211; nem is volt m\u00e9g TV &#8211; hanem a csal\u00e1dok , bar\u00e1tok \u00f6sszej\u00f6ttek \u00e9s egy-egy poh\u00e1r bor mellett besz\u00e9lgettek . Ilyenkor pedig hamar elkezd\u0151d\u00f6tt a n\u00f3t\u00e1z\u00e1s is hiszen mindenkinek volt egy \u2013 egy kedvence. <\/span><\/p>\n<p><span style=\"font-family: Georgia,Palatino; font-size: 12pt;\">Els\u0151 r\u00e1di\u00f3felv\u00e9tele 1985 \u2013 ben k\u00e9sz\u00fclt el \u00e9s ett\u0151l kezdve nem telt el nap , hogy valamelyik dal el ne hangozzon . Ebben az id\u0151szakban k\u00e9tszer kapta meg a \u201e lejobb f\u00e9fi el\u0151ad\u00f3 \u201e d\u00edj\u00e1t. Mai napig hitelesen \u00e9s zamatosan k\u00e9pviseli ezt a m\u0171fajt amit \u00e9rthetetlen m\u00f3don b\u00e1r , de egy id\u0151ben sajnos egyre jobban h\u00e1tt\u00e9rbe szor\u00edtottak . Szerencs\u00e9re ez visszavonul\u00f3ban van , az emberek a k\u00f6z\u00f6ns\u00e9g \u00fajra sz\u00edvesen hallgatja \u00e9s \u00e9nekli is az el\u0151ad\u00f3val k\u00f3rusban hogy \u201e Az a sz\u00e9p..az a sz\u00e9p.. \u201e vagy ,hogy \u201e A kanyarg\u00f3 Tisza ment\u00e9n . \u201e<\/span><\/p>\n<p>&nbsp;<\/p>\n<p><span style=\"font-family: Georgia,Palatino; font-size: 12pt;\">Bokor J\u00e1nos 30\u2019 \u2013 40 \u2019 -es fell\u00e9p\u00e9se zongorak\u00eds\u00e9rettel megrendelhet\u0151 a Szikora Rendez\u0151irod\u00e1t\u00f3l az info@szikorarendezoiroda.hu emailc\u00edmen illetve a 06.30.250.68.58 . -as mobilon.<\/span><\/p>\n<p><iframe loading=\"lazy\" width=\"800\" height=\"600\" src=\"https:\/\/www.youtube.com\/embed\/R85dtAGguVY?feature=oembed\" frameborder=\"0\" allow=\"autoplay; encrypted-media\" allowfullscreen><\/iframe><\/p>\n<p>&nbsp;<\/p>\n<h2>Magyar n\u00f3ta Bokor J\u00e1nossal!<\/h2>\n<p><a href=\"http:\/\/www.szikorarendezoiroda.hu\/szikora\/wp-content\/uploads\/2015\/06\/szikorarendezoiroda.hu2_.18jan.jpg\"><img loading=\"lazy\" decoding=\"async\" class=\"alignright size-full wp-image-2497\" src=\"http:\/\/www.szikorarendezoiroda.hu\/szikora\/wp-content\/uploads\/2015\/06\/szikorarendezoiroda.hu2_.18jan.jpg\" alt=\"Magyar n\u00f3ta Bokor J\u00e1nossal!\" width=\"150\" height=\"150\" \/><\/a>A Magyar N\u00f3ta Cs\u00e1sz\u00e1ra. Bokor J\u00e1nos nem v\u00e9letlen\u00fcl kapta meg ezt a megtisztel\u0151 c\u00edmet, hiszen munk\u00e1ss\u00e1ga, \u00e9let\u00fatja, kiv\u00e9teles tehets\u00e9ge mind azt mutatja, hogy m\u00e9lt\u00f3 erre a rangos elismer\u00e9sre. \u0150 az a magyar n\u00f3ta \u00e9nekes, akit mindenki ismer az orsz\u00e1gban, aki dalaival sokat tett az\u00e9rt, hogy a magyar dal fennmaradjon \u00e9s tov\u00e1bb \u00f6r\u00f6kl\u0151dj\u00f6n.<\/p>\n<p>Keresse <strong>orsz\u00e1gos rendez\u0151 irod\u00e1nkat <\/strong>bizalommal, \u00e9s vegye ig\u00e9nybe sz\u00ednvonalas szolg\u00e1ltat\u00e1sainkat egy n\u00edv\u00f3s m\u0171sor megszervez\u00e9s\u00e9hez. Magyar n\u00f3ta \u00e9s mulat\u00f3s kateg\u00f3ri\u00e1ban t\u00f6bb, kiemelked\u0151 el\u0151ad\u00f3t is k\u00f6zvet\u00edt\u00fcnk, \u00edgy <strong>Bokor J\u00e1nos m\u0171sorrendel\u00e9sre <\/strong>is van lehet\u0151s\u00e9g.<\/p>\n<p>Bokor J\u00e1nos abb\u00f3l az id\u0151b\u0151l hozza a zene \u00e9s a magyar dalok szeretet\u00e9t, amikor m\u00e9g mindenkinek volt saj\u00e1t n\u00f3t\u00e1ja. Nemcsak Bokor J\u00e1nos, de eg\u00e9sz csal\u00e1dja is szeretett \u00e9nekelni, \u00edgy a Mak\u00f3 mell\u0151l sz\u00e1rmaz\u00f3 \u00e9nekesben gyorsan tudatosult, mi is lesz a hivat\u00e1sa. A magyar n\u00f3ta elhivatott \u00e9nekese nemcsak haz\u00e1nkban, de k\u00fclf\u00f6ld\u00f6n is v\u00e1llal fell\u00e9p\u00e9seket; mindenhol, ahol ig\u00e9ny van a min\u0151s\u00e9gi m\u0171sorra, ahol szeretettel fogadja a k\u00f6z\u00f6ns\u00e9g a magyar zenei kult\u00fark\u00f6r ismert \u00e9s hagyom\u00e1ny\u0151rz\u0151 darabjait.<\/p>\n<p>Vegye fel <strong>orsz\u00e1gos rendez\u0151 irod\u00e1nkkal <\/strong>a kapcsolatot, \u00e9s tudjon meg mindent <strong>Bokor J\u00e1nos m\u0171sor\u00e1nak megrendel\u00e9s\u00e9r\u0151l<\/strong>!<\/p>\n","protected":false},"excerpt":{"rendered":"<p>A Magyar K\u00f6zt\u00e1rsas\u00e1g Arany \u00c9rdemkeresztj\u00e9vel kit\u00fcntetett \u00e9nekes \u2013 \u201eN\u00f3tacs\u00e1sz\u00e1r&#8221; Ut\u00f3bbi c\u00edmet Egerben kapta ugyanis t\u00f6bb mint \u00f6tsz\u00e1z magyar n\u00f3ta szerepel a reperto\u00e1rj\u00e1n. Az \u00e9nekl\u00e9s szeretet\u00e9t \u00c9desanyj\u00e1t\u00f3l \u00f6r\u00f6k\u00f6lte. Gyermekkor\u00e1ban est\u00e9nk\u00e9nt m\u00e9g <a class=\"more-link\" href=\"http:\/\/www.szikorarendezoiroda.hu\/szikora\/magyarnota-mulatos\/bokor-janos\/\">A folytat&aacute;s olvas&aacute;sa &rarr;<\/a><\/p>\n","protected":false},"author":1,"featured_media":1087,"parent":31,"menu_order":0,"comment_status":"open","ping_status":"open","template":"","meta":{"footnotes":""},"aioseo_notices":[],"_links":{"self":[{"href":"http:\/\/www.szikorarendezoiroda.hu\/szikora\/wp-json\/wp\/v2\/pages\/1765"}],"collection":[{"href":"http:\/\/www.szikorarendezoiroda.hu\/szikora\/wp-json\/wp\/v2\/pages"}],"about":[{"href":"http:\/\/www.szikorarendezoiroda.hu\/szikora\/wp-json\/wp\/v2\/types\/page"}],"author":[{"embeddable":true,"href":"http:\/\/www.szikorarendezoiroda.hu\/szikora\/wp-json\/wp\/v2\/users\/1"}],"replies":[{"embeddable":true,"href":"http:\/\/www.szikorarendezoiroda.hu\/szikora\/wp-json\/wp\/v2\/comments?post=1765"}],"version-history":[{"count":4,"href":"http:\/\/www.szikorarendezoiroda.hu\/szikora\/wp-json\/wp\/v2\/pages\/1765\/revisions"}],"predecessor-version":[{"id":3173,"href":"http:\/\/www.szikorarendezoiroda.hu\/szikora\/wp-json\/wp\/v2\/pages\/1765\/revisions\/3173"}],"up":[{"embeddable":true,"href":"http:\/\/www.szikorarendezoiroda.hu\/szikora\/wp-json\/wp\/v2\/pages\/31"}],"wp:featuredmedia":[{"embeddable":true,"href":"http:\/\/www.szikorarendezoiroda.hu\/szikora\/wp-json\/wp\/v2\/media\/1087"}],"wp:attachment":[{"href":"http:\/\/www.szikorarendezoiroda.hu\/szikora\/wp-json\/wp\/v2\/media?parent=1765"}],"curies":[{"name":"wp","href":"https:\/\/api.w.org\/{rel}","templated":true}]}}

BOKOR JÁNOS

<p><span style="font-family: Georgia,Palatino; font-size: 12pt;">A Magyar Köztársaság Arany Érdemkeresztjével kitüntetett énekes – „Nótacsászár&#8221; Utóbbi címet Egerben kapta ugyanis több mint ötszáz magyar nóta szerepel a repertoárján. </span></p>
<p><span style="font-family: Georgia,Palatino; font-size: 12pt;">Az éneklés szeretetét Édesanyjától örökölte. Gyermekkorában esténként még nem a televízió előtt ültek &#8211; nem is volt még TV &#8211; hanem a családok , barátok összejöttek és egy-egy pohár bor mellett beszélgettek . Ilyenkor pedig hamar elkezdődött a nótázás is hiszen mindenkinek volt egy – egy kedvence. </span></p>
<p><span style="font-family: Georgia,Palatino; font-size: 12pt;">Első rádiófelvétele 1985 – ben készült el és ettől kezdve nem telt el nap , hogy valamelyik dal el ne hangozzon . Ebben az időszakban kétszer kapta meg a „ lejobb féfi előadó „ díját. Mai napig hitelesen és zamatosan képviseli ezt a műfajt amit érthetetlen módon bár , de egy időben sajnos egyre jobban háttérbe szorítottak . Szerencsére ez visszavonulóban van , az emberek a közönség újra szívesen hallgatja és énekli is az előadóval kórusban hogy „ Az a szép..az a szép.. „ vagy ,hogy „ A kanyargó Tisza mentén . „</span></p>
<p>&nbsp;</p>
<p><span style="font-family: Georgia,Palatino; font-size: 12pt;">Bokor János 30’ – 40 ’ -es fellépése zongorakísérettel megrendelhető a Szikora Rendezőirodától az info@szikorarendezoiroda.hu emailcímen illetve a 06.30.250.68.58 . -as mobilon.</span></p>
<p><iframe loading="lazy" width="800" height="600" src="https://www.youtube.com/embed/R85dtAGguVY?feature=oembed" frameborder="0" allow="autoplay; encrypted-media" allowfullscreen></iframe></p>
<p>&nbsp;</p>
<h2>Magyar nóta Bokor Jánossal!</h2>
<p><a href="http://www.szikorarendezoiroda.hu/szikora/wp-content/uploads/2015/06/szikorarendezoiroda.hu2_.18jan.jpg"><img loading="lazy" decoding="async" class="alignright size-full wp-image-2497" src="http://www.szikorarendezoiroda.hu/szikora/wp-content/uploads/2015/06/szikorarendezoiroda.hu2_.18jan.jpg" alt="Magyar nóta Bokor Jánossal!" width="150" height="150" /></a>A Magyar Nóta Császára. Bokor János nem véletlenül kapta meg ezt a megtisztelő címet, hiszen munkássága, életútja, kivételes tehetsége mind azt mutatja, hogy méltó erre a rangos elismerésre. Ő az a magyar nóta énekes, akit mindenki ismer az országban, aki dalaival sokat tett azért, hogy a magyar dal fennmaradjon és tovább öröklődjön.</p>
<p>Keresse <strong>országos rendező irodánkat </strong>bizalommal, és vegye igénybe színvonalas szolgáltatásainkat egy nívós műsor megszervezéséhez. Magyar nóta és mulatós kategóriában több, kiemelkedő előadót is közvetítünk, így <strong>Bokor János műsorrendelésre </strong>is van lehetőség.</p>
<p>Bokor János abból az időből hozza a zene és a magyar dalok szeretetét, amikor még mindenkinek volt saját nótája. Nemcsak Bokor János, de egész családja is szeretett énekelni, így a Makó mellől származó énekesben gyorsan tudatosult, mi is lesz a hivatása. A magyar nóta elhivatott énekese nemcsak hazánkban, de külföldön is vállal fellépéseket; mindenhol, ahol igény van a minőségi műsorra, ahol szeretettel fogadja a közönség a magyar zenei kultúrkör ismert és hagyományőrző darabjait.</p>
<p>Vegye fel <strong>országos rendező irodánkkal </strong>a kapcsolatot, és tudjon meg mindent <strong>Bokor János műsorának megrendeléséről</strong>!</p>

<p>A Magyar Köztársaság Arany Érdemkeresztjével kitüntetett énekes – „Nótacsászár&#8221; Utóbbi címet Egerben kapta ugyanis több mint ötszáz magyar nóta szerepel a repertoárján. Az éneklés szeretetét Édesanyjától örökölte. Gyermekkorában esténként még <a class="more-link" href="http://www.szikorarendezoiroda.hu/szikora/magyarnota-mulatos/bokor-janos/">A folytat&aacute;s olvas&aacute;sa &rarr;</a></p>
