{"id":1763,"date":"2015-06-04T06:24:09","date_gmt":"2015-06-04T06:24:09","guid":{"rendered":"http:\/\/www.szikorarendezoiroda.hu\/szikora\/?page_id=1763"},"modified":"2018-08-05T07:45:38","modified_gmt":"2018-08-05T07:45:38","slug":"madarasz-katalin","status":"publish","type":"page","link":"http:\/\/www.szikorarendezoiroda.hu\/szikora\/magyarnota-mulatos\/madarasz-katalin\/","title":{"rendered":"MADAR\u00c1SZ KATALIN"},"content":{"rendered":"<p><span style=\"font-family: Arial,Helvetica,sans-serif; font-size: 12pt;\">Magyar n\u00f3ta \u2013 n\u00e9pdal\u00e9nekesn\u0151.\u00a0<\/span><\/p>\n<p><span style=\"font-family: Arial,Helvetica,sans-serif; font-size: 12pt;\"> B\u00e1r az els\u0151 r\u00e1di\u00f3 felv\u00e9tele 1953-ban k\u00e9sz\u00fclt,\u00a0 \u0150 azonban a mai napig ugyan olyan \u00edzesen, sz\u00e9pen \u00e9s sok humorral adja el\u0151 dalait mint annak idej\u00e9n. <\/span><\/p>\n<p><span style=\"font-family: Arial,Helvetica,sans-serif; font-size: 12pt;\">Elmondhatjuk r\u00f3la joggal , hogy nem fog rajta az id\u0151. Eg\u00e9sz \u00e9let\u00e9ben ugyan \u00fagy\u00a0 h\u0171 maradt a magyar n\u00f3t\u00e1hoz \u00e9s n\u00e9pdalhoz mint megvallott magyars\u00e1g\u00e1hoz. De \u0150 volt az akinek tolm\u00e1csol\u00e1s\u00e1ban el\u0151sz\u00f6r ker\u00fcltek felv\u00e9telre cig\u00e1nyn\u00f3t\u00e1k is. \u00a0A magyar n\u00f3ta az id\u0151sebb gener\u00e1ci\u00f3k kedvence de mindig azt \u00a0tapasztaljuk, hogy a fiatalok is j\u00f3 kedvvel hallgatj\u00e1k . \u00a0Falunapokon , nyugd\u00edjas klubokban ma is sz\u00edvesen v\u00e1llal fell\u00e9p\u00e9st zongorak\u00eds\u00e9r\u0151j\u00e9vel \u00e9s az eg\u00e9sz hallgat\u00f3s\u00e1g vele \u00e9neklik dalait.\u00a0 <\/span><\/p>\n<p><strong><span style=\"font-family: Arial,Helvetica,sans-serif; font-size: 12pt;\">M\u0171sor ideje 35&#8242;-40&#8242;.\u00a0\u00a0\u00a0<\/span><\/strong><\/p>\n<p><span style=\"font-family: Arial,Helvetica,sans-serif; font-size: 12pt;\"> A program megrendelhet\u0151 az <a href=\"mailto:info@szikorarendezoiroda.hu\">info@szikorarendezoiroda.hu<\/a> email c\u00edmen vagy a 06.30.250.68.58 \u2013 as mobilsz\u00e1mon.\u00a0 \u00a0\u00a0\u00a0\u00a0<\/span><\/p>\n<div style=\"clear: both; display: block; text-align:center; margin-left: auto; margin-right: auto;\"><img loading=\"lazy\" decoding=\"async\" src=\"http:\/\/www.szikorarendezoiroda.hu\/szikora\/wp-content\/plugins\/contact-form-lite\/inc\/images\/ajax-loader.gif\" width=\"32\" height=\"32\"\/><\/div>\n<p><iframe loading=\"lazy\" width=\"800\" height=\"600\" src=\"https:\/\/www.youtube.com\/embed\/IDwLAH6zjgw?feature=oembed\" frameborder=\"0\" allowfullscreen><\/iframe><\/p>\n","protected":false},"excerpt":{"rendered":"<p>Magyar n\u00f3ta \u2013 n\u00e9pdal\u00e9nekesn\u0151.\u00a0 B\u00e1r az els\u0151 r\u00e1di\u00f3 felv\u00e9tele 1953-ban k\u00e9sz\u00fclt,\u00a0 \u0150 azonban a mai napig ugyan olyan \u00edzesen, sz\u00e9pen \u00e9s sok humorral adja el\u0151 dalait mint annak idej\u00e9n. Elmondhatjuk <a class=\"more-link\" href=\"http:\/\/www.szikorarendezoiroda.hu\/szikora\/magyarnota-mulatos\/madarasz-katalin\/\">A folytat&aacute;s olvas&aacute;sa &rarr;<\/a><\/p>\n","protected":false},"author":1,"featured_media":3172,"parent":31,"menu_order":0,"comment_status":"open","ping_status":"open","template":"","meta":{"footnotes":""},"aioseo_notices":[],"_links":{"self":[{"href":"http:\/\/www.szikorarendezoiroda.hu\/szikora\/wp-json\/wp\/v2\/pages\/1763"}],"collection":[{"href":"http:\/\/www.szikorarendezoiroda.hu\/szikora\/wp-json\/wp\/v2\/pages"}],"about":[{"href":"http:\/\/www.szikorarendezoiroda.hu\/szikora\/wp-json\/wp\/v2\/types\/page"}],"author":[{"embeddable":true,"href":"http:\/\/www.szikorarendezoiroda.hu\/szikora\/wp-json\/wp\/v2\/users\/1"}],"replies":[{"embeddable":true,"href":"http:\/\/www.szikorarendezoiroda.hu\/szikora\/wp-json\/wp\/v2\/comments?post=1763"}],"version-history":[{"count":3,"href":"http:\/\/www.szikorarendezoiroda.hu\/szikora\/wp-json\/wp\/v2\/pages\/1763\/revisions"}],"predecessor-version":[{"id":2247,"href":"http:\/\/www.szikorarendezoiroda.hu\/szikora\/wp-json\/wp\/v2\/pages\/1763\/revisions\/2247"}],"up":[{"embeddable":true,"href":"http:\/\/www.szikorarendezoiroda.hu\/szikora\/wp-json\/wp\/v2\/pages\/31"}],"wp:featuredmedia":[{"embeddable":true,"href":"http:\/\/www.szikorarendezoiroda.hu\/szikora\/wp-json\/wp\/v2\/media\/3172"}],"wp:attachment":[{"href":"http:\/\/www.szikorarendezoiroda.hu\/szikora\/wp-json\/wp\/v2\/media?parent=1763"}],"curies":[{"name":"wp","href":"https:\/\/api.w.org\/{rel}","templated":true}]}}

MADARÁSZ KATALIN

<p><span style="font-family: Arial,Helvetica,sans-serif; font-size: 12pt;">Magyar nóta – népdalénekesnő. </span></p>
<p><span style="font-family: Arial,Helvetica,sans-serif; font-size: 12pt;"> Bár az első rádió felvétele 1953-ban készült,  Ő azonban a mai napig ugyan olyan ízesen, szépen és sok humorral adja elő dalait mint annak idején. </span></p>
<p><span style="font-family: Arial,Helvetica,sans-serif; font-size: 12pt;">Elmondhatjuk róla joggal , hogy nem fog rajta az idő. Egész életében ugyan úgy  hű maradt a magyar nótához és népdalhoz mint megvallott magyarságához. De Ő volt az akinek tolmácsolásában először kerültek felvételre cigánynóták is.  A magyar nóta az idősebb generációk kedvence de mindig azt  tapasztaljuk, hogy a fiatalok is jó kedvvel hallgatják .  Falunapokon , nyugdíjas klubokban ma is szívesen vállal fellépést zongorakísérőjével és az egész hallgatóság vele éneklik dalait.  </span></p>
<p><strong><span style="font-family: Arial,Helvetica,sans-serif; font-size: 12pt;">Műsor ideje 35&#8242;-40&#8242;.   </span></strong></p>
<p><span style="font-family: Arial,Helvetica,sans-serif; font-size: 12pt;"> A program megrendelhető az <a href="mailto:info@szikorarendezoiroda.hu">info@szikorarendezoiroda.hu</a> email címen vagy a 06.30.250.68.58 – as mobilszámon.      </span></p>
<div style="clear: both; display: block; text-align:center; margin-left: auto; margin-right: auto;"><img loading="lazy" decoding="async" src="http://www.szikorarendezoiroda.hu/szikora/wp-content/plugins/contact-form-lite/inc/images/ajax-loader.gif" width="32" height="32"/></div>
<p><iframe loading="lazy" width="800" height="600" src="https://www.youtube.com/embed/IDwLAH6zjgw?feature=oembed" frameborder="0" allowfullscreen></iframe></p>

<p>Magyar nóta – népdalénekesnő.  Bár az első rádió felvétele 1953-ban készült,  Ő azonban a mai napig ugyan olyan ízesen, szépen és sok humorral adja elő dalait mint annak idején. Elmondhatjuk <a class="more-link" href="http://www.szikorarendezoiroda.hu/szikora/magyarnota-mulatos/madarasz-katalin/">A folytat&aacute;s olvas&aacute;sa &rarr;</a></p>
