{"id":1681,"date":"2015-06-03T07:38:13","date_gmt":"2015-06-03T07:38:13","guid":{"rendered":"http:\/\/www.szikorarendezoiroda.hu\/szikora\/?page_id=1681"},"modified":"2018-08-03T04:07:25","modified_gmt":"2018-08-03T04:07:25","slug":"varga-feri-es-balassy-betty","status":"publish","type":"page","link":"http:\/\/www.szikorarendezoiroda.hu\/szikora\/tancdal-retro-pop\/varga-feri-es-balassy-betty\/","title":{"rendered":"VARGA \u201eFERI\u201d \u00c9S BAL\u00c1SSY BETTY"},"content":{"rendered":"<p>&nbsp;<\/p>\n<p><span style=\"font-family: Georgia,Palatino; font-size: 12pt;\">Szint\u00e9n a Megaszt\u00e1r verseny hozta meg sz\u00e1mukra a sikert a sz\u00ednpadon, \u00e9s a mag\u00e1n\u00e9letben is. Az \u201eEgy bolond sz\u00e1zat csin\u00e1l\u201d c\u00edm\u0171 eml\u00e9kezetes duettj\u00fck a mai napig sl\u00e1ger.<\/span><\/p>\n<p><iframe loading=\"lazy\" width=\"800\" height=\"600\" src=\"https:\/\/www.youtube.com\/embed\/k8W7IqdboRs?feature=oembed\" frameborder=\"0\" allowfullscreen><\/iframe><\/p>\n","protected":false},"excerpt":{"rendered":"<p>&nbsp; Szint\u00e9n a Megaszt\u00e1r verseny hozta meg sz\u00e1mukra a sikert a sz\u00ednpadon, \u00e9s a mag\u00e1n\u00e9letben is. Az \u201eEgy bolond sz\u00e1zat csin\u00e1l\u201d c\u00edm\u0171 eml\u00e9kezetes duettj\u00fck a mai napig sl\u00e1ger.<\/p>\n","protected":false},"author":1,"featured_media":1682,"parent":20,"menu_order":0,"comment_status":"open","ping_status":"open","template":"","meta":{"footnotes":""},"aioseo_notices":[],"_links":{"self":[{"href":"http:\/\/www.szikorarendezoiroda.hu\/szikora\/wp-json\/wp\/v2\/pages\/1681"}],"collection":[{"href":"http:\/\/www.szikorarendezoiroda.hu\/szikora\/wp-json\/wp\/v2\/pages"}],"about":[{"href":"http:\/\/www.szikorarendezoiroda.hu\/szikora\/wp-json\/wp\/v2\/types\/page"}],"author":[{"embeddable":true,"href":"http:\/\/www.szikorarendezoiroda.hu\/szikora\/wp-json\/wp\/v2\/users\/1"}],"replies":[{"embeddable":true,"href":"http:\/\/www.szikorarendezoiroda.hu\/szikora\/wp-json\/wp\/v2\/comments?post=1681"}],"version-history":[{"count":2,"href":"http:\/\/www.szikorarendezoiroda.hu\/szikora\/wp-json\/wp\/v2\/pages\/1681\/revisions"}],"predecessor-version":[{"id":2749,"href":"http:\/\/www.szikorarendezoiroda.hu\/szikora\/wp-json\/wp\/v2\/pages\/1681\/revisions\/2749"}],"up":[{"embeddable":true,"href":"http:\/\/www.szikorarendezoiroda.hu\/szikora\/wp-json\/wp\/v2\/pages\/20"}],"wp:featuredmedia":[{"embeddable":true,"href":"http:\/\/www.szikorarendezoiroda.hu\/szikora\/wp-json\/wp\/v2\/media\/1682"}],"wp:attachment":[{"href":"http:\/\/www.szikorarendezoiroda.hu\/szikora\/wp-json\/wp\/v2\/media?parent=1681"}],"curies":[{"name":"wp","href":"https:\/\/api.w.org\/{rel}","templated":true}]}}