{"id":1678,"date":"2015-06-03T07:37:17","date_gmt":"2015-06-03T07:37:17","guid":{"rendered":"http:\/\/www.szikorarendezoiroda.hu\/szikora\/?page_id=1678"},"modified":"2018-08-03T04:06:28","modified_gmt":"2018-08-03T04:06:28","slug":"toth-vera","status":"publish","type":"page","link":"http:\/\/www.szikorarendezoiroda.hu\/szikora\/tancdal-retro-pop\/toth-vera\/","title":{"rendered":"T\u00d3TH VERA"},"content":{"rendered":"<p>&nbsp;<\/p>\n<p><span style=\"font-family: Georgia,Palatino; font-size: 12pt;\">Mag\u00e1t univerz\u00e1lis hangulat \u00e9nekesn\u0151nek nevezi, hiszen \u00e9nekel musicalt, n\u00e9pdalt, m\u0171dalt, rockot, m\u00edgnem el\u00e9rkezett a Megaszt\u00e1r 1 gy\u0151zelem. Alig hitte el \u00e9s a mai napig csodak\u00e9nt \u00e9li meg \u00e9let\u00e9t.<\/span><\/p>\n<p><iframe loading=\"lazy\" width=\"800\" height=\"600\" src=\"https:\/\/www.youtube.com\/embed\/Vs77lsbPg6g?feature=oembed\" frameborder=\"0\" allowfullscreen><\/iframe><\/p>\n","protected":false},"excerpt":{"rendered":"<p>&nbsp; Mag\u00e1t univerz\u00e1lis hangulat \u00e9nekesn\u0151nek nevezi, hiszen \u00e9nekel musicalt, n\u00e9pdalt, m\u0171dalt, rockot, m\u00edgnem el\u00e9rkezett a Megaszt\u00e1r 1 gy\u0151zelem. Alig hitte el \u00e9s a mai napig csodak\u00e9nt \u00e9li meg \u00e9let\u00e9t.<\/p>\n","protected":false},"author":1,"featured_media":1679,"parent":20,"menu_order":0,"comment_status":"open","ping_status":"open","template":"","meta":{"footnotes":""},"aioseo_notices":[],"_links":{"self":[{"href":"http:\/\/www.szikorarendezoiroda.hu\/szikora\/wp-json\/wp\/v2\/pages\/1678"}],"collection":[{"href":"http:\/\/www.szikorarendezoiroda.hu\/szikora\/wp-json\/wp\/v2\/pages"}],"about":[{"href":"http:\/\/www.szikorarendezoiroda.hu\/szikora\/wp-json\/wp\/v2\/types\/page"}],"author":[{"embeddable":true,"href":"http:\/\/www.szikorarendezoiroda.hu\/szikora\/wp-json\/wp\/v2\/users\/1"}],"replies":[{"embeddable":true,"href":"http:\/\/www.szikorarendezoiroda.hu\/szikora\/wp-json\/wp\/v2\/comments?post=1678"}],"version-history":[{"count":2,"href":"http:\/\/www.szikorarendezoiroda.hu\/szikora\/wp-json\/wp\/v2\/pages\/1678\/revisions"}],"predecessor-version":[{"id":2748,"href":"http:\/\/www.szikorarendezoiroda.hu\/szikora\/wp-json\/wp\/v2\/pages\/1678\/revisions\/2748"}],"up":[{"embeddable":true,"href":"http:\/\/www.szikorarendezoiroda.hu\/szikora\/wp-json\/wp\/v2\/pages\/20"}],"wp:featuredmedia":[{"embeddable":true,"href":"http:\/\/www.szikorarendezoiroda.hu\/szikora\/wp-json\/wp\/v2\/media\/1679"}],"wp:attachment":[{"href":"http:\/\/www.szikorarendezoiroda.hu\/szikora\/wp-json\/wp\/v2\/media?parent=1678"}],"curies":[{"name":"wp","href":"https:\/\/api.w.org\/{rel}","templated":true}]}}

TÓTH VERA

<p>&nbsp;</p>
<p><span style="font-family: Georgia,Palatino; font-size: 12pt;">Magát univerzális hangulat énekesnőnek nevezi, hiszen énekel musicalt, népdalt, műdalt, rockot, mígnem elérkezett a Megasztár 1 győzelem. Alig hitte el és a mai napig csodaként éli meg életét.</span></p>
<p><iframe loading="lazy" width="800" height="600" src="https://www.youtube.com/embed/Vs77lsbPg6g?feature=oembed" frameborder="0" allowfullscreen></iframe></p>

<p>&nbsp; Magát univerzális hangulat énekesnőnek nevezi, hiszen énekel musicalt, népdalt, műdalt, rockot, mígnem elérkezett a Megasztár 1 győzelem. Alig hitte el és a mai napig csodaként éli meg életét.</p>
