{"id":1669,"date":"2015-06-03T07:33:56","date_gmt":"2015-06-03T07:33:56","guid":{"rendered":"http:\/\/www.szikorarendezoiroda.hu\/szikora\/?page_id=1669"},"modified":"2018-08-03T04:04:47","modified_gmt":"2018-08-03T04:04:47","slug":"szucs-judit","status":"publish","type":"page","link":"http:\/\/www.szikorarendezoiroda.hu\/szikora\/tancdal-retro-pop\/szucs-judit\/","title":{"rendered":"SZ\u0170CS JUDIT"},"content":{"rendered":"<p>&nbsp;<\/p>\n<p><span style=\"font-family: Georgia,Palatino; font-size: 12pt;\">\u00a0<\/span><\/p>\n<p><span style=\"font-family: Arial,Helvetica,sans-serif;\">Zenei \u00e1ltal\u00e1nos iskol\u00e1ba j\u00e1rt , ahol zongor\u00e1zni tanult majd a k\u00f6z\u00e9piskol\u00e1ban fodr\u00e1sznak k\u00e9sz\u00fclt .\u00a0 <\/span><\/p>\n<p><span style=\"font-family: Arial,Helvetica,sans-serif;\">A Fodr\u00e1sz egyes\u00fclet Tavasz 67 nev\u0171 le\u00e1ny k\u00f3rus\u00e1ban \u00e9nekelt . <\/span><\/p>\n<p><span style=\"font-family: Arial,Helvetica,sans-serif;\">Az 1972-es Ki Mit Tud?\u2013on indult de az els\u0151 magyar popegy\u00fcttesben\u00a0 a Beatric\u00e9ben is zen\u00e9lt. <\/span><\/p>\n<p><span style=\"font-family: Arial,Helvetica,sans-serif;\">A 70-es \u00e9vek v\u00e9g\u00e9n \u00e9rkezett Magyarorsz\u00e1gra a disco st\u00edlus . Ebben tal\u00e1lt igaz\u00e1n saj\u00e1t zenei st\u00edlus\u00e1ra, ez\u00e9rt is kapta a \u201ediscokir\u00e1lyn\u0151&#8221; c\u00edmet.\u00a0 <\/span><\/p>\n<p><span style=\"font-family: Arial,Helvetica,sans-serif;\">Az igaz\u00e1n nagy \u00e1tt\u00f6r\u00e9st az 1977-es Metronom fesztiv\u00e1l jelentette\u00a0 a \u201eT\u00e1ncolj m\u00e9g\u2026\u201d\u00a0 c\u00cdm\u0171\u00a0 dallal, ami az\u00f3ta is elmaradhatatlan r\u00e9sze m\u0171sor\u00e1nak.\u00a0 <\/span><\/p>\n<p><span style=\"font-family: Arial,Helvetica,sans-serif;\">Sz\u0171cs Judit m\u0171sora megrendelhet\u0151 az <a href=\"mailto:info@szikorarendezoiroda.hu\">info@szikorarendezoiroda.hu<\/a>\u00a0 email c\u00edmen\u00a0 vagy a 06-30\/250 68 58 \u2013 as telefonsz\u00e1mon.<\/span><\/p>\n<p>&nbsp;<\/p>\n<p><iframe loading=\"lazy\" width=\"800\" height=\"600\" src=\"https:\/\/www.youtube.com\/embed\/wTYlf2NQYiQ?feature=oembed\" frameborder=\"0\" allowfullscreen><\/iframe><\/p>\n<div style=\"clear: both; display: block; text-align:center; margin-left: auto; margin-right: auto;\"><img loading=\"lazy\" decoding=\"async\" src=\"http:\/\/www.szikorarendezoiroda.hu\/szikora\/wp-content\/plugins\/contact-form-lite\/inc\/images\/ajax-loader.gif\" width=\"32\" height=\"32\"\/><\/div>\n","protected":false},"excerpt":{"rendered":"<p>&nbsp; \u00a0 Zenei \u00e1ltal\u00e1nos iskol\u00e1ba j\u00e1rt , ahol zongor\u00e1zni tanult majd a k\u00f6z\u00e9piskol\u00e1ban fodr\u00e1sznak k\u00e9sz\u00fclt .\u00a0 A Fodr\u00e1sz egyes\u00fclet Tavasz 67 nev\u0171 le\u00e1ny k\u00f3rus\u00e1ban \u00e9nekelt . Az 1972-es Ki Mit <a class=\"more-link\" href=\"http:\/\/www.szikorarendezoiroda.hu\/szikora\/tancdal-retro-pop\/szucs-judit\/\">A folytat&aacute;s olvas&aacute;sa &rarr;<\/a><\/p>\n","protected":false},"author":1,"featured_media":2285,"parent":20,"menu_order":0,"comment_status":"open","ping_status":"open","template":"","meta":{"footnotes":""},"aioseo_notices":[],"_links":{"self":[{"href":"http:\/\/www.szikorarendezoiroda.hu\/szikora\/wp-json\/wp\/v2\/pages\/1669"}],"collection":[{"href":"http:\/\/www.szikorarendezoiroda.hu\/szikora\/wp-json\/wp\/v2\/pages"}],"about":[{"href":"http:\/\/www.szikorarendezoiroda.hu\/szikora\/wp-json\/wp\/v2\/types\/page"}],"author":[{"embeddable":true,"href":"http:\/\/www.szikorarendezoiroda.hu\/szikora\/wp-json\/wp\/v2\/users\/1"}],"replies":[{"embeddable":true,"href":"http:\/\/www.szikorarendezoiroda.hu\/szikora\/wp-json\/wp\/v2\/comments?post=1669"}],"version-history":[{"count":4,"href":"http:\/\/www.szikorarendezoiroda.hu\/szikora\/wp-json\/wp\/v2\/pages\/1669\/revisions"}],"predecessor-version":[{"id":2743,"href":"http:\/\/www.szikorarendezoiroda.hu\/szikora\/wp-json\/wp\/v2\/pages\/1669\/revisions\/2743"}],"up":[{"embeddable":true,"href":"http:\/\/www.szikorarendezoiroda.hu\/szikora\/wp-json\/wp\/v2\/pages\/20"}],"wp:featuredmedia":[{"embeddable":true,"href":"http:\/\/www.szikorarendezoiroda.hu\/szikora\/wp-json\/wp\/v2\/media\/2285"}],"wp:attachment":[{"href":"http:\/\/www.szikorarendezoiroda.hu\/szikora\/wp-json\/wp\/v2\/media?parent=1669"}],"curies":[{"name":"wp","href":"https:\/\/api.w.org\/{rel}","templated":true}]}}

SZŰCS JUDIT

<p>&nbsp;</p>
<p><span style="font-family: Georgia,Palatino; font-size: 12pt;"> </span></p>
<p><span style="font-family: Arial,Helvetica,sans-serif;">Zenei általános iskolába járt , ahol zongorázni tanult majd a középiskolában fodrásznak készült .  </span></p>
<p><span style="font-family: Arial,Helvetica,sans-serif;">A Fodrász egyesület Tavasz 67 nevű leány kórusában énekelt . </span></p>
<p><span style="font-family: Arial,Helvetica,sans-serif;">Az 1972-es Ki Mit Tud?–on indult de az első magyar popegyüttesben  a Beatricében is zenélt. </span></p>
<p><span style="font-family: Arial,Helvetica,sans-serif;">A 70-es évek végén érkezett Magyarországra a disco stílus . Ebben talált igazán saját zenei stílusára, ezért is kapta a „discokirálynő&#8221; címet.  </span></p>
<p><span style="font-family: Arial,Helvetica,sans-serif;">Az igazán nagy áttörést az 1977-es Metronom fesztivál jelentette  a „Táncolj még…”  cÍmű  dallal, ami azóta is elmaradhatatlan része műsorának.  </span></p>
<p><span style="font-family: Arial,Helvetica,sans-serif;">Szűcs Judit műsora megrendelhető az <a href="mailto:info@szikorarendezoiroda.hu">info@szikorarendezoiroda.hu</a>  email címen  vagy a 06-30/250 68 58 – as telefonszámon.</span></p>
<p>&nbsp;</p>
<p><iframe loading="lazy" width="800" height="600" src="https://www.youtube.com/embed/wTYlf2NQYiQ?feature=oembed" frameborder="0" allowfullscreen></iframe></p>
<div style="clear: both; display: block; text-align:center; margin-left: auto; margin-right: auto;"><img loading="lazy" decoding="async" src="http://www.szikorarendezoiroda.hu/szikora/wp-content/plugins/contact-form-lite/inc/images/ajax-loader.gif" width="32" height="32"/></div>

<p>&nbsp;   Zenei általános iskolába járt , ahol zongorázni tanult majd a középiskolában fodrásznak készült .  A Fodrász egyesület Tavasz 67 nevű leány kórusában énekelt . Az 1972-es Ki Mit <a class="more-link" href="http://www.szikorarendezoiroda.hu/szikora/tancdal-retro-pop/szucs-judit/">A folytat&aacute;s olvas&aacute;sa &rarr;</a></p>
