{"id":1660,"date":"2015-06-03T07:29:23","date_gmt":"2015-06-03T07:29:23","guid":{"rendered":"http:\/\/www.szikorarendezoiroda.hu\/szikora\/?page_id=1660"},"modified":"2018-08-03T04:03:36","modified_gmt":"2018-08-03T04:03:36","slug":"szekeres-adrienn","status":"publish","type":"page","link":"http:\/\/www.szikorarendezoiroda.hu\/szikora\/tancdal-retro-pop\/szekeres-adrienn\/","title":{"rendered":"SZEKERES ADRIENN"},"content":{"rendered":"<p>&nbsp;<\/p>\n<p><span style=\"font-family: Georgia,Palatino; font-size: 12pt;\">M\u00e1r kaphat\u00f3 \u201eCsak j\u00e1t\u00e9k\u201d c\u00edm\u0171 \u00faj albuma, melynek producere most is f\u00e9rje, Kiss G\u00e1bor. Adventi koncertjei orsz\u00e1goss\u00e1 sz\u00e9lesedtek.<\/span><\/p>\n<p><iframe loading=\"lazy\" width=\"800\" height=\"450\" src=\"https:\/\/www.youtube.com\/embed\/dS6yzMTJrLk?feature=oembed\" frameborder=\"0\" allowfullscreen><\/iframe><\/p>\n","protected":false},"excerpt":{"rendered":"<p>&nbsp; M\u00e1r kaphat\u00f3 \u201eCsak j\u00e1t\u00e9k\u201d c\u00edm\u0171 \u00faj albuma, melynek producere most is f\u00e9rje, Kiss G\u00e1bor. Adventi koncertjei orsz\u00e1goss\u00e1 sz\u00e9lesedtek.<\/p>\n","protected":false},"author":1,"featured_media":1661,"parent":20,"menu_order":0,"comment_status":"open","ping_status":"open","template":"","meta":{"footnotes":""},"aioseo_notices":[],"_links":{"self":[{"href":"http:\/\/www.szikorarendezoiroda.hu\/szikora\/wp-json\/wp\/v2\/pages\/1660"}],"collection":[{"href":"http:\/\/www.szikorarendezoiroda.hu\/szikora\/wp-json\/wp\/v2\/pages"}],"about":[{"href":"http:\/\/www.szikorarendezoiroda.hu\/szikora\/wp-json\/wp\/v2\/types\/page"}],"author":[{"embeddable":true,"href":"http:\/\/www.szikorarendezoiroda.hu\/szikora\/wp-json\/wp\/v2\/users\/1"}],"replies":[{"embeddable":true,"href":"http:\/\/www.szikorarendezoiroda.hu\/szikora\/wp-json\/wp\/v2\/comments?post=1660"}],"version-history":[{"count":2,"href":"http:\/\/www.szikorarendezoiroda.hu\/szikora\/wp-json\/wp\/v2\/pages\/1660\/revisions"}],"predecessor-version":[{"id":2741,"href":"http:\/\/www.szikorarendezoiroda.hu\/szikora\/wp-json\/wp\/v2\/pages\/1660\/revisions\/2741"}],"up":[{"embeddable":true,"href":"http:\/\/www.szikorarendezoiroda.hu\/szikora\/wp-json\/wp\/v2\/pages\/20"}],"wp:featuredmedia":[{"embeddable":true,"href":"http:\/\/www.szikorarendezoiroda.hu\/szikora\/wp-json\/wp\/v2\/media\/1661"}],"wp:attachment":[{"href":"http:\/\/www.szikorarendezoiroda.hu\/szikora\/wp-json\/wp\/v2\/media?parent=1660"}],"curies":[{"name":"wp","href":"https:\/\/api.w.org\/{rel}","templated":true}]}}

<p>&nbsp;</p>
<p><span style="font-family: Georgia,Palatino; font-size: 12pt;">Már kapható „Csak játék” című új albuma, melynek producere most is férje, Kiss Gábor. Adventi koncertjei országossá szélesedtek.</span></p>
<p><iframe loading="lazy" width="800" height="450" src="https://www.youtube.com/embed/dS6yzMTJrLk?feature=oembed" frameborder="0" allowfullscreen></iframe></p>

<p>&nbsp; Már kapható „Csak játék” című új albuma, melynek producere most is férje, Kiss Gábor. Adventi koncertjei országossá szélesedtek.</p>
