{"id":1632,"date":"2015-06-03T07:08:34","date_gmt":"2015-06-03T07:08:34","guid":{"rendered":"http:\/\/www.szikorarendezoiroda.hu\/szikora\/?page_id=1632"},"modified":"2018-08-03T03:58:34","modified_gmt":"2018-08-03T03:58:34","slug":"peter-szabo-szilvia","status":"publish","type":"page","link":"http:\/\/www.szikorarendezoiroda.hu\/szikora\/tancdal-retro-pop\/peter-szabo-szilvia\/","title":{"rendered":"P\u00c9TER SZAB\u00d3 SZILVIA"},"content":{"rendered":"<p>&nbsp;<\/p>\n<p>&nbsp;<\/p>\n<p><span style=\"font-family: Arial,Helvetica,sans-serif;\">H\u00e1romszoros dupla platina \u00e9s aranylemezes, megannyi rangos d\u00edjat bes\u00f6pr\u0151, sz\u00e1mtalan listavezet\u0151 dalt mag\u00e1nak tudhat\u00f3 \u00e9s Magyarorsz\u00e1gon kiv\u00e9tel n\u00e9lk\u00fcl csak telt h\u00e1zas koncertet ad\u00f3 egykori NOX zenekar frontembere \u00e9s \u00e9nekesn\u0151je.<\/span><\/p>\n<p><span style=\"font-family: Arial,Helvetica,sans-serif;\">Ism\u00e9t saj\u00e1t zenekarral \u00e9s p\u00e1ratlanul l\u00e1tv\u00e1nyos produkci\u00f3val h\u00f3d\u00edtja meg az orsz\u00e1got.\u00a0 <\/span><\/p>\n<p><span style=\"font-family: Arial,Helvetica,sans-serif;\">2013\u2013ban jelent meg k\u00fclf\u00f6ld\u00f6n a\u00a0 REVOLUTION c\u00edm\u0171 albuma.\u00a0 Ugyan ebben az \u00e9vben megkapta Transylvanian Music Awards d\u00edjat.\u00a0 <\/span><\/p>\n<p><span style=\"font-family: Arial,Helvetica,sans-serif;\">Szilvia vadonat\u00faj sl\u00e1gerei mellett, mint pl. a L\u00e1tom\u00e1s,\u00a0\u00a0 a H\u00edv a vil\u00e1g vagy a B\u00edbormad\u00e1r ism\u00e9t felhangzanak a r\u00e9gi, nagy NOX sl\u00e1gerek is.\u00a0 <\/span><\/p>\n<p><span style=\"font-family: Arial,Helvetica,sans-serif;\">2015-ben Sepsiszentgy\u00f6rgyben a Szent Gy\u00f6rgy napok alkalm\u00e1b\u00f3l 20.000 ember adott nagy siker\u0171 koncertet.\u00a0 <\/span><\/p>\n<p><span style=\"font-family: Arial,Helvetica,sans-serif;\">Leg\u00fajabb \u00f6n\u00e1ll\u00f3 albuma 2016-ban v\u00e1rhat\u00f3.\u00a0 <\/span><\/p>\n<p><span style=\"font-family: Arial,Helvetica,sans-serif;\">P\u00e9ter Szab\u00f3 Szilvia m\u0171sora megrendelhet\u0151 az <a href=\"mailto:info@szikorarendezoiroda.hu\">info@szikorarendezoiroda.hu<\/a> email c\u00edmen vagy a 06.30.250.68.58 \u2013 as telefonsz\u00e1mon.<\/span><\/p>\n<p>&nbsp;<\/p>\n<p>&nbsp;<\/p>\n<p><iframe loading=\"lazy\" width=\"800\" height=\"450\" src=\"https:\/\/www.youtube.com\/embed\/T8kjW7cp4XY?feature=oembed\" frameborder=\"0\" allowfullscreen><\/iframe><\/p>\n<div style=\"clear: both; display: block; text-align:center; margin-left: auto; margin-right: auto;\"><img loading=\"lazy\" decoding=\"async\" src=\"http:\/\/www.szikorarendezoiroda.hu\/szikora\/wp-content\/plugins\/contact-form-lite\/inc\/images\/ajax-loader.gif\" width=\"32\" height=\"32\"\/><\/div>\n","protected":false},"excerpt":{"rendered":"<p>&nbsp; &nbsp; H\u00e1romszoros dupla platina \u00e9s aranylemezes, megannyi rangos d\u00edjat bes\u00f6pr\u0151, sz\u00e1mtalan listavezet\u0151 dalt mag\u00e1nak tudhat\u00f3 \u00e9s Magyarorsz\u00e1gon kiv\u00e9tel n\u00e9lk\u00fcl csak telt h\u00e1zas koncertet ad\u00f3 egykori NOX zenekar frontembere \u00e9s <a class=\"more-link\" href=\"http:\/\/www.szikorarendezoiroda.hu\/szikora\/tancdal-retro-pop\/peter-szabo-szilvia\/\">A folytat&aacute;s olvas&aacute;sa &rarr;<\/a><\/p>\n","protected":false},"author":1,"featured_media":2251,"parent":20,"menu_order":0,"comment_status":"open","ping_status":"open","template":"","meta":{"footnotes":""},"aioseo_notices":[],"_links":{"self":[{"href":"http:\/\/www.szikorarendezoiroda.hu\/szikora\/wp-json\/wp\/v2\/pages\/1632"}],"collection":[{"href":"http:\/\/www.szikorarendezoiroda.hu\/szikora\/wp-json\/wp\/v2\/pages"}],"about":[{"href":"http:\/\/www.szikorarendezoiroda.hu\/szikora\/wp-json\/wp\/v2\/types\/page"}],"author":[{"embeddable":true,"href":"http:\/\/www.szikorarendezoiroda.hu\/szikora\/wp-json\/wp\/v2\/users\/1"}],"replies":[{"embeddable":true,"href":"http:\/\/www.szikorarendezoiroda.hu\/szikora\/wp-json\/wp\/v2\/comments?post=1632"}],"version-history":[{"count":5,"href":"http:\/\/www.szikorarendezoiroda.hu\/szikora\/wp-json\/wp\/v2\/pages\/1632\/revisions"}],"predecessor-version":[{"id":2728,"href":"http:\/\/www.szikorarendezoiroda.hu\/szikora\/wp-json\/wp\/v2\/pages\/1632\/revisions\/2728"}],"up":[{"embeddable":true,"href":"http:\/\/www.szikorarendezoiroda.hu\/szikora\/wp-json\/wp\/v2\/pages\/20"}],"wp:featuredmedia":[{"embeddable":true,"href":"http:\/\/www.szikorarendezoiroda.hu\/szikora\/wp-json\/wp\/v2\/media\/2251"}],"wp:attachment":[{"href":"http:\/\/www.szikorarendezoiroda.hu\/szikora\/wp-json\/wp\/v2\/media?parent=1632"}],"curies":[{"name":"wp","href":"https:\/\/api.w.org\/{rel}","templated":true}]}}

PÉTER SZABÓ SZILVIA

<p>&nbsp;</p>
<p>&nbsp;</p>
<p><span style="font-family: Arial,Helvetica,sans-serif;">Háromszoros dupla platina és aranylemezes, megannyi rangos díjat besöprő, számtalan listavezető dalt magának tudható és Magyarországon kivétel nélkül csak telt házas koncertet adó egykori NOX zenekar frontembere és énekesnője.</span></p>
<p><span style="font-family: Arial,Helvetica,sans-serif;">Ismét saját zenekarral és páratlanul látványos produkcióval hódítja meg az országot.  </span></p>
<p><span style="font-family: Arial,Helvetica,sans-serif;">2013–ban jelent meg külföldön a  REVOLUTION című albuma.  Ugyan ebben az évben megkapta Transylvanian Music Awards díjat.  </span></p>
<p><span style="font-family: Arial,Helvetica,sans-serif;">Szilvia vadonatúj slágerei mellett, mint pl. a Látomás,   a Hív a világ vagy a Bíbormadár ismét felhangzanak a régi, nagy NOX slágerek is.  </span></p>
<p><span style="font-family: Arial,Helvetica,sans-serif;">2015-ben Sepsiszentgyörgyben a Szent György napok alkalmából 20.000 ember adott nagy sikerű koncertet.  </span></p>
<p><span style="font-family: Arial,Helvetica,sans-serif;">Legújabb önálló albuma 2016-ban várható.  </span></p>
<p><span style="font-family: Arial,Helvetica,sans-serif;">Péter Szabó Szilvia műsora megrendelhető az <a href="mailto:info@szikorarendezoiroda.hu">info@szikorarendezoiroda.hu</a> email címen vagy a 06.30.250.68.58 – as telefonszámon.</span></p>
<p>&nbsp;</p>
<p>&nbsp;</p>
<p><iframe loading="lazy" width="800" height="450" src="https://www.youtube.com/embed/T8kjW7cp4XY?feature=oembed" frameborder="0" allowfullscreen></iframe></p>
<div style="clear: both; display: block; text-align:center; margin-left: auto; margin-right: auto;"><img loading="lazy" decoding="async" src="http://www.szikorarendezoiroda.hu/szikora/wp-content/plugins/contact-form-lite/inc/images/ajax-loader.gif" width="32" height="32"/></div>

<p>&nbsp; &nbsp; Háromszoros dupla platina és aranylemezes, megannyi rangos díjat besöprő, számtalan listavezető dalt magának tudható és Magyarországon kivétel nélkül csak telt házas koncertet adó egykori NOX zenekar frontembere és <a class="more-link" href="http://www.szikorarendezoiroda.hu/szikora/tancdal-retro-pop/peter-szabo-szilvia/">A folytat&aacute;s olvas&aacute;sa &rarr;</a></p>
