{"id":1629,"date":"2015-06-03T07:05:23","date_gmt":"2015-06-03T07:05:23","guid":{"rendered":"http:\/\/www.szikorarendezoiroda.hu\/szikora\/?page_id=1629"},"modified":"2018-08-03T03:57:10","modified_gmt":"2018-08-03T03:57:10","slug":"pal-denes","status":"publish","type":"page","link":"http:\/\/www.szikorarendezoiroda.hu\/szikora\/tancdal-retro-pop\/pal-denes\/","title":{"rendered":"P\u00c1L D\u00c9NES"},"content":{"rendered":"<p>&nbsp;<\/p>\n<p><span style=\"font-family: Georgia,Palatino; font-size: 12pt;\">A nagysiker\u0171 Voice m\u0171sor gy\u0151ztese. Hamar a sl\u00e1gerlist\u00e1k \u00e9l\u00e9re ker\u00fclt a &#8222;Sz\u00e9lt\u0151l is \u00f3vlak&#8221; c\u00edm\u0171 dal\u00e1val.<\/span><\/p>\n<p><iframe loading=\"lazy\" width=\"800\" height=\"450\" src=\"https:\/\/www.youtube.com\/embed\/ew9GdL8ms7M?feature=oembed\" frameborder=\"0\" allowfullscreen><\/iframe><\/p>\n","protected":false},"excerpt":{"rendered":"<p>&nbsp; A nagysiker\u0171 Voice m\u0171sor gy\u0151ztese. Hamar a sl\u00e1gerlist\u00e1k \u00e9l\u00e9re ker\u00fclt a &#8222;Sz\u00e9lt\u0151l is \u00f3vlak&#8221; c\u00edm\u0171 dal\u00e1val.<\/p>\n","protected":false},"author":1,"featured_media":1630,"parent":20,"menu_order":0,"comment_status":"open","ping_status":"open","template":"","meta":{"footnotes":""},"aioseo_notices":[],"_links":{"self":[{"href":"http:\/\/www.szikorarendezoiroda.hu\/szikora\/wp-json\/wp\/v2\/pages\/1629"}],"collection":[{"href":"http:\/\/www.szikorarendezoiroda.hu\/szikora\/wp-json\/wp\/v2\/pages"}],"about":[{"href":"http:\/\/www.szikorarendezoiroda.hu\/szikora\/wp-json\/wp\/v2\/types\/page"}],"author":[{"embeddable":true,"href":"http:\/\/www.szikorarendezoiroda.hu\/szikora\/wp-json\/wp\/v2\/users\/1"}],"replies":[{"embeddable":true,"href":"http:\/\/www.szikorarendezoiroda.hu\/szikora\/wp-json\/wp\/v2\/comments?post=1629"}],"version-history":[{"count":2,"href":"http:\/\/www.szikorarendezoiroda.hu\/szikora\/wp-json\/wp\/v2\/pages\/1629\/revisions"}],"predecessor-version":[{"id":2726,"href":"http:\/\/www.szikorarendezoiroda.hu\/szikora\/wp-json\/wp\/v2\/pages\/1629\/revisions\/2726"}],"up":[{"embeddable":true,"href":"http:\/\/www.szikorarendezoiroda.hu\/szikora\/wp-json\/wp\/v2\/pages\/20"}],"wp:featuredmedia":[{"embeddable":true,"href":"http:\/\/www.szikorarendezoiroda.hu\/szikora\/wp-json\/wp\/v2\/media\/1630"}],"wp:attachment":[{"href":"http:\/\/www.szikorarendezoiroda.hu\/szikora\/wp-json\/wp\/v2\/media?parent=1629"}],"curies":[{"name":"wp","href":"https:\/\/api.w.org\/{rel}","templated":true}]}}