{"id":1616,"date":"2015-06-03T06:58:24","date_gmt":"2015-06-03T06:58:24","guid":{"rendered":"http:\/\/www.szikorarendezoiroda.hu\/szikora\/?page_id=1616"},"modified":"2018-08-03T03:55:10","modified_gmt":"2018-08-03T03:55:10","slug":"miller-zoltan","status":"publish","type":"page","link":"http:\/\/www.szikorarendezoiroda.hu\/szikora\/tancdal-retro-pop\/miller-zoltan\/","title":{"rendered":"MILLER ZOLT\u00c1N"},"content":{"rendered":"<p>&nbsp;<\/p>\n<p><span style=\"font-family: Georgia,Palatino; font-size: 12pt;\">Sz\u00edn\u00e9sz-\u00e9nekes, az \u201eEmberek\u201d zenekar \u00e9nekese, sz\u00e1mtalan musical szerep eml\u00e9kezetes alak\u00edt\u00f3ja. \u201eFeh\u00e9r \u00e9s fekete\u201d c\u00edmmel 2008-ban megjelent albuma ma is a sikeres CD-k \u00e9lvonal\u00e1ban van.<\/span><\/p>\n<p><iframe loading=\"lazy\" width=\"800\" height=\"450\" src=\"https:\/\/www.youtube.com\/embed\/PxdHo0NnuVE?feature=oembed\" frameborder=\"0\" allowfullscreen><\/iframe><\/p>\n","protected":false},"excerpt":{"rendered":"<p>&nbsp; Sz\u00edn\u00e9sz-\u00e9nekes, az \u201eEmberek\u201d zenekar \u00e9nekese, sz\u00e1mtalan musical szerep eml\u00e9kezetes alak\u00edt\u00f3ja. \u201eFeh\u00e9r \u00e9s fekete\u201d c\u00edmmel 2008-ban megjelent albuma ma is a sikeres CD-k \u00e9lvonal\u00e1ban van.<\/p>\n","protected":false},"author":1,"featured_media":1617,"parent":20,"menu_order":0,"comment_status":"open","ping_status":"open","template":"","meta":{"footnotes":""},"aioseo_notices":[],"_links":{"self":[{"href":"http:\/\/www.szikorarendezoiroda.hu\/szikora\/wp-json\/wp\/v2\/pages\/1616"}],"collection":[{"href":"http:\/\/www.szikorarendezoiroda.hu\/szikora\/wp-json\/wp\/v2\/pages"}],"about":[{"href":"http:\/\/www.szikorarendezoiroda.hu\/szikora\/wp-json\/wp\/v2\/types\/page"}],"author":[{"embeddable":true,"href":"http:\/\/www.szikorarendezoiroda.hu\/szikora\/wp-json\/wp\/v2\/users\/1"}],"replies":[{"embeddable":true,"href":"http:\/\/www.szikorarendezoiroda.hu\/szikora\/wp-json\/wp\/v2\/comments?post=1616"}],"version-history":[{"count":2,"href":"http:\/\/www.szikorarendezoiroda.hu\/szikora\/wp-json\/wp\/v2\/pages\/1616\/revisions"}],"predecessor-version":[{"id":2721,"href":"http:\/\/www.szikorarendezoiroda.hu\/szikora\/wp-json\/wp\/v2\/pages\/1616\/revisions\/2721"}],"up":[{"embeddable":true,"href":"http:\/\/www.szikorarendezoiroda.hu\/szikora\/wp-json\/wp\/v2\/pages\/20"}],"wp:featuredmedia":[{"embeddable":true,"href":"http:\/\/www.szikorarendezoiroda.hu\/szikora\/wp-json\/wp\/v2\/media\/1617"}],"wp:attachment":[{"href":"http:\/\/www.szikorarendezoiroda.hu\/szikora\/wp-json\/wp\/v2\/media?parent=1616"}],"curies":[{"name":"wp","href":"https:\/\/api.w.org\/{rel}","templated":true}]}}

MILLER ZOLTÁN

<p>&nbsp;</p>
<p><span style="font-family: Georgia,Palatino; font-size: 12pt;">Színész-énekes, az „Emberek” zenekar énekese, számtalan musical szerep emlékezetes alakítója. „Fehér és fekete” címmel 2008-ban megjelent albuma ma is a sikeres CD-k élvonalában van.</span></p>
<p><iframe loading="lazy" width="800" height="450" src="https://www.youtube.com/embed/PxdHo0NnuVE?feature=oembed" frameborder="0" allowfullscreen></iframe></p>

<p>&nbsp; Színész-énekes, az „Emberek” zenekar énekese, számtalan musical szerep emlékezetes alakítója. „Fehér és fekete” címmel 2008-ban megjelent albuma ma is a sikeres CD-k élvonalában van.</p>
